-- Table structure for table `imap_attachments`
--

CREATE TABLE `imap_attachments` (
  `id` bigint unsigned NOT NULL AUTO_INCREMENT,
  `email_id` bigint unsigned NOT NULL,
  `filename` varchar(255) COLLATE utf8mb4_unicode_ci NOT NULL,
  `path` text COLLATE utf8mb4_unicode_ci,
  `mime` varchar(100) COLLATE utf8mb4_unicode_ci NOT NULL,
  `size` int unsigned DEFAULT NULL,
  `created_at` timestamp NULL DEFAULT NULL,
  `updated_at` timestamp NULL DEFAULT NULL,
  `deleted_at` timestamp NULL DEFAULT NULL,
  PRIMARY KEY (`id`),
  KEY `imap_attachments_email_id_index` (`email_id`),
  CONSTRAINT `imap_attachments_email_id_foreign` FOREIGN KEY (`email_id`) REFERENCES `imap_emails` (`id`) ON DELETE CASCADE
) ENGINE=InnoDB DEFAULT CHARSET=utf8mb4 COLLATE=utf8mb4_unicode_ci;

--
-- Dumping data for table `imap_attachments`
--


--
-- Table structure for table `imap_contacts`
--

CREATE TABLE `imap_contacts` (
  `email` varchar(255) COLLATE utf8mb4_unicode_ci NOT NULL,
  `name` varchar(255) COLLATE utf8mb4_unicode_ci DEFAULT NULL,
  PRIMARY KEY (`email`),
  KEY `imap_contacts_name_index` (`name`)
) ENGINE=InnoDB DEFAULT CHARSET=utf8mb4 COLLATE=utf8mb4_unicode_ci;

--
-- Dumping data for table `imap_contacts`
--


--
-- Table structure for table `imap_email_accounts`
--

CREATE TABLE `imap_email_accounts` (
  `id` bigint unsigned NOT NULL AUTO_INCREMENT,
  `host` varchar(255) COLLATE utf8mb4_unicode_ci NOT NULL,
  `port` int NOT NULL,
  `encryption` varchar(50) COLLATE utf8mb4_unicode_ci NOT NULL,
  `username` varchar(150) COLLATE utf8mb4_unicode_ci NOT NULL,
  `password` varchar(255) COLLATE utf8mb4_unicode_ci NOT NULL,
  `folders` varchar(500) COLLATE utf8mb4_unicode_ci DEFAULT NULL,
  `discovered_folders` json DEFAULT NULL,
  `last_uid_inbox` int DEFAULT NULL,
  `last_uid_sent` int DEFAULT NULL,
  `is_main` tinyint(1) NOT NULL,
  `active` tinyint(1) NOT NULL,
  `created_at` timestamp NULL DEFAULT NULL,
  `updated_at` timestamp NULL DEFAULT NULL,
  `deleted_at` timestamp NULL DEFAULT NULL,
  `user_id` bigint unsigned DEFAULT NULL,
  `type` varchar(50) COLLATE utf8mb4_unicode_ci NOT NULL DEFAULT 'personal' COMMENT 'personal or central',
  PRIMARY KEY (`id`),
  KEY `imap_email_accounts_user_id_foreign` (`user_id`),
  CONSTRAINT `imap_email_accounts_user_id_foreign` FOREIGN KEY (`user_id`) REFERENCES `users` (`id`) ON DELETE CASCADE
) ENGINE=InnoDB AUTO_INCREMENT=2 DEFAULT CHARSET=utf8mb4 COLLATE=utf8mb4_unicode_ci;

--
-- Dumping data for table `imap_email_accounts`
--

INSERT INTO `imap_email_accounts` VALUES (1,'insb.gr',993,'ssl','dev-archive@insb.gr','!pass1234!','INBOX, Sent',NULL,NULL,NULL,1,1,'2026-05-12 14:02:40','2026-05-12 14:05:29',NULL,4,'personal');

--
-- Table structure for table `imap_emails`
--

CREATE TABLE `imap_emails` (
  `id` bigint unsigned NOT NULL AUTO_INCREMENT,
  `email_account_id` bigint unsigned NOT NULL,
  `thread_id` bigint unsigned NOT NULL,
  `message_id` varchar(255) COLLATE utf8mb4_unicode_ci NOT NULL,
  `subject` varchar(255) COLLATE utf8mb4_unicode_ci DEFAULT NULL,
  `from` varchar(255) COLLATE utf8mb4_unicode_ci DEFAULT NULL,
  `to` json DEFAULT NULL,
  `cc` json DEFAULT NULL,
  `bcc` json DEFAULT NULL,
  `reply_to` varchar(255) COLLATE utf8mb4_unicode_ci DEFAULT NULL,
  `date` datetime NOT NULL,
  `body_html` longtext COLLATE utf8mb4_unicode_ci,
  `body_text` longtext COLLATE utf8mb4_unicode_ci,
  `headers` json NOT NULL,
  `folder` varchar(50) COLLATE utf8mb4_unicode_ci NOT NULL,
  `in_reply_to` varchar(255) COLLATE utf8mb4_unicode_ci DEFAULT NULL,
  `references` json DEFAULT NULL,
  `uid` int NOT NULL,
  `is_read` tinyint(1) NOT NULL DEFAULT '0',
  `created_at` timestamp NULL DEFAULT NULL,
  `updated_at` timestamp NULL DEFAULT NULL,
  `deleted_at` timestamp NULL DEFAULT NULL,
  PRIMARY KEY (`id`),
  UNIQUE KEY `imap_emails_email_account_id_uid_folder_unique` (`email_account_id`,`uid`,`folder`),
  UNIQUE KEY `imap_emails_message_id_unique` (`message_id`),
  KEY `imap_emails_thread_id_index` (`thread_id`),
  KEY `imap_emails_message_id_index` (`message_id`),
  KEY `imap_emails_date_index` (`date`),
  KEY `imap_emails_from_index` (`from`),
  CONSTRAINT `imap_emails_email_account_id_foreign` FOREIGN KEY (`email_account_id`) REFERENCES `imap_email_accounts` (`id`) ON DELETE CASCADE,
  CONSTRAINT `imap_emails_thread_id_foreign` FOREIGN KEY (`thread_id`) REFERENCES `imap_threads` (`id`) ON DELETE CASCADE
) ENGINE=InnoDB DEFAULT CHARSET=utf8mb4 COLLATE=utf8mb4_unicode_ci;

--
-- Dumping data for table `imap_emails`
--


--
-- Table structure for table `imap_inline_images`
--

CREATE TABLE `imap_inline_images` (
  `id` bigint unsigned NOT NULL AUTO_INCREMENT,
  `email_id` bigint unsigned NOT NULL,
  `content_id` varchar(255) COLLATE utf8mb4_unicode_ci NOT NULL,
  `filename` varchar(255) COLLATE utf8mb4_unicode_ci NOT NULL,
  `path` text COLLATE utf8mb4_unicode_ci,
  `mime` varchar(100) COLLATE utf8mb4_unicode_ci NOT NULL,
  `size` int unsigned DEFAULT NULL,
  PRIMARY KEY (`id`),
  KEY `imap_inline_images_email_id_index` (`email_id`),
  KEY `imap_inline_images_content_id_index` (`content_id`),
  CONSTRAINT `imap_inline_images_email_id_foreign` FOREIGN KEY (`email_id`) REFERENCES `imap_emails` (`id`) ON DELETE CASCADE
) ENGINE=InnoDB DEFAULT CHARSET=utf8mb4 COLLATE=utf8mb4_unicode_ci;

--
-- Dumping data for table `imap_inline_images`
--


--
-- Table structure for table `imap_threads`
--

CREATE TABLE `imap_threads` (
  `id` bigint unsigned NOT NULL AUTO_INCREMENT,
  `subject` varchar(255) COLLATE utf8mb4_unicode_ci DEFAULT NULL,
  `created_at` timestamp NULL DEFAULT NULL,
  `updated_at` timestamp NULL DEFAULT NULL,
  PRIMARY KEY (`id`),
  KEY `imap_threads_subject_index` (`subject`)
) ENGINE=InnoDB DEFAULT CHARSET=utf8mb4 COLLATE=utf8mb4_unicode_ci;

--
-- Dumping data for table `imap_threads`
--


--
-- Table structure for table `instruction_histories`
--

CREATE TABLE `instruction_histories` (
  `id` bigint unsigned NOT NULL AUTO_INCREMENT,
  `assignment_id` bigint unsigned NOT NULL,
  `instruction_id` bigint unsigned DEFAULT NULL,
  `version` int unsigned NOT NULL,
  `action` varchar(50) COLLATE utf8mb4_unicode_ci NOT NULL,
  `snapshot` json NOT NULL,
  `changed_fields` json DEFAULT NULL,
  `updated_by` bigint unsigned DEFAULT NULL,
  `completed` tinyint(1) NOT NULL DEFAULT '0',
  `created_at` timestamp NULL DEFAULT NULL,
  `updated_at` timestamp NULL DEFAULT NULL,
  PRIMARY KEY (`id`),
  UNIQUE KEY `instruction_histories_assignment_id_version_unique` (`assignment_id`,`version`),
  KEY `instruction_histories_instruction_id_foreign` (`instruction_id`),
  KEY `instruction_histories_updated_by_foreign` (`updated_by`),
  CONSTRAINT `instruction_histories_assignment_id_foreign` FOREIGN KEY (`assignment_id`) REFERENCES `assignments` (`id`) ON DELETE CASCADE,
  CONSTRAINT `instruction_histories_instruction_id_foreign` FOREIGN KEY (`instruction_id`) REFERENCES `instructions` (`id`) ON DELETE SET NULL,
  CONSTRAINT `instruction_histories_updated_by_foreign` FOREIGN KEY (`updated_by`) REFERENCES `users` (`id`) ON DELETE SET NULL
) ENGINE=InnoDB AUTO_INCREMENT=5 DEFAULT CHARSET=utf8mb4 COLLATE=utf8mb4_unicode_ci;

--
-- Dumping data for table `instruction_histories`
--

INSERT INTO `instruction_histories` VALUES (1,1,1,1,'created','{\"assigned_by\": \"Nikos Voutsi\", \"instructions\": \"EDFEFD\", \"assigned_date\": \"2026-04-30\", \"lead_surveyor\": {\"id\": 1, \"name\": \"Sarah Surveyor (Coordinator)\"}, \"place_of_audit\": null, \"tentative_date\": null, \"flag_notifications\": {\"details\": \"DFAEDFA\"}, \"instruction_number\": \"APPR-0001-2026-04-30\", \"secondary_surveyor\": {\"id\": null, \"name\": null}, \"technical_committe_ref\": \"REF-123\", \"technical_instructions\": {\"39\": {\"notes\": \"\\\"[\\\\\\\"1. The vessel must comply with MSC.1\\\\\\\\/Circ.1571 amendments effective 01\\\\\\\\/01\\\\\\\\/2024 regarding fire safety systems.\\\\\\\",\\\\\\\"2. EPIRB battery replacement due if manufacturing date exceeds 5 years.\\\\\\\",\\\\\\\"3. Immersion suits required for all crew \\\\\\\\u2014 verify condition and quantity.\\\\\\\",\\\\\\\"4. Ensure SOLAS Training Manual is updated and available onboard.\\\\\\\"]\\\"\", \"reports\": \"\\\"[\\\\\\\"1215225-SE \\\\\\\\/ 01-2025 \\\\\\\\u2014 Safety Equipment Survey Report\\\\\\\",\\\\\\\"1215225-FF \\\\\\\\/ 01-2025 \\\\\\\\u2014 Fire Fighting Equipment Report\\\\\\\",\\\\\\\"1215225-LSA \\\\\\\\/ 01-2025 \\\\\\\\u2014 Life-Saving Appliances Report\\\\\\\"]\\\"\", \"guidance\": \"\\\"[\\\\\\\"Renewal Safety Equipment survey according to SOLAS Chapter III, Regulation 20. Verify all life-saving appliances, fire-fighting equipment, and navigation systems are in compliance with current INSB Class regulations and applicable IMO amendments. Special attention to: (a) Lifeboat launching arrangements and release mechanisms, (b) Life-raft hydrostatic release units \\\\\\\\u2014 verify service dates, (c) Fire detection systems in accommodation and machinery spaces, (d) Emergency lighting and marking of escape routes, (e) Pyrotechnics \\\\\\\\u2014 verify expiry dates.\\\\\\\"]\\\"\", \"references\": \"\\\"[\\\\\\\"SOLAS Chapter III, Regulation 20\\\\\\\",\\\\\\\"MSC.1\\\\\\\\/Circ.1571\\\\\\\",\\\\\\\"INSB Class Rules Chapter 8, Section 3\\\\\\\"]\\\"\", \"survey_type\": \"Initial\", \"certificates\": \"\\\"[\\\\\\\"Safety Equipment Certificate \\\\\\\\u2014 Full Term (5 years)\\\\\\\",\\\\\\\"Exemption Certificate (if applicable)\\\\\\\"]\\\"\", \"survey_type_id\": 39, \"supporting_docs\": null, \"assigned_surveyor\": {\"id\": 1, \"name\": \"Sarah Surveyor (Coordinator)\"}, \"additional_remarks\": \"If vessel carries dangerous goods, verify Document of Compliance for carriage of dangerous goods is valid.\"}}, \"technical_committe_date\": \"2026-04-30\", \"classification_committe_ref\": \"REF-123\", \"classification_committe_date\": \"2026-04-30\", \"classification_committe_reference_date\": \"2026-04-30\", \"classification_committe_incoming_reference\": \"DFSD\"}','{\"assigned_by\": {\"to\": \"Nikos Voutsi\", \"from\": null}, \"instructions\": {\"to\": \"EDFEFD\", \"from\": null}, \"assigned_date\": {\"to\": \"2026-04-30\", \"from\": null}, \"lead_surveyor\": {\"to\": {\"id\": 1, \"name\": \"Sarah Surveyor (Coordinator)\"}, \"from\": null}, \"flag_notifications\": {\"to\": {\"details\": \"DFAEDFA\"}, \"from\": null}, \"instruction_number\": {\"to\": \"APPR-0001-2026-04-30\", \"from\": null}, \"secondary_surveyor\": {\"to\": {\"id\": null, \"name\": null}, \"from\": null}, \"technical_committe_ref\": {\"to\": \"REF-123\", \"from\": null}, \"technical_instructions\": {\"to\": {\"39\": {\"notes\": \"\\\"[\\\\\\\"1. The vessel must comply with MSC.1\\\\\\\\/Circ.1571 amendments effective 01\\\\\\\\/01\\\\\\\\/2024 regarding fire safety systems.\\\\\\\",\\\\\\\"2. EPIRB battery replacement due if manufacturing date exceeds 5 years.\\\\\\\",\\\\\\\"3. Immersion suits required for all crew \\\\\\\\u2014 verify condition and quantity.\\\\\\\",\\\\\\\"4. Ensure SOLAS Training Manual is updated and available onboard.\\\\\\\"]\\\"\", \"reports\": \"\\\"[\\\\\\\"1215225-SE \\\\\\\\/ 01-2025 \\\\\\\\u2014 Safety Equipment Survey Report\\\\\\\",\\\\\\\"1215225-FF \\\\\\\\/ 01-2025 \\\\\\\\u2014 Fire Fighting Equipment Report\\\\\\\",\\\\\\\"1215225-LSA \\\\\\\\/ 01-2025 \\\\\\\\u2014 Life-Saving Appliances Report\\\\\\\"]\\\"\", \"guidance\": \"\\\"[\\\\\\\"Renewal Safety Equipment survey according to SOLAS Chapter III, Regulation 20. Verify all life-saving appliances, fire-fighting equipment, and navigation systems are in compliance with current INSB Class regulations and applicable IMO amendments. Special attention to: (a) Lifeboat launching arrangements and release mechanisms, (b) Life-raft hydrostatic release units \\\\\\\\u2014 verify service dates, (c) Fire detection systems in accommodation and machinery spaces, (d) Emergency lighting and marking of escape routes, (e) Pyrotechnics \\\\\\\\u2014 verify expiry dates.\\\\\\\"]\\\"\", \"references\": \"\\\"[\\\\\\\"SOLAS Chapter III, Regulation 20\\\\\\\",\\\\\\\"MSC.1\\\\\\\\/Circ.1571\\\\\\\",\\\\\\\"INSB Class Rules Chapter 8, Section 3\\\\\\\"]\\\"\", \"survey_type\": \"Initial\", \"certificates\": \"\\\"[\\\\\\\"Safety Equipment Certificate \\\\\\\\u2014 Full Term (5 years)\\\\\\\",\\\\\\\"Exemption Certificate (if applicable)\\\\\\\"]\\\"\", \"survey_type_id\": 39, \"supporting_docs\": null, \"assigned_surveyor\": {\"id\": 1, \"name\": \"Sarah Surveyor (Coordinator)\"}, \"additional_remarks\": \"If vessel carries dangerous goods, verify Document of Compliance for carriage of dangerous goods is valid.\"}}, \"from\": null}, \"technical_committe_date\": {\"to\": \"2026-04-30\", \"from\": null}, \"classification_committe_ref\": {\"to\": \"REF-123\", \"from\": null}, \"classification_committe_date\": {\"to\": \"2026-04-30\", \"from\": null}, \"classification_committe_reference_date\": {\"to\": \"2026-04-30\", \"from\": null}, \"classification_committe_incoming_reference\": {\"to\": \"DFSD\", \"from\": null}}',1,1,'2026-04-30 11:03:42','2026-04-30 11:03:42'),(2,5,2,1,'created','{\"assigned_by\": null, \"instructions\": null, \"assigned_date\": null, \"lead_surveyor\": {\"id\": null, \"name\": null}, \"place_of_audit\": null, \"tentative_date\": null, \"flag_notifications\": {\"details\": null}, \"instruction_number\": \"GFSD-0006-2026-05-07\", \"secondary_surveyor\": {\"id\": null, \"name\": null}, \"technical_committe_ref\": null, \"technical_instructions\": {\"39\": {\"notes\": null, \"reports\": null, \"guidance\": null, \"references\": null, \"survey_type\": \"Initial\", \"certificates\": null, \"survey_type_id\": 39, \"supporting_docs\": null, \"assigned_surveyor\": {\"id\": null, \"name\": null}, \"additional_remarks\": null}}, \"technical_committe_date\": null, \"classification_committe_ref\": null, \"classification_committe_date\": null, \"classification_committe_reference_date\": null, \"classification_committe_incoming_reference\": null}','{\"lead_surveyor\": {\"to\": {\"id\": null, \"name\": null}, \"from\": null}, \"flag_notifications\": {\"to\": {\"details\": null}, \"from\": null}, \"instruction_number\": {\"to\": \"GFSD-0006-2026-05-07\", \"from\": null}, \"secondary_surveyor\": {\"to\": {\"id\": null, \"name\": null}, \"from\": null}, \"technical_instructions\": {\"to\": {\"39\": {\"notes\": null, \"reports\": null, \"guidance\": null, \"references\": null, \"survey_type\": \"Initial\", \"certificates\": null, \"survey_type_id\": 39, \"supporting_docs\": null, \"assigned_surveyor\": {\"id\": null, \"name\": null}, \"additional_remarks\": null}}, \"from\": null}}',1,1,'2026-05-07 13:46:32','2026-05-07 13:46:32'),(3,13,5,1,'created','{\"assigned_by\": \"Nikos Voutsi\", \"instructions\": \"SRFDDFSD\", \"assigned_date\": \"2026-05-13\", \"lead_surveyor\": {\"id\": 1, \"name\": \"Sarah Surveyor (Coordinator)\"}, \"place_of_audit\": \"DUBAI\", \"tentative_date\": null, \"flag_notifications\": {\"details\": \"SVDS SSSD\"}, \"instruction_number\": \"SSCD-0005-2026-05-13\", \"secondary_surveyor\": {\"id\": null, \"name\": null}, \"technical_committe_ref\": \"REF-1234\", \"technical_instructions\": {\"39\": {\"notes\": \"\\\"[\\\\\\\"1. The vessel must comply with MSC.1\\\\\\\\/Circ.1571 amendments effective 01\\\\\\\\/01\\\\\\\\/2024 regarding fire safety systems.\\\\\\\",\\\\\\\"2. EPIRB battery replacement due if manufacturing date exceeds 5 years.\\\\\\\",\\\\\\\"3. Immersion suits required for all crew \\\\\\\\u2014 verify condition and quantity.\\\\\\\",\\\\\\\"4. Ensure SOLAS Training Manual is updated and available onboard.\\\\\\\"]\\\"\", \"reports\": \"\\\"[\\\\\\\"1215225-SE \\\\\\\\/ 01-2025 \\\\\\\\u2014 Safety Equipment Survey Report\\\\\\\",\\\\\\\"1215225-FF \\\\\\\\/ 01-2025 \\\\\\\\u2014 Fire Fighting Equipment Report\\\\\\\",\\\\\\\"1215225-LSA \\\\\\\\/ 01-2025 \\\\\\\\u2014 Life-Saving Appliances Report\\\\\\\"]\\\"\", \"guidance\": \"\\\"[\\\\\\\"Renewal Safety Equipment survey according to SOLAS Chapter III, Regulation 20. Verify all life-saving appliances, fire-fighting equipment, and navigation systems are in compliance with current INSB Class regulations and applicable IMO amendments. Special attention to: (a) Lifeboat launching arrangements and release mechanisms, (b) Life-raft hydrostatic release units \\\\\\\\u2014 verify service dates, (c) Fire detection systems in accommodation and machinery spaces, (d) Emergency lighting and marking of escape routes, (e) Pyrotechnics \\\\\\\\u2014 verify expiry dates.\\\\\\\"]\\\"\", \"references\": \"\\\"[\\\\\\\"SOLAS Chapter III, Regulation 20\\\\\\\",\\\\\\\"MSC.1\\\\\\\\/Circ.1571\\\\\\\",\\\\\\\"INSB Class Rules Chapter 8, Section 3\\\\\\\"]\\\"\", \"survey_type\": \"Initial\", \"certificates\": \"\\\"[\\\\\\\"Safety Equipment Certificate \\\\\\\\u2014 Full Term (5 years)\\\\\\\",\\\\\\\"Exemption Certificate (if applicable)\\\\\\\"]\\\"\", \"survey_type_id\": 39, \"supporting_docs\": null, \"assigned_surveyor\": {\"id\": 1, \"name\": \"Sarah Surveyor (Coordinator)\"}, \"additional_remarks\": \"If vessel carries dangerous goods, verify Document of Compliance for carriage of dangerous goods is valid.\"}}, \"technical_committe_date\": \"2026-05-13\", \"classification_committe_ref\": \"REF-1234\", \"classification_committe_date\": \"2026-05-13\", \"classification_committe_reference_date\": \"2026-05-13\", \"classification_committe_incoming_reference\": null}','{\"assigned_by\": {\"to\": \"Nikos Voutsi\", \"from\": null}, \"instructions\": {\"to\": \"SRFDDFSD\", \"from\": null}, \"assigned_date\": {\"to\": \"2026-05-13\", \"from\": null}, \"lead_surveyor\": {\"to\": {\"id\": 1, \"name\": \"Sarah Surveyor (Coordinator)\"}, \"from\": null}, \"place_of_audit\": {\"to\": \"DUBAI\", \"from\": null}, \"flag_notifications\": {\"to\": {\"details\": \"SVDS SSSD\"}, \"from\": null}, \"instruction_number\": {\"to\": \"SSCD-0005-2026-05-13\", \"from\": null}, \"secondary_surveyor\": {\"to\": {\"id\": null, \"name\": null}, \"from\": null}, \"technical_committe_ref\": {\"to\": \"REF-1234\", \"from\": null}, \"technical_instructions\": {\"to\": {\"39\": {\"notes\": \"\\\"[\\\\\\\"1. The vessel must comply with MSC.1\\\\\\\\/Circ.1571 amendments effective 01\\\\\\\\/01\\\\\\\\/2024 regarding fire safety systems.\\\\\\\",\\\\\\\"2. EPIRB battery replacement due if manufacturing date exceeds 5 years.\\\\\\\",\\\\\\\"3. Immersion suits required for all crew \\\\\\\\u2014 verify condition and quantity.\\\\\\\",\\\\\\\"4. Ensure SOLAS Training Manual is updated and available onboard.\\\\\\\"]\\\"\", \"reports\": \"\\\"[\\\\\\\"1215225-SE \\\\\\\\/ 01-2025 \\\\\\\\u2014 Safety Equipment Survey Report\\\\\\\",\\\\\\\"1215225-FF \\\\\\\\/ 01-2025 \\\\\\\\u2014 Fire Fighting Equipment Report\\\\\\\",\\\\\\\"1215225-LSA \\\\\\\\/ 01-2025 \\\\\\\\u2014 Life-Saving Appliances Report\\\\\\\"]\\\"\", \"guidance\": \"\\\"[\\\\\\\"Renewal Safety Equipment survey according to SOLAS Chapter III, Regulation 20. Verify all life-saving appliances, fire-fighting equipment, and navigation systems are in compliance with current INSB Class regulations and applicable IMO amendments. Special attention to: (a) Lifeboat launching arrangements and release mechanisms, (b) Life-raft hydrostatic release units \\\\\\\\u2014 verify service dates, (c) Fire detection systems in accommodation and machinery spaces, (d) Emergency lighting and marking of escape routes, (e) Pyrotechnics \\\\\\\\u2014 verify expiry dates.\\\\\\\"]\\\"\", \"references\": \"\\\"[\\\\\\\"SOLAS Chapter III, Regulation 20\\\\\\\",\\\\\\\"MSC.1\\\\\\\\/Circ.1571\\\\\\\",\\\\\\\"INSB Class Rules Chapter 8, Section 3\\\\\\\"]\\\"\", \"survey_type\": \"Initial\", \"certificates\": \"\\\"[\\\\\\\"Safety Equipment Certificate \\\\\\\\u2014 Full Term (5 years)\\\\\\\",\\\\\\\"Exemption Certificate (if applicable)\\\\\\\"]\\\"\", \"survey_type_id\": 39, \"supporting_docs\": null, \"assigned_surveyor\": {\"id\": 1, \"name\": \"Sarah Surveyor (Coordinator)\"}, \"additional_remarks\": \"If vessel carries dangerous goods, verify Document of Compliance for carriage of dangerous goods is valid.\"}}, \"from\": null}, \"technical_committe_date\": {\"to\": \"2026-05-13\", \"from\": null}, \"classification_committe_ref\": {\"to\": \"REF-1234\", \"from\": null}, \"classification_committe_date\": {\"to\": \"2026-05-13\", \"from\": null}, \"classification_committe_reference_date\": {\"to\": \"2026-05-13\", \"from\": null}}',1,1,'2026-05-13 06:48:06','2026-05-13 06:48:06'),(4,14,6,1,'created','{\"assigned_by\": null, \"instructions\": null, \"assigned_date\": null, \"lead_surveyor\": {\"id\": null, \"name\": null}, \"place_of_audit\": null, \"tentative_date\": null, \"flag_notifications\": {\"details\": null}, \"instruction_number\": \"TEEPD-0001-2026-05-13\", \"secondary_surveyor\": {\"id\": null, \"name\": null}, \"technical_committe_ref\": null, \"technical_instructions\": [], \"technical_committe_date\": null, \"classification_committe_ref\": null, \"classification_committe_date\": null, \"classification_committe_reference_date\": null, \"classification_committe_incoming_reference\": null}','{\"lead_surveyor\": {\"to\": {\"id\": null, \"name\": null}, \"from\": null}, \"flag_notifications\": {\"to\": {\"details\": null}, \"from\": null}, \"instruction_number\": {\"to\": \"TEEPD-0001-2026-05-13\", \"from\": null}, \"secondary_surveyor\": {\"to\": {\"id\": null, \"name\": null}, \"from\": null}, \"technical_instructions\": {\"to\": [], \"from\": null}}',1,1,'2026-05-13 10:50:15','2026-05-13 10:50:15');

--
-- Table structure for table `instructions`
--

CREATE TABLE `instructions` (
  `id` bigint unsigned NOT NULL AUTO_INCREMENT,
  `instruction_number` varchar(255) COLLATE utf8mb4_unicode_ci DEFAULT NULL,
  `classification_committe_date` date DEFAULT NULL,
  `classification_committe_ref` varchar(255) COLLATE utf8mb4_unicode_ci DEFAULT NULL,
  `classification_committe_reference_date` date DEFAULT NULL,
  `classification_committe_incoming_reference` varchar(255) COLLATE utf8mb4_unicode_ci DEFAULT NULL,
  `technical_committe_ref` varchar(255) COLLATE utf8mb4_unicode_ci DEFAULT NULL,
  `technical_committe_date` date DEFAULT NULL,
  `assignment_id` bigint unsigned NOT NULL,
  `lead_surveyor_id` bigint unsigned DEFAULT NULL,
  `secondary_surveyor_id` bigint unsigned DEFAULT NULL,
  `assigned_by` varchar(255) COLLATE utf8mb4_unicode_ci DEFAULT NULL,
  `assigned_date` date DEFAULT NULL,
  `place_of_audit` varchar(255) COLLATE utf8mb4_unicode_ci DEFAULT NULL,
  `tentative_date` date DEFAULT NULL,
  `instructions` text COLLATE utf8mb4_unicode_ci,
  `flag_notifications` json DEFAULT NULL,
  `created_at` timestamp NULL DEFAULT NULL,
  `updated_at` timestamp NULL DEFAULT NULL,
  PRIMARY KEY (`id`),
  KEY `instructions_assignment_id_index` (`assignment_id`),
  KEY `instructions_lead_surveyor_id_index` (`lead_surveyor_id`),
  KEY `instructions_secondary_surveyor_id_index` (`secondary_surveyor_id`),
  CONSTRAINT `instructions_assignment_id_foreign` FOREIGN KEY (`assignment_id`) REFERENCES `assignments` (`id`) ON DELETE CASCADE,
  CONSTRAINT `instructions_lead_surveyor_id_foreign` FOREIGN KEY (`lead_surveyor_id`) REFERENCES `surveyors` (`id`) ON DELETE SET NULL,
  CONSTRAINT `instructions_secondary_surveyor_id_foreign` FOREIGN KEY (`secondary_surveyor_id`) REFERENCES `surveyors` (`id`) ON DELETE SET NULL
) ENGINE=InnoDB AUTO_INCREMENT=7 DEFAULT CHARSET=utf8mb4 COLLATE=utf8mb4_unicode_ci;

--
-- Dumping data for table `instructions`
--

INSERT INTO `instructions` VALUES (1,'APPR-0001-2026-04-30','2026-04-30','REF-123','2026-04-30','DFSD','REF-123','2026-04-30',1,1,NULL,'Nikos Voutsi','2026-04-30',NULL,NULL,'EDFEFD','{\"details\": \"DFAEDFA\"}','2026-04-30 11:03:42','2026-04-30 11:03:42'),(2,'GFSD-0006-2026-05-07',NULL,NULL,NULL,NULL,NULL,NULL,5,NULL,NULL,NULL,NULL,NULL,NULL,NULL,'{\"details\": null}','2026-05-07 13:46:32','2026-05-07 13:46:32'),(3,NULL,NULL,NULL,NULL,NULL,NULL,NULL,6,1,NULL,'1','2026-04-29',NULL,NULL,'[DEMO] Annual hull survey – pending admin check',NULL,'2026-05-11 07:34:19','2026-05-11 07:34:19'),(4,NULL,NULL,NULL,NULL,NULL,NULL,NULL,8,1,NULL,'1','2026-04-21',NULL,NULL,'[DEMO] ISM/ISPS audit – reports pending coordinator check',NULL,'2026-05-11 07:34:19','2026-05-11 07:34:19'),(5,'SSCD-0005-2026-05-13','2026-05-13','REF-1234','2026-05-13',NULL,'REF-1234','2026-05-13',13,1,NULL,'Nikos Voutsi','2026-05-13','DUBAI',NULL,'SRFDDFSD','{\"details\": \"SVDS SSSD\"}','2026-05-13 06:48:06','2026-05-13 06:48:06'),(6,'TEEPD-0001-2026-05-13',NULL,NULL,NULL,NULL,NULL,NULL,14,NULL,NULL,NULL,NULL,NULL,NULL,NULL,'{\"details\": null}','2026-05-13 10:50:15','2026-05-13 10:50:15');

--
-- Table structure for table `job_batches`
--

CREATE TABLE `job_batches` (
  `id` varchar(255) COLLATE utf8mb4_unicode_ci NOT NULL,
  `name` varchar(255) COLLATE utf8mb4_unicode_ci NOT NULL,
  `total_jobs` int NOT NULL,
  `pending_jobs` int NOT NULL,
  `failed_jobs` int NOT NULL,
  `failed_job_ids` longtext COLLATE utf8mb4_unicode_ci NOT NULL,
  `options` mediumtext COLLATE utf8mb4_unicode_ci,
  `cancelled_at` int DEFAULT NULL,
  `created_at` int NOT NULL,
  `finished_at` int DEFAULT NULL,
  PRIMARY KEY (`id`)
) ENGINE=InnoDB DEFAULT CHARSET=utf8mb4 COLLATE=utf8mb4_unicode_ci;

--
-- Dumping data for table `job_batches`
--


--
-- Table structure for table `jobs`
--

CREATE TABLE `jobs` (
  `id` bigint unsigned NOT NULL AUTO_INCREMENT,
  `queue` varchar(255) COLLATE utf8mb4_unicode_ci NOT NULL,
  `payload` longtext COLLATE utf8mb4_unicode_ci NOT NULL,
  `attempts` tinyint unsigned NOT NULL,
  `reserved_at` int unsigned DEFAULT NULL,
  `available_at` int unsigned NOT NULL,
  `created_at` int unsigned NOT NULL,
  PRIMARY KEY (`id`),
  KEY `jobs_queue_index` (`queue`)
) ENGINE=InnoDB AUTO_INCREMENT=6 DEFAULT CHARSET=utf8mb4 COLLATE=utf8mb4_unicode_ci;

--
-- Dumping data for table `jobs`
--

INSERT INTO `jobs` VALUES (2,'default','{\"uuid\":\"72c5f448-4d16-4d45-bd3c-3e21e410abfa\",\"displayName\":\"App\\\\Jobs\\\\SendCertificateIssuedNotificationsJob\",\"job\":\"Illuminate\\\\Queue\\\\CallQueuedHandler@call\",\"maxTries\":null,\"maxExceptions\":null,\"failOnTimeout\":false,\"backoff\":null,\"timeout\":null,\"retryUntil\":null,\"data\":{\"commandName\":\"App\\\\Jobs\\\\SendCertificateIssuedNotificationsJob\",\"command\":\"O:46:\\\"App\\\\Jobs\\\\SendCertificateIssuedNotificationsJob\\\":2:{s:12:\\\"assignmentId\\\";i:13;s:5:\\\"delay\\\";O:25:\\\"Illuminate\\\\Support\\\\Carbon\\\":3:{s:4:\\\"date\\\";s:26:\\\"2026-05-13 14:02:22.022227\\\";s:13:\\\"timezone_type\\\";i:3;s:8:\\\"timezone\\\";s:13:\\\"Europe\\/Athens\\\";}}\",\"batchId\":null},\"createdAt\":1778659342,\"delay\":10800}',0,NULL,1778670142,1778659342),(3,'default','{\"uuid\":\"f9b708e5-1d39-4770-9359-2e58d0861d30\",\"displayName\":\"App\\\\Jobs\\\\SendCertificateIssuedNotificationsJob\",\"job\":\"Illuminate\\\\Queue\\\\CallQueuedHandler@call\",\"maxTries\":null,\"maxExceptions\":null,\"failOnTimeout\":false,\"backoff\":null,\"timeout\":null,\"retryUntil\":null,\"data\":{\"commandName\":\"App\\\\Jobs\\\\SendCertificateIssuedNotificationsJob\",\"command\":\"O:46:\\\"App\\\\Jobs\\\\SendCertificateIssuedNotificationsJob\\\":2:{s:12:\\\"assignmentId\\\";i:13;s:5:\\\"delay\\\";O:25:\\\"Illuminate\\\\Support\\\\Carbon\\\":3:{s:4:\\\"date\\\";s:26:\\\"2026-05-13 14:10:15.597999\\\";s:13:\\\"timezone_type\\\";i:3;s:8:\\\"timezone\\\";s:13:\\\"Europe\\/Athens\\\";}}\",\"batchId\":null},\"createdAt\":1778659815,\"delay\":10800}',0,NULL,1778670615,1778659815),(4,'default','{\"uuid\":\"8f31249f-e89b-4702-8918-cd88defd74ff\",\"displayName\":\"App\\\\Jobs\\\\SendCertificateIssuedNotificationsJob\",\"job\":\"Illuminate\\\\Queue\\\\CallQueuedHandler@call\",\"maxTries\":null,\"maxExceptions\":null,\"failOnTimeout\":false,\"backoff\":null,\"timeout\":null,\"retryUntil\":null,\"data\":{\"commandName\":\"App\\\\Jobs\\\\SendCertificateIssuedNotificationsJob\",\"command\":\"O:46:\\\"App\\\\Jobs\\\\SendCertificateIssuedNotificationsJob\\\":2:{s:12:\\\"assignmentId\\\";i:13;s:5:\\\"delay\\\";O:25:\\\"Illuminate\\\\Support\\\\Carbon\\\":3:{s:4:\\\"date\\\";s:26:\\\"2026-05-13 14:10:38.139272\\\";s:13:\\\"timezone_type\\\";i:3;s:8:\\\"timezone\\\";s:13:\\\"Europe\\/Athens\\\";}}\",\"batchId\":null},\"createdAt\":1778659838,\"delay\":10800}',0,NULL,1778670638,1778659838),(5,'default','{\"uuid\":\"ddb48c7d-f491-4fc4-b172-6a955e227a60\",\"displayName\":\"App\\\\Jobs\\\\SendCertificateIssuedNotificationsJob\",\"job\":\"Illuminate\\\\Queue\\\\CallQueuedHandler@call\",\"maxTries\":null,\"maxExceptions\":null,\"failOnTimeout\":false,\"backoff\":null,\"timeout\":null,\"retryUntil\":null,\"data\":{\"commandName\":\"App\\\\Jobs\\\\SendCertificateIssuedNotificationsJob\",\"command\":\"O:46:\\\"App\\\\Jobs\\\\SendCertificateIssuedNotificationsJob\\\":2:{s:12:\\\"assignmentId\\\";i:13;s:5:\\\"delay\\\";O:25:\\\"Illuminate\\\\Support\\\\Carbon\\\":3:{s:4:\\\"date\\\";s:26:\\\"2026-05-13 15:38:31.645302\\\";s:13:\\\"timezone_type\\\";i:3;s:8:\\\"timezone\\\";s:13:\\\"Europe\\/Athens\\\";}}\",\"batchId\":null},\"createdAt\":1778665111,\"delay\":10800}',0,NULL,1778675911,1778665111);

--
-- Table structure for table `managers`
--

CREATE TABLE `managers` (
  `id` bigint unsigned NOT NULL AUTO_INCREMENT,
  `name` varchar(255) COLLATE utf8mb4_unicode_ci NOT NULL,
  `address` varchar(255) COLLATE utf8mb4_unicode_ci DEFAULT NULL,
  `imo_number` varchar(255) COLLATE utf8mb4_unicode_ci DEFAULT NULL,
  `created_at` timestamp NULL DEFAULT NULL,
  `updated_at` timestamp NULL DEFAULT NULL,
  PRIMARY KEY (`id`)
) ENGINE=InnoDB AUTO_INCREMENT=314 DEFAULT CHARSET=utf8mb4 COLLATE=utf8mb4_unicode_ci;

--
-- Dumping data for table `managers`
--

INSERT INTO `managers` VALUES (1,'GRAN FINALE LTD','-\n-\n-','','2025-03-12 23:43:28','2025-03-12 23:43:28'),(2,'YELLOW SUN, S.L.U.','MADRID, SPAIN\n-\n-','','2025-03-12 23:43:28','2025-03-12 23:43:28'),(3,'NAVILUX MARITIME MANAGEMENT & CONSULTANCY','20, Avenue Pasteur,\nL-2310 Luxembourg\n-\n-\nE-mail: info@lms.lu','','2025-03-12 23:43:28','2025-03-12 23:43:28'),(4,'FUGRO GEOSERVICES LIMITED\nJames Norton','Bickland Industrial Park, Falmouth,\nCornwall, TR11 4TA, UNITED KINGDOM\n-\n-\nE-mail: j.norton@fugro.com','','2025-03-12 23:43:28','2025-03-12 23:43:28'),(5,'ARCHIRODON CONSTRUCTION (OVERSEAS) CO. S.A.','PANAMA CITY, REPUBLIC OF PANAMA\n-\n-','','2025-03-12 23:43:28','2025-03-12 23:43:28'),(6,'BIG EAGLE 2015, LLC','ADDISON TX, USA\n-\n-','','2025-03-12 23:43:28','2025-03-12 23:43:28'),(7,'ASKARI LLC','2400 Broadway, Suite 270\nSanta Monica, CA 90404, UNITED STATES\n-\n-','','2025-03-12 23:43:28','2025-03-12 23:43:28'),(8,'JULIET SHIPPING & TRADING COMPANY LIMITED INC (100%)','-\nPANAMA\nPANAMA','','2025-03-12 23:43:28','2025-03-12 23:43:28'),(9,'AMJ MARINE SERVICES','1195 Chwaifat Al Omara, Sida Old Road,\nP.Box 20256627\nBEIRUT\nLEBANON\nE-mail: gm@amjmarineservices.com','5807351','2025-03-12 23:43:28','2025-03-12 23:43:28'),(10,'DIXSTONE OPERATIONS GABON','PORT GENTIL, GABON\n\n-\n-','6174922','2025-03-12 23:43:28','2025-03-12 23:43:28'),(11,'DD MARITIME AS','SVELGEN NORWAY\n-\n-','','2025-03-12 23:43:28','2025-03-12 23:43:28'),(12,'SONIT-PECHE S.A.R.L.','-\n-\n-','','2025-03-12 23:43:28','2025-03-12 23:43:28'),(13,'ODEKOL INTERNATIONAL SERVICES LIMITED','7, SWEEZ CLOSE ORAZI ROAD, PORT HARCOURT\n-\n-','','2025-03-12 23:43:28','2025-03-12 23:43:28'),(14,'BD 6074 LTD & KEYNVOR MORLIFT LTD','IRON YARD, MIDDLE DOCK, APPLEDORE DEVON, EX39 1LU\n-\n-','','2025-03-12 23:43:28','2025-03-12 23:43:28'),(15,'CAFEROGLU DENIZCILIK VE TIC. LTD STI','Setustu Inebolu, Sokak Samibey Apt. No 73/1\n34427, Kabatas, Beyoglu\nIstanbul\nTURKEY','768231','2025-03-12 23:43:28','2025-03-12 23:43:28'),(16,'TALIA SHIPPING LINE CO (S.A.R.L.)','Ghazieh,\nSaida\nLEBANON','5914582','2025-03-12 23:43:28','2025-03-12 23:43:28'),(17,'NASEEM AL BAHAR GENERAL','Office 2706,27th Floor,The Prism Tower,Business Bay,\nPO Box 214479,\n-\n-','5807127','2025-03-12 23:43:28','2025-03-12 23:43:28'),(18,'VAMVASHIP MARITIME S.A.','Vamvaship Building,2, Mavromichali & Agiou Dionysiou Str.,\n\n18545 PIRAEUS\nGREECE','1316961','2025-03-12 23:43:28','2025-03-12 23:43:28'),(19,'ELBECO S.A.L.','Royal Tower Building, 6th floor\nBEIRUT\nLEBANON','5951800','2025-03-12 23:43:28','2025-03-12 23:43:28'),(20,'CYPROSERVUS CO. LIMITED','ARCH. MAKARIOS III AVENUE 284\nFORTUNA COURT, BLOCK B, 2ND FLOOR\n3105 LIMASSOL\nCYPRUS','','2025-03-12 23:43:28','2025-03-12 23:43:28'),(21,'PEMBA TERMINAL SERVICES S.A.','Rua Consiglieri Pedroso No. 350\n261 -\n-','','2025-03-12 23:43:28','2025-03-12 23:43:28'),(22,'SWEDISH MANAGEMENT CO S.A.','P.O. Box.: 25701, Amro Street,\nDubai\nUAE','5186278','2025-03-12 23:43:28','2025-03-12 23:43:28'),(23,'CAVEMA FISHING (PTY) LTD','P.O. BOX 3915, WALVIS BAY, NAMIBIA\n-\n-','','2025-03-12 23:43:28','2025-03-12 23:43:28'),(24,'G.M.Z. SHIP MANAGEMENT CO. SA','Zalka Main Road, White Bldg., 1st Floor\nBEIRUT\nLEBANON','5335419','2025-03-12 23:43:28','2025-03-12 23:43:28'),(25,'GLOBAL MANAGEMENT AND TRADING LTD','Sail Square Anwar Center, 5th Floor, Al Mina,\nTripoli\nLEBANON','5166712','2025-03-12 23:43:28','2025-03-12 23:43:28'),(26,'XY 7 COMPANY LIMITED','UGL. HOUSE SOUTH CHURCH STR.\nGEORGE TOWN\nCAYMAN ISLANDS','','2025-03-12 23:43:28','2025-03-12 23:43:28'),(27,'PERAMA SHIPMANAGEMENT LTD','16 Kantharou Str.,\n18536 PIRAEUS\nGREECE','6077180','2025-03-12 23:43:28','2025-03-12 23:43:28'),(28,'SERVEST (PTY) LTD.','Tugela Lane, Servest Building Waterfall Logistics,\nPrecinct C/O Bridal Veil Rd & R101 Jukskei View Ext.78, 2090\n-\n-','','2025-03-12 23:43:28','2025-03-12 23:43:28'),(29,'MORGAN NAVIGATION CO S.A.','Port street, bourj elmarfaa bld, 7th floor,\n\nBEIRUT\nLEBANON','5367737','2025-03-12 23:43:28','2025-03-12 23:43:28'),(30,'DIXSTONE NETHERLANDS','Spicalaan 15, 2132 JG\nHoofddorp\nTHE NETHERLANDS\nE-mail: paul.zaal@dixstone.com','6452944','2025-03-12 23:43:28','2025-03-12 23:43:28'),(31,'MARITIME MANAGEMENT AS','Theodor Petersens veg 3B, 7049 Trondheim, Norway\n-\n-\nE-mail: bht@marman.no / info@marman.no','5160245','2025-03-12 23:43:28','2025-03-12 23:43:28'),(32,'SERVER DENIZCILIK TASIMACILIK VE TICARET LIMITED SIRKET','Soganlik Yeni Mah, Pegagaz Sokak No 6, Pega Kartal\nResidence A Blok, Kat.19, Daire 122, Kartal. Istanbul,\n34880 Istanbul\nTURKEY','5236103','2025-03-12 23:43:28','2025-03-12 23:43:28'),(33,'SHINKA SHIPPING COMPANY SA','2, Kapodistriou, 18531\nPIRAEUS\nGREECE','5021725','2025-03-12 23:43:28','2025-03-12 23:43:28'),(34,'DRASTIRIOS SHIP MANAGEMENT','6 EFKLIAS STREET\n18538 -\n-\nE-mail: drasmar@otenet.gr','','2025-03-12 23:43:28','2025-03-12 23:43:28'),(35,'QUEENSWAY NAVIGATION CO. LTD','373, Syggrou Avenue & Ymittou 2-4 Street,\nP. Faliro,\n175 64 Athens\nGREECE\nE-mail: dpa@queensnav.com','1314037','2025-03-12 23:43:28','2025-03-12 23:43:28'),(36,'GEMICILER DENIZCILIK NAKLIYAT SPOR YAPI TESISLERI SANAY','Mahmut Yesari Sokak No:73, Kosuyolu, Kadikoy,\n\nIstanbul\nTURKEY\nE-mail: info@gemiciler.org','5361738','2025-03-12 23:43:28','2025-03-12 23:43:28'),(37,'ALEFA BE SARL','-\n-\n-','','2025-03-12 23:43:28','2025-03-12 23:43:28'),(38,'EZE DENIZCILIK VE TICARET LTD STI','Barbaros Mah Sirma Perde Sokak Mavi Konak\nSitesi D2 Blok D3 Uskudar\nIstanbul\nTURKEY','5925879','2025-03-12 23:43:28','2025-03-12 23:43:28'),(39,'MERCIFUL MARITIME LIMITED','-\n-\n-','','2025-03-12 23:43:28','2025-03-12 23:43:28'),(40,'PILOTAGE STATION','BEIRUT\nBEIRUT\nLEBANON','','2025-03-12 23:43:28','2025-03-12 23:43:28'),(41,'NAVITAS CO. MARITIMA S.A.','86 OTHONOS STR.\n14561 -\n-\nE-mail: chartering@navitas.gr','','2025-03-12 23:43:28','2025-03-12 23:43:28'),(42,'SCOMBRUS FISHING (PTY) LTD','P.O. Box 12, Walvis Bay, NAMIBIA\n-\n-','','2025-03-12 23:43:28','2025-03-12 23:43:28'),(43,'MARMARAS NAVIGATION LTD.','4-6 FILELLINON STR.\n18536 -\n-\nE-mail: technical@marmaras-nav.gr','67761','2025-03-12 23:43:28','2025-03-12 23:43:28'),(44,'ARISTON NAVIGATION CORP.','Akti Miaouli & 2 Filellinon Street,\n18536 PIRAEUS\nGREECE\nE-mail: gen@aristonav.gr','5044241','2025-03-12 23:43:28','2025-03-12 23:43:28'),(45,'HA MARINE S.A.','White Building, Main Road, Zalqa,\nBEIRUT\nLEBANON','5787415','2025-03-12 23:43:28','2025-03-12 23:43:28'),(46,'DARLON OIL & GAS (NIG.) LIMITED','1ST FLOOR, LEFT WAING, NO. 108, ADA GEORGE ROAD\nBY CHINDA JUNCTION, MILE 4, RUMUERE PORT HARCOURT\nRIVERS STATE\nNIGERIA','','2025-03-12 23:43:28','2025-03-12 23:43:28'),(47,'WHITE SHARK SHIPPING LTD','2 Kantharou Street,\n18536 PIRAEUS\nGREECE','5961651','2025-03-12 23:43:28','2025-03-12 23:43:28'),(48,'TOWER SHIPPING CO. S.A.','Flat 202, Block A, Sheikha Latifa Building,\nBaniyas Road, Deira, Dubai, United Arab Emirates\n-\n-','5414457','2025-03-12 23:43:28','2025-03-12 23:43:28'),(49,'UNIFLEET MANAGEMENT COMPANY S.A.','Office 10, Block B, Baltaci Mehmet\nPasa Sokak 4, Soganlik Yeni Mah, Kartal,\n34173 Istanbul\nTURKEY','5703062','2025-03-12 23:43:28','2025-03-12 23:43:28'),(50,'PRELUDE MARINE S.A.','2, Afentouli Ave,\n\n18536 PIRAEUS\nGREECE','5791991','2025-03-12 23:43:28','2025-03-12 23:43:28'),(51,'LAVAL SHIPPING AND TRADING INC.','-\n-\n-','','2025-03-12 23:43:28','2025-03-12 23:43:28'),(52,'Merry Enterprises Denizcilik Sanayi ve Ticaret Ltd Sti','Genc Osman Caddesi 1/3, Evliya Celebi Mah, Tuzla, 34944\nISTANBUL\nTURKEY','5919742','2025-03-12 23:43:28','2025-03-12 23:43:28'),(53,'EASTERN STAR SHIPPING','2nd Floor, Jabado Centre,  BP 2527,\nAsh - Shiraa Square,\nTripoli\nLEBANON\nE-mail: tech@easternstarshipping.com','5775823','2025-03-12 23:43:28','2025-03-12 23:43:28'),(54,'PILOT LIMITED','-\n-\n-','','2025-03-12 23:43:28','2025-03-12 23:43:28'),(55,'THALATTA SHIPPING MANAGEMENT S.A.','2, Litous Str.\n546 28 Thessaloniki\nGREECE','67951','2025-03-12 23:43:28','2025-03-12 23:43:28'),(56,'REINA YACHTING SINGLE MEMBER PC','27-31 Hatzikyriakou Ave,\n18538 PIRAEUS\nGREECE','6282808','2025-03-12 23:43:28','2025-03-12 23:43:28'),(57,'OVENSTONE AGENCIES (PTY) LTD','UNIT G7, VICTORIA JUNCTION, PRESTWICH STR, GREEN POINT\nCAPE TOWN, SOUTH AFRICA\n-\n-','','2025-03-12 23:43:28','2025-03-12 23:43:28'),(58,'ALPHA MANAGEMENT COMPANY SA','35-39, Akti Miaouli Street, Office 300,\n3rd floor,18535,\nPIRAEUS\nGREECE','6001141','2025-03-12 23:43:28','2025-03-12 23:43:28'),(59,'AB BULKERS GROUP LTD','Building No 53, Mamaia Street, Capitol Residence,\nGround Floor, P.O.Box: 12\n900663 CONSTANTA\nROMANIA','6160561','2025-03-12 23:43:28','2025-03-12 23:43:28'),(60,'JANUARY MARINE INC','73 AKTI MIAOULI STR.\n18537 PIRAEUS\nGREECE','5788206','2025-03-12 23:43:28','2025-03-12 23:43:28'),(61,'SPRING MARINE DENIZCILILK VE TIC. LTD. STI.','Akatlar Mah. Ozturk Sokak, Maya Sitesi Palmali\nBlok, No 1/5, Besiktas\nIstanbul\nTURKEY','6081332','2025-03-12 23:43:28','2025-03-12 23:43:28'),(62,'SEAWAY OFFSHORE INC','5201, Blue Lagoon Drive, 9th Floor, Miami,\n33126 Florida\nUSA','5441448','2025-03-12 23:43:28','2025-03-12 23:43:28'),(63,'PERENCO OIL & GAS GABON\nMR. CEDRIC FRATACCI','B.P 780 PORT-GENTIL, 2423, GABON\nE-mail: cfratacci@ga.perenco.com\n-\n-\nE-mail: nnkombe@ga.perenco.com / gmoulinier@ga.perenco.com','5797589','2025-03-12 23:43:28','2025-03-12 23:43:28'),(64,'FAITH SHIPPING S.A.','TRUST COMPANY COMPLEX, AJELTAKE ROAD\nMAJURO\nMARSHALL ISLANDS','','2025-03-12 23:43:28','2025-03-12 23:43:28'),(65,'SU DERYASI DENIZCILIK VE TICARET A.S.','Acibadem Mh. Taskopru Cad. Pinar Apt. No:28/5\nKadikoy, 34718\nIstanbul\nTURKEY','6113648','2025-03-12 23:43:28','2025-03-12 23:43:28'),(66,'BELUGA FISHING (PTY) LTD','OFFICE PALACE 4-5 WECKE STREET\nWINDHOEK NAMIBIA\n-\n-','','2025-03-12 23:43:28','2025-03-12 23:43:28'),(67,'NAKATAN GROUP INC.','PANAMA CITY, REPUBLIC OF PANAMA\n-\n-','','2025-03-12 23:43:28','2025-03-12 23:43:28'),(68,'SPANOPOULOS GROUP S.A.','Kato Pounta - Ampelakia\nSalamis\n18902 Athens\nGREECE\nE-mail: info@spanopoulos-group.com','5563923','2025-03-12 23:43:28','2025-03-12 23:43:28'),(69,'BOLUDA LOME','BP 60290\nLOME\nTOGO\nE-mail: caroline.vonie@boluda.fr','','2025-03-12 23:43:28','2025-03-12 23:43:28'),(70,'MEDITERRANEAN LINE INC','1 El Nassr Street, El Manshia 2nd Floor Flat 14\nAlexandria\nEGYPT','5001926','2025-03-12 23:43:28','2025-03-12 23:43:28'),(71,'MERONI & SCHMID','67 ROTFLUHSTRASSE\nCH-8702 -\n-\nE-mail: rm03@bluewin.ch','','2025-03-12 23:43:28','2025-03-12 23:43:28'),(72,'STATU GEMI KIRALAMA VE TICARET LTD SIRKETI','Salacak Mahallesi Bestekar Selahattin Pinar\nSokak No: 108, Uskudar\n- ISTANBUL\nTURKEY','5108619','2025-03-12 23:43:28','2025-03-12 23:43:28'),(73,'FLORENCE SHIPPING AND MARINE SERVICES','Apartment 31, Baysal Sokak, Ahmet\nYesevi Mah, 3\n34903 ISTANBUL\nTURKEY','6229020','2025-03-12 23:43:28','2025-03-12 23:43:28'),(74,'ABRAZOS YACHTS','34TH ALIMOU AVENUE\nALIMOS\nATHENS\nGREECE','','2025-03-12 23:43:28','2025-03-12 23:43:28'),(75,'WEST COAST FROZEN FISH, S.A.','-\n-\n-','','2025-03-12 23:43:28','2025-03-12 23:43:28'),(76,'ATLANTIC NAVIGATION','-\n-\n-','','2025-03-12 23:43:28','2025-03-12 23:43:28'),(77,'FADARAY CORP.','PANAMA\nPANAMA\nPANAMA','','2025-03-12 23:43:28','2025-03-12 23:43:28'),(78,'G.M.Z. SHIP MANAGEMENT CO. (HELLAS) S.A.','1, CH.TRIKOUPI STREET,\n18536 PIRAEUS\nGREECE\nE-mail: dpa@gmzhellas.com','5950585','2025-03-12 23:43:28','2025-03-12 23:43:28'),(79,'MELODY SHIPPING SA','C/O \"Gemiciler Denizcilik Nakliyat\",Mahmut Yasari Sokak 73,\nKosuyolu Mah,Kadikoy,34710,ISTANBUL, TURKEY\n-\n-','','2025-03-12 23:43:28','2025-03-12 23:43:28'),(80,'SGTM','BP 458 Kaweni\n976000 Mamoudzou\nMAYOTTE','5186729','2025-03-12 23:43:28','2025-03-12 23:43:28'),(81,'DIXSTONE FRANCE','7 Rue De Logelbach\nFR-75017 Paris\nFRANCE','6474577','2025-03-12 23:43:28','2025-03-12 23:43:28'),(82,'RAMI SHIPPING MANAGEMENT','Nahr El Mot, El Wadi El Sinae, El Murr Bldg,\nBEIRUT\nLEBANON','5217691','2025-03-12 23:43:28','2025-03-12 23:43:28'),(83,'UNITED ABACO SHIPPING COMPANY LTD','P.O.BOX AB 20737, Marsh Harbour,\nAbaco\nBAHAMAS','1372201','2025-03-12 23:43:28','2025-03-12 23:43:28'),(84,'AMS MARITIME LLC','Unit 901 Al Khazna Tower Al Najda Street,\nP.O. BOX 5767\nABU DHABI\nUAE','6293586','2025-03-12 23:43:28','2025-03-12 23:43:28'),(85,'SEAVEN DRY MANAGEMENT INC.','43, Iroon Polytechniou Ave. 185 35\nPIRAEUS\nGREECE\nE-mail: technical@seaven.gr','','2025-03-12 23:43:28','2025-03-12 23:43:28'),(86,'MUANDA INTERNATIONAL OIL COMPANY\nDRC KALAMU OTS','BP: 7189, BUILDING BCDC, 11e’ NIVEAU,\nDemocratic Republic of Congo\n-\n-\nE-mail: zmoore@cd.perenco.com','','2025-03-12 23:43:28','2025-03-12 23:43:28'),(87,'PROSPERITY M.C.P.Y.','22ND L.POSEIDONOS, VARI, GREECE\n-\n-','','2025-03-12 23:43:28','2025-03-12 23:43:28'),(88,'GMZ SHIP MANAGEMENT CO. (HELLAS) SA','1, Ch. Trikoupi, Str 18536\nPIRAEUS\nGREECE','5950585','2025-03-12 23:43:28','2025-03-12 23:43:28'),(89,'WEST COAST FROZEN FISH SA','Calle Navegacion Paquet s/n Puerto de la Luz,\n\n35008 Las Palmas DE Gran Canaria\nSPAIN','5470109','2025-03-12 23:43:28','2025-03-12 23:43:28'),(90,'AINAFTIS SHIPPING COMPANY','24 KYPROU STR. 16675 GLYFADA\nAthens\nGREECE','','2025-03-12 23:43:28','2025-03-12 23:43:28'),(91,'SPADI M.C.P.Y.','-\n-\n-','','2025-03-12 23:43:28','2025-03-12 23:43:28'),(92,'BOS SHIPPING S.A','Industrial Area 04\nSharjah\nUAE','6031976','2025-03-12 23:43:28','2025-03-12 23:43:28'),(93,'SEATRANS MANAGEMENT ENTER. INC','65, Akti Miaouli Street,\nPIRAEUS\nGREECE\nE-mail: navetran@otenet.gr','1560741','2025-03-12 23:43:28','2025-03-12 23:43:28'),(94,'WANDA MARITIME LTD','ROAD TOWN TORTOLA, BRITISH VIRGIN ISLANDS\n-\n-','','2025-03-12 23:43:28','2025-03-12 23:43:28'),(95,'PREMIER MARINE SERVICES FZE','P1 - Elob Office No E-17F-33, Hamriyah Free zone, P.O BOX\n52016 Sharjah\nUAE','6057037','2025-03-12 23:43:28','2025-03-12 23:43:28'),(96,'STAR SHIP SERVICES SA','Area 11, 93rd Street, al Mina,\nTripoli\nLEBANON','5953704','2025-03-12 23:43:28','2025-03-12 23:43:28'),(97,'DINAIA M.C.P.Y 100%','PEIRAIOS 4\nAthens\nGREECE','','2025-03-12 23:43:28','2025-03-12 23:43:28'),(98,'BLUEMAR COMPANY S.A.','Nahr Ibrahim Street , Tekaian Bldg\n3rd Floor\nBEIRUT\nLEBANON','6343368','2025-03-12 23:43:28','2025-03-12 23:43:28'),(99,'AYKIN DENIZ NAKLIYAT A.S.','Devlet Yoly Alti Mevkii Tersanele Caddesi,\nNo:291/1, Cavusciftligi/Altinova,\nYalova\nTURKEY\nE-mail: dpa@aykinshipping.com','6360817','2025-03-12 23:43:28','2025-03-12 23:43:28'),(100,'SHIP AHOY COOK ISLANDS Ltd 100%','FIRST FLOOR, BCI HOUSE, AVARUA, RAROTONGA COOK ISLANDS\n-\n-','','2025-03-12 23:43:28','2025-03-12 23:43:28'),(101,'MURR MANAGEMENT SA','El Murr Building, 266, Rihban Street, 9611\nBEIRUT\nLEBANON','6068734','2025-03-12 23:43:28','2025-03-12 23:43:28'),(102,'TEMEL DENIZCILIK TICARET LIMITED SIRKETI','Kemankes Mah., Kemankes Cad., Man Han, No.:17,\nKat:2 Karakoy,\nISTANBUL\nTURKEY','5799948','2025-03-12 23:43:28','2025-03-12 23:43:28'),(103,'PERENCO CONGO\nMR. WATOUKOULA DANIEL','POINTE NOIRE, CONGO\ndwatoukoula@cg.perenco.com\n-\n-','5930830','2025-03-12 23:43:28','2025-03-12 23:43:28'),(104,'EAST SHIPPING LINES LTD','Charlestown, Island of Nevis\nC/O: 264, King Hussein Street, Office 1003,\nAmman\nJORDAN','5974603','2025-03-12 23:43:28','2025-03-12 23:43:28'),(105,'UNION MARITIME LTD','Pirireis Mah, 1110 Sk, Cihan Apt No. 9,\nFloor. 4, Yenisehir,\nMersin\nTURKEY','6086568','2025-03-12 23:43:28','2025-03-12 23:43:28'),(106,'NAVMARINE DENIZCILIK TICARET LIMITED SIRKETI','Ic Kapi 144, Blok B, Tekstilkent Caddesi\n12A, Orucreis Mah, Esenler, 34235\nIstanbul\nTURKEY','6096048','2025-03-12 23:43:28','2025-03-12 23:43:28'),(107,'ATHENAI MANAGEMENT S.A.L.','Al- Maarad Street - Dream Residence Building, Block A,\n4th Floor, P.O.BOX: 611\nTripoli\nLEBANON','6087040','2025-03-12 23:43:28','2025-03-12 23:43:28'),(108,'MED STAR SHIPPING S.A.','C/O AZMI STREET, AL ANWAR BUILDING, 1st FLOOR,\nTripoli\nLEBANON\nE-mail: operation@medstar-cruise.com','5751289','2025-03-12 23:43:28','2025-03-12 23:43:28'),(109,'POBLE DE CAMPELLO (PTY) LTD','P.O. BOX 1734, WALVIS BAY, NAMIBIA\n-\n-','','2025-03-12 23:43:28','2025-03-12 23:43:28'),(110,'SN&A SHIPPING SERVICES LIMITED','15A Nnamdi Azikwe Road Old, GRA,\nPort Harcourt\nNIGERIA','5894575','2025-03-12 23:43:28','2025-03-12 23:43:28'),(111,'HAIFA MARINE SHIPPING LTD.','Haazmaut 102 Str.,\n33411 HAIFA\nISRAEL\nE-mail: info@haifamarine.com','5184957','2025-03-12 23:43:28','2025-03-12 23:43:28'),(112,'RED SEA MANAGEMENT INTERNATIONAL LTD.','P.O. BOX 2335, 21451 JEDDAH, SAUDI ARABIA\n-\n-','','2025-03-12 23:43:28','2025-03-12 23:43:28'),(113,'OPTIMAL DENIZCILIK TASIMACILIK LTD','Dereboyu Caddesi Ortabayir Mahallesi No 6,\nLevent Life Residence D 38\nIstanbul\nTURKEY','5910841','2025-03-12 23:43:28','2025-03-12 23:43:28'),(114,'ANITA MARITIME LTD','11, Agios Spyridonos Street\nPIRAEUS\nGREECE','6085485','2025-03-12 23:43:28','2025-03-12 23:43:28'),(115,'ANTARPPLY S.A.','Avda Rivadavia 2206 - 8th Floor, Suite B - (C1034ACO)-\nCiudad,\nBuenos Aires\nARGENTINA','5353070','2025-03-12 23:43:28','2025-03-12 23:43:28'),(116,'FUGRO MIDDLE EAST - ABUDHABI, U.A.E.','-\n-\n-','','2025-03-12 23:43:28','2025-03-12 23:43:28'),(117,'SONIT SARL','Coronthie Commune de Kaloum\nBP 3201 Conakry\nGuinea','5772470','2025-03-12 23:43:28','2025-03-12 23:43:28'),(118,'D.G. OF CUSTOMS AND EXCISE DUTIES','-\n-\n-','','2025-03-12 23:43:28','2025-03-12 23:43:28'),(119,'DONMAR LTD','Ul Marazliyevskaya 6,\n65014 Odessa\nUKRAINE','5291220','2025-03-12 23:43:28','2025-03-12 23:43:28'),(120,'AUSTRIA SHIPPING LTD','Al Mamzar Street, Al Mamzar\nDubai\nUAE','6144146','2025-03-12 23:43:28','2025-03-12 23:43:28'),(121,'JEFTEX MARINE SERVICES LIMITED','JEFTEX COMPLEX, No. 55 AKER BASE ROAD, RUMUOLUMENT\nPORT HARCOURT,NIGERIA\n-\n-','','2025-03-12 23:43:28','2025-03-12 23:43:28'),(122,'AMER MOHAMMAD EL HADDAD','-\n-\n-','','2025-03-12 23:43:28','2025-03-12 23:43:28'),(123,'VC LOGISTIC OPERATIONS D.O.O','4, Sremska Str,\n21000 Novi Sad\nSERBIA','6326603','2025-03-12 23:43:28','2025-03-12 23:43:28'),(124,'RED MEDUSA INC.','CALLE 50, EDIFICIO GLOBAL PLAZA PISO 20, OFICIN D Y E\nPANAMA\nPANAMA','','2025-03-12 23:43:28','2025-03-12 23:43:28'),(125,'KNIDOS SHIPPING CORP','-\nMAJURO\nMARSHALL ISLANDS','','2025-03-12 23:43:28','2025-03-12 23:43:28'),(126,'HARRY VICTOR SHIP MANAGEMENT AND OPERATION L.L.C.','213, The Atrium Centre, Khalid Bin Al Waleed Road,\n144740 Dubai\nUAE','6142171','2025-03-12 23:43:28','2025-03-12 23:43:28'),(127,'LARA SHIPPING MARITIME S.A. (100%)','-\nTEGUCIGALPA\nHONDURAS','','2025-03-12 23:43:28','2025-03-12 23:43:28'),(128,'OMAHA SHIPHOLDING INC. (100%)','C/O 8TH FLOOR, MINSHIAH GARABA BUILDING 2\nPANAMA\nPANAMA','','2025-03-12 23:43:28','2025-03-12 23:43:28'),(129,'E&Q STS OPERATIONS MT LTD','-\n-\n-','6059095','2025-03-12 23:43:28','2025-03-12 23:43:28'),(130,'CRETA CARGO IV MARITIME COMPANY','31 AGIOU DIMITRIOU STR.\nPIRAEUS\nGREECE','','2025-03-12 23:43:28','2025-03-12 23:43:28'),(131,'KENTIOUS ENTERPRISES  LTD.','-\n-\n-','','2025-03-12 23:43:28','2025-03-12 23:43:28'),(132,'EMARINE LTD','Tri Hal Farrug Road, L/O\n3078 Luqa\nMALTA','5313834','2025-03-12 23:43:28','2025-03-12 23:43:28'),(133,'VIA MARINA SINGLE MEMBER S.A.','10-12 DORILEOU STR\nATHENS\nGREECE','','2025-03-12 23:43:28','2025-03-12 23:43:28'),(134,'GENEROSITY SHIPPING COMPANY S.A.','Maltepe, Altaycesmemah, Cam Sokak No 16\nDap Royal Center D Blok, Daire 27,\nIstanbul\nTURKEY','6183571','2025-03-12 23:43:28','2025-03-12 23:43:28'),(135,'UNION CORE INC','Office 301 &302, 3rd Floor, City Gate\nTower Al- Ittihad Road,\nSharjah\nUAE','6192261','2025-03-12 23:43:28','2025-03-12 23:43:28'),(136,'TUNACOR FISHERIES LIMITED','P.O. Box 70, Walvis Bay, Namibia\n-\n-','','2025-03-12 23:43:28','2025-03-12 23:43:28'),(137,'ΔΙΕΥΘΥΝΣΗ ΠΛΩΤΩΝ ΜΕΣΩΝ ΤΜΗΜΑ 1','-\nPIRAEUS\nGREECE\nE-mail: plota1@psnet.gr','','2025-03-12 23:43:28','2025-03-12 23:43:28'),(138,'COG Offshore AS','Djuvaveien 10, 5542\nKarmsund\nNORWAY','5637780','2025-03-12 23:43:28','2025-03-12 23:43:28'),(139,'OPPORTUNITY LTD.','-\nKINGSTOWN\n-','','2025-03-12 23:43:28','2025-03-12 23:43:28'),(140,'MORARIS EMMANUEL COMPANY','28th October 28, Paradisi,\n85106 Rhodes\nGREECE','6207272','2025-03-12 23:43:28','2025-03-12 23:43:28'),(141,'BLUE FUN COMPANY LIMITED','103 PALAZZO PIETRO STIGES, STRAIT STREET, VLT 1436\nVALLETTA\nMALTA','','2025-03-12 23:43:28','2025-03-12 23:43:28'),(142,'BROTHERS UNION SHIPPING CO','Ozmarmana Tedarik, Evliiya celebi Mah.\nMavi sk. No.:26, Tuzla\nISTANBUL\nTURKEY','6234351','2025-03-12 23:43:28','2025-03-12 23:43:28'),(143,'NAUTICAL RESEARCH FOUNDATION LIMITED','-\n-\n-','','2025-03-12 23:43:28','2025-03-12 23:43:28'),(144,'DRYBULK SHIPPING AND TRADING CO. LTD.','Ataturk Cad Sahrayicedit Mah no.: 31/2 Kadikoy,\nIstanbul\nTURKEY\nE-mail: FLEET@drybulk.com.tr','5747803','2025-03-12 23:43:28','2025-03-12 23:43:28'),(145,'RK MARITIME AGENCIES, LLC','3164 N.W. South River Dr.,\nFL 33142-6955,\nMiami\nUSA','6169082','2025-03-12 23:43:28','2025-03-12 23:43:28'),(146,'MARINE ASSET MANAGEMENT LIMITED','DEVON, UNITED KINGDOM\nDEVON\nUNITED KINGDOM','','2025-03-12 23:43:28','2025-03-12 23:43:28'),(147,'SAMAR BASSAM EL MURR (50%) & MIRA BASSAM EL MURR (50%)','-\n-\n-','','2025-03-12 23:43:28','2025-03-12 23:43:28'),(148,'EMMA MCPY 100%','6TH  CH.TRIKOUPI STR.\nPIRAEUS\nGREECE','','2025-03-12 23:43:28','2025-03-12 23:43:28'),(149,'ELIXIR CRUISES SINGLE MEMBER PC','11, Akti Kountouriotou Street,\n185 34 PIRAEUS\nGREECE','6309273','2025-03-12 23:43:28','2025-03-12 23:43:28'),(150,'JOY MARINE CO. LTD','171, OLD BAKERY STREET\nVALLETTA VLT 1455 MALTA\nVALLETTA\nMALTA','','2025-03-12 23:43:28','2025-03-12 23:43:28'),(151,'YOLLAND INTERNATIONAL SHIPPING LTD','22, Callatis Str.,\n\nCONSTANTA\nROMANIA\nE-mail: operation@ademarib.com','6247485','2025-03-12 23:43:28','2025-03-12 23:43:28'),(152,'KINTARO M.C.P.Y.','3, IOSIFIDOU, ELLINIKO 167 77,\nAthens\nGREECE\nE-mail: mykintaro@gmail.com','','2025-03-12 23:43:28','2025-03-12 23:43:28'),(153,'NOMBILI FISHING (PTY) LTD','P.O. BOX 5981, WALVIS BAY 9000,\nNAMIBIA\n-\n-','','2025-03-12 23:43:28','2025-03-12 23:43:28'),(154,'MANASSA 2M SHIPMANAGEMENT CO','Alassama Tower,2 Wekalet Alkhodar\nSt 6Taksim Abo Shosha Elgoerk,\nAlexandria\nEGYPT\nE-mail: info@manassashipping.com','6310404','2025-03-12 23:43:28','2025-03-12 23:43:28'),(155,'ABS INTERNATIONAL LTD','82 Cascade Drive, KY1 1006\nGEORGE TOWN\nCAYMAN ISLANDS','6249504','2025-03-12 23:43:28','2025-03-12 23:43:28'),(156,'RORO SHIPPING COMPANY SA','Imperium Building 713/901 25 De Mayo\n11000, Montevideo\nUruguay','6247631','2025-03-12 23:43:28','2025-03-12 23:43:28'),(157,'HIGH SEAS SHIPPING & MARINE SERVICES LLC SP.','Office No. 1104, Al Ghanem Business Center,\nAl Khaledia Street,\n6123 Sharjah\nUAE','93719','2025-03-12 23:43:28','2025-03-12 23:43:28'),(158,'MECT LTD (100%)','80 BOARD STREET\nMonrovia\nLIBERIA','','2025-03-12 23:43:28','2025-03-12 23:43:28'),(159,'K&C MARINE (100%)','KATENISLAAN-HAVEN 1531\n-\n-','','2025-03-12 23:43:28','2025-03-12 23:43:28'),(160,'AHM SHIPPING LTD','80 BROAD STREET, MONROVIA,\nREPUBLIC OF LIBERIA\n-\n-','','2025-03-12 23:43:28','2025-03-12 23:43:28'),(161,'HANGANA SEAFOOD (PTY) LTD','P.O. BOX 26, WALVIS BAY, NAMIBIA\n-\n-','','2025-03-12 23:43:28','2025-03-12 23:43:28'),(162,'REDLINE DEVELOPMENTS LTD','P.O. BOX 95, 2A LORD STREET, DOUGLAS,\nIM99 1HP, ISLE OF MAN\n-\n-','','2025-03-12 23:43:28','2025-03-12 23:43:28'),(163,'TIMBUKTU SINGLE MEMBER P.C.','78 KOLOKOTRONI STR.\nPIRAEUS\nGREECE','','2025-03-12 23:43:28','2025-03-12 23:43:28'),(164,'MARIAM SHIP MANAGEMENT SERVICES PVT LTD','Office No 408, B Wing, Iv Floor, Sector 15,\nCbd Belapur Navi\nMumbai\nINDIA','6177462','2025-03-12 23:43:28','2025-03-12 23:43:28'),(165,'PERENCO PERU','AV. REPUBLICA DE PANAMA, 3030, PISO 14, SAN ISIDRO\nPANAMA\nPANAMA','','2025-03-12 23:43:28','2025-03-12 23:43:28'),(166,'LIBYAN PORTS COMPANY LPCo','-\n-\n-','','2025-03-12 23:43:28','2025-03-12 23:43:28'),(167,'DONAWILL HOLDINGS LIMITED','31/2 Miles Northern Highway, New Horizon Building\nBELIZE CITY\nBELIZE','','2025-03-12 23:43:28','2025-03-12 23:43:28'),(168,'Brave Bulkers S.A','Cluster 5 - Jumeirah Lakes Towers\nDubai\nUAE','6185428','2025-03-12 23:43:28','2025-03-12 23:43:28'),(169,'Abdel Hamid Mohammad Najib','-\n-\n-','','2025-03-12 23:43:28','2025-03-12 23:43:28'),(170,'ARADAS ENERGY LLC.','-\n-\n-','','2025-03-12 23:43:28','2025-03-12 23:43:28'),(171,'FRIENDS MARINE SR LTD','Pirireis Mah., 1125 Sk, Gur Apt. No 25, Kat 5/13,\n33110, Yenisehir,\nMersin\nTURKEY','6139211','2025-03-12 23:43:28','2025-03-12 23:43:28'),(172,'VIYA SHIP MANAGEMENT COMPANY','Yesilbaglar Mah. D 100 Blv. No: 20 Ic Kapi No: 16,\nIstanbul\nTURKEY','6132302','2025-03-12 23:43:28','2025-03-12 23:43:28'),(173,'NEWSTART MARITIME ENTERPRISES S.A.','10, AKTI POSEIDONOS STREET, 18531,\nPIRAEUS\nGREECE','','2025-03-12 23:43:28','2025-03-12 23:43:28'),(174,'ANNA MARITIME CO.S.A.','1st Floor, Alshenawia Building, al-Mina Street\nTripoli\nLEBANON','6338209','2025-03-12 23:43:28','2025-03-12 23:43:28'),(175,'GLENMAST LIMITED','ENTERPRISE HOUSE, 113-115 GEORGE LANE,\nLONDON\nUNITED KINGDOM','','2025-03-12 23:43:28','2025-03-12 23:43:28'),(176,'ADMIRAL MARITIME CONSULTANCY SA','Dekwaneh Highway Boulevard Heights Center, 3rd Floor,\nLEBANON\nBEIRUT\nLEBANON\nE-mail: admin@admiralmaritime.org','6341812','2025-03-12 23:43:28','2025-03-12 23:43:28'),(177,'DOO \"SOUTH POINT\"','TRG Magnolija BIII-31\n\n85320 Tivat\nMONTENEGRO','6348338','2025-03-12 23:43:28','2025-03-12 23:43:28'),(178,'HUDSON PACIFIC ENERGY LIMITED.','PLOT 19, BLOCK 14 JERRY IRIABE STREET\nLEKKI PHASE I\nLAGOS\nNIGERIA','','2025-03-12 23:43:28','2025-03-12 23:43:28'),(179,'WORLD CARRIER SHIPMANAGEMENT INC.','34, Agiassou Street, 152 35 Vrilissia,\nAthens\nGREECE\nE-mail: technical@worldcarrier.gr','6333809','2025-03-12 23:43:28','2025-03-12 23:43:28'),(180,'OCEANIC SHIPMANAGEMENT CORP.','12A HERODOU ATTIKOU STR\n15124\nMAROUSSI\nGREECE','','2025-03-12 23:43:28','2025-03-12 23:43:28'),(181,'JESSICA SHIPPING CO.S.A.','2nd Floor, 722, Condor Street,\nTripoli\nLEBANON','6349486','2025-03-12 23:43:28','2025-03-12 23:43:28'),(182,'LIMANO MARINE SERVICES LTD','AL TABSHOURI BUILDING, AL-THAQAFA STREET,\n\nTripoli\nLEBANON\nE-mail: dpa-minagroup@outlook.com','5936065','2025-03-12 23:43:28','2025-03-12 23:43:28'),(183,'ZUEITINA OIL COMPANY','Sidi Issa Street, P.O. BOX 2134,\nTripoli\nLIBYA\nE-mail: marineterminal@zueitina.com','','2025-03-12 23:43:28','2025-03-12 23:43:28'),(184,'AQUARIUS SHIPPING S.A.','Ozmarmara Tedarik, Evliya çelebi mah. Mavi sk. No:26\nTuzla\nTURKEY','6360349','2025-03-12 23:43:28','2025-03-12 23:43:28'),(185,'DEEPWATER ENGINEERING LIMITED','N0 4 Kingsley Emu Street Lekki Phase 1\nLAGOS\nNIGERIA','6320207','2025-03-12 23:43:28','2025-03-12 23:43:28'),(186,'DOHA MARINE COMPANY','59 IBN SEENA ST,DOHA - QATAR\n-\n-','','2025-03-12 23:43:28','2025-03-12 23:43:28'),(187,'HUDSON PACIFIC ENERGY','77 AWOLOWO ROAD, 2ND FLOOR YMCA BULDING\nLAGOS\nNIGERIA','','2025-03-12 23:43:28','2025-03-12 23:43:28'),(188,'AEGINA MARITIME SINGLE MEMBER PRIVATE COMPANY','1, Fokou Str., Vathy,\n18010 Aegina\nGREECE','6344971','2025-03-12 23:43:28','2025-03-12 23:43:28'),(189,'Nova Gemi Acentelligi ve Denizcilik Ltd Sti','Barbaros Mh Sarkac Sk No:1 Agaoglu My Prestige 117 Atasehir\nISTANBUL\nTURKEY\nE-mail: info@novashipmanagement.com','','2025-03-12 23:43:28','2025-03-12 23:43:28'),(190,'RANA MARITIME SERVICES S.A.','Old Sea Road , Albahaa Bldg, 2nd Floor,\n\nKhaldeh\nLEBANON','5502842','2025-03-12 23:43:28','2025-03-12 23:43:28'),(191,'AMANCIO SHIPPING CORP.','76, Vouliagmenis & Digeni Str.\n16673 Athens\nGREECE\nE-mail: info@maritech.gr','5581876','2025-03-12 23:43:28','2025-03-12 23:43:28'),(192,'MINA GROUP SHIPPING LTD.','Al Tabshouri Building, Al-Thaqafa Street, 0961,\n\nTripoli\nLEBANON\nE-mail: dpa-minagroup@outlook.com','5671830','2025-03-12 23:43:28','2025-03-12 23:43:28'),(193,'SAFER MANAGEMENT S.A.','Ground Floor, Rayess Building, Pine Street,\nHemlaya\nLEBANON','6348718','2025-03-12 23:43:28','2025-03-12 23:43:28'),(194,'MARINA MERMAID LTD','Unit 802, 8th Floor, Mochakhas Building,\nAin al-Mreiseh Street,\nBEIRUT\nLEBANON','2917','2025-03-12 23:43:28','2025-03-12 23:43:28'),(195,'ETS MILAD ABOU RJEILLY GENERAL CONTRACTING 100%','-\n-\n-','','2025-03-12 23:43:28','2025-03-12 23:43:28'),(196,'KINGSTON GLOBAL TRADE IC VE DIS TICARET LTD STI','Block A, Abdi Ipekci Caddesi 147, Tahtakale Mah, Avcilar,\n34320 Istanbul\nTURKEY','6362549','2025-03-12 23:43:28','2025-03-12 23:43:28'),(197,'SIA \"WINDROSE SHIPMANAGEMENT LTD\"','Ekporta Iela5, LV 1010\n199397 Riga\nLATVIA','8210285','2025-03-12 23:43:28','2025-03-12 23:43:28'),(198,'UNITED POWER ALLIANCE PTE. LTD.','21 WOODLANDS CLOSE\nSingapore\nSINGAPORE','','2025-03-12 23:43:28','2025-03-12 23:43:28'),(199,'ALISA MARITIME COMPANY S.A.','-\nPANAMA\nPANAMA','','2025-03-12 23:43:28','2025-03-12 23:43:28'),(200,'KADD SHIPPING S.A','TRUST COMPANY COMPLEX,AJELTAKE ROAD,AJELTAKE ISLAND\nMAJURO\nMARSHALL ISLANDS','','2025-03-12 23:43:28','2025-03-12 23:43:28'),(201,'BLACK SWAN YACHT LIMITED','BRITISH VIRGIN ISLANDS\n-\n-','','2025-03-12 23:43:28','2025-03-12 23:43:28'),(202,'QUARTZ VENTURES LTD','25, Bouboulinas Street\n18535 PIRAEUS\nGREECE','6378491','2025-03-12 23:43:28','2025-03-12 23:43:28'),(203,'COMPANION MARITIME S.A','COLONIA EL CASTANO, 2DA CALLE, NO. 2802, HONDURAS\n-\n-','','2025-03-12 23:43:28','2025-03-12 23:43:28'),(204,'KENT INTERNATIONAL LTD.','Office 2902, Marina Plaza, Dubai Marina,\nDubai\nUAE','6314061','2025-03-12 23:43:28','2025-03-12 23:43:28'),(205,'NOYA LTD','103 SHAM PENG TONG PLAZA, VICTORIA MAKE\nREPUBLIC OF SEYCHELLES\n-\n-','','2025-03-12 23:43:28','2025-03-12 23:43:28'),(206,'Cpt. Mohammed El Mawia','-\n-\n-','','2025-03-12 23:43:29','2025-03-12 23:43:29'),(207,'VENEXIA SHIPMANAGEMENT LTD','Apartment 32, Baysal Sokak\nYesevi Mah, 3,\n34903 ISTANBUL\nTURKEY','6417057','2025-03-12 23:43:29','2025-03-12 23:43:29'),(208,'OCEAN FLOOR INVESTMENTS (PTY) LTD','P.O. BOX 5981, WALVIS BAY\n-\n-','','2025-03-12 23:43:29','2025-03-12 23:43:29'),(209,'LEDRA ENA SHIPPING CY LTD','Vasileos Pavlou 7, Gytheio Lakonias, 23200, GREECE\n7A Dervenakion str. Zakaki, 3047 Limassol, CYPRUS\n-\n-\nE-mail: operations@ledraena.com','5773915','2025-03-12 23:43:29','2025-03-12 23:43:29'),(210,'WKA OCEAN SHIPPING S.A.','Alrashediya 2, Falcon Towers Block B1\n88122 Ajman\nUAE','6411778','2025-03-12 23:43:29','2025-03-12 23:43:29'),(211,'ERM MARINE LTD','15 Akdeniz Mah,39716 Sok,Urka Plaza\nB, 4/8, 33200 Mazitli,\nMersin\nTURKEY','6171300','2025-03-12 23:43:29','2025-03-12 23:43:29'),(212,'ANI SHIPPING CORP.','-\n-\n-','','2025-03-12 23:43:29','2025-03-12 23:43:29'),(213,'KMS B.V.','VIJFHUIZERDIJK 110, 2141 BD, VIJFHUIZEN\nVijfhuizen\nTHE NETHERLANDS','','2025-03-12 23:43:29','2025-03-12 23:43:29'),(214,'HELEN K W F MARINE LTD','Altabshori Bldg, Althaqafe St\nTripoli\nLEBANON','6416853','2025-03-12 23:43:29','2025-03-12 23:43:29'),(215,'PROMARINE SHIPMANAGEMENT CO. S.A.','3, Palaska Street,\n12462 Haidari\nGREECE','6420351','2025-03-12 23:43:29','2025-03-12 23:43:29'),(216,'ETIHAD ENGG & MARINE SERVICES FZC','P.O. Boc 42235, Hamriyah Free Zone\nSharjah\nUAE','5700690','2025-03-12 23:43:29','2025-03-12 23:43:29'),(217,'POLE STAR FOR MANAGEMENT AND MARINE CONSULTANCY','Apartment 1, 2nd Floor, Sawary Compound,\n53, Suez Canal Road,\nAlexandria\nEGYPT','6463039','2025-03-12 23:43:29','2025-03-12 23:43:29'),(218,'MMS TWO LTD.','1 Agriniou Street, 3066\nLIMASSOL\nCYPRUS\nE-mail: info@multimarine.com.cy','','2025-03-12 23:43:29','2025-03-12 23:43:29'),(219,'AMMOS MARINE COMPANY','FSBC0135, Compass Building, Al Shohada Road\nRas Al Khaimah, 329668, Al Hmra Industrial Zone-FZ\nAl Hmra\nUAE','6431767','2025-03-12 23:43:29','2025-03-12 23:43:29'),(220,'P.T. PELAYARAN ANDALAS BAHTERA BARUNA','JL. TIANG BENDERA V, JAKARTA BARA DKI 11230,\nREPUBLIC OF INDONESIA\n-\n-\nE-mail: safety@ptabb.com','1909263','2025-03-12 23:43:29','2025-03-12 23:43:29'),(221,'JOY MARINE COMPANY','Street Ileana Consanzeana Nr.:10, ET 1, AP 1,\n\nCONSTANTA\nROMANIA','5757040','2025-03-12 23:43:29','2025-03-12 23:43:29'),(222,'OCEANGLOW YACHTING MCPY','9 ANAGNOSTOPOULOU STR.,\nAthens\nGREECE','','2025-03-12 23:43:29','2025-03-12 23:43:29'),(223,'MN SHIPPING INC.','131, V. Kornarou Street,\n\n72300 Sitia\nGREECE','6262133','2025-03-12 23:43:29','2025-03-12 23:43:29'),(224,'CHANNEL R ASSET MANAGEMENT LIMITED','-\n-\n-','','2025-03-12 23:43:29','2025-03-12 23:43:29'),(225,'NKRAH MARINE LIMITED','-\n-\n-','','2025-03-12 23:43:29','2025-03-12 23:43:29'),(226,'ATLANTIS MARITIME SERVICES LTD','Pirireis Mah. 1110 Sokak. No.9/7,\n33110 Mersin\nTURKEY','6432151','2025-03-12 23:43:29','2025-03-12 23:43:29'),(227,'SIRIUS SHIP MANAGEMENT CO SA','35-39 Akti Miaouli Str., 3rd Floor, Office 300\nPIRAEUS\nGREECE','6249328','2025-03-12 23:43:29','2025-03-12 23:43:29'),(228,'BUSOLAR AS','-\n-\n-','','2025-03-12 23:43:29','2025-03-12 23:43:29'),(229,'MONTEVIDEO SHIP MANAGEMENT LTD','Business Point Building, Office 903,\nPort Saeed Str., Deira,\nDubai\nUAE','6445219','2025-03-12 23:43:29','2025-03-12 23:43:29'),(230,'DS SHIPPING LTD','Kingsway Palace, 31/32/33, 3rd floor, Republic Street,\nVLT 1115 VALLETTA\nMALTA','6037944','2025-03-12 23:43:29','2025-03-12 23:43:29'),(231,'TAURUS MARITIME SHIP MANAGEMENT','10 MARIA LUISA BLVD, FL.1, 9000,\nVarna\nBULGARIA\nE-mail: rz@siriusmaritime.eu','6371551','2025-03-12 23:43:29','2025-03-12 23:43:29'),(232,'SIGMA SHIPMANAGEMENT S.A.','55, Polydefkous Street, P.O. BOX 18545,\nPIRAEUS\nGREECE','5970013','2025-03-12 23:43:29','2025-03-12 23:43:29'),(233,'EUPHORIA TRADING INC.','-\nMAJURO\nMARSHALL ISLANDS','','2025-03-12 23:43:29','2025-03-12 23:43:29'),(234,'FAREAST SHIPPING FOREIGN TRADE Co. LTD.','Head Ofiice: 4 BERTRAM ROAD.AIGBURTH,\nL178UF,\nLIVERPOOL\nUNITED KINGDOM\nE-mail: info@fareastship.com / yavuz@fareastship.com','','2025-03-12 23:43:29','2025-03-12 23:43:29'),(235,'OLEKSANDR CHAYKA','-\n-\n-','','2025-03-12 23:43:29','2025-03-12 23:43:29'),(236,'BERCO SHIPPING LTD','Kordonboyu Mah. Hamam Sok.\nYazlar Is Merkezi No.39 K.1, Kartal\n34860 Istanbul\nTURKEY','6167188','2025-03-12 23:43:29','2025-03-12 23:43:29'),(237,'TRIPOLI PILOT STATION','LEBANON\n-\n-','','2025-03-12 23:43:29','2025-03-12 23:43:29'),(238,'OLSEN SHIPMANAGEMENT INC.','Office No. HB-4-042, 4th Floor, Al Nokhita Building\nAl Hamriyah Port, P.O.Box : 48636\nDubai\nUAE','6461633','2025-03-12 23:43:29','2025-03-12 23:43:29'),(239,'KENVORT VENTURES INC','-\n-\n-','','2025-03-12 23:43:29','2025-03-12 23:43:29'),(240,'EVANGELIA M.C.P.Y.','6 Aggelou Sikelianou Street, 166 73 Voula,\nGREECE\n-\n-','','2025-03-12 23:43:29','2025-03-12 23:43:29'),(241,'ALPORT CONAKRY S.A.','Taouyah, South Corniche Rogbane, Ratoma\nMunicipality,\nConakry\nGuinea','6474461','2025-03-12 23:43:29','2025-03-12 23:43:29'),(242,'SOLSTICIJ D.O.O.','POLJICKA CESTA - ORIJ 95, DUGI RAY\nREBUBLIKA HRVATSKA, CRATIA\n-\n-','','2025-03-12 23:43:29','2025-03-12 23:43:29'),(243,'SOHO MARINE S.A','80 BROAD STREET.\nMonrovia\nLIBERIA','','2025-03-12 23:43:29','2025-03-12 23:43:29'),(244,'MARIAM SHIPPING S.A.','Building 312-542 Al Fahidi Street, Bur\nDubai\nUAE','6248069','2025-03-12 23:43:29','2025-03-12 23:43:29'),(245,'ALBA PETROLEUM LIMITED','MOMBASA\n97155 MOMBASA\nKENYA\nE-mail: technical@albapetroleum.com','1317028','2025-03-12 23:43:29','2025-03-12 23:43:29'),(246,'CILICIA SHIPPING COMPANY','Guzelyali Mh, Dirhem Sk. Ziya Bey\nAp.Kat:d.5 Pendik,\nISTANBUL\nTURKEY','6397932','2025-03-12 23:43:29','2025-03-12 23:43:29'),(247,'MEDITERRANEAN LINE INC.','1, An-Nasr Street, Al-Manshiyah,\n2nd Floor, Flat 14,\nAlexandria\nEGYPT','5001926','2025-03-12 23:43:29','2025-03-12 23:43:29'),(248,'SARKAS SHIPHOLDING LTD','Office 517, 35-39, Akti Miaouli,\n185 35 PIRAEUS\nGREECE','6484905','2025-03-12 23:43:29','2025-03-12 23:43:29'),(249,'TRUGRO SHIP MANAGEMENT PRIVATE LIMITED','3rd Floor Valley Mega Mall Pantha Chowk\n191104 Srinagar\nINDIA','6080878','2025-03-12 23:43:29','2025-03-12 23:43:29'),(250,'HELLENIC GLAMOR SHIP MANAGEMENT LLC','Office no 504, Ahli House 1, Amman Street, Al Nahda,\nDubai\nUAE\nE-mail: office@hellenicglamour.com','6387613','2025-03-12 23:43:29','2025-03-12 23:43:29'),(251,'ARTEMIS SHIPPING COMPANY L.L.C','Workshop 6, Warehouse 327 Maritime City,\nDubai\nUAE\nE-mail: info@artemisshippingco.com','6201035','2025-03-12 23:43:29','2025-03-12 23:43:29'),(252,'VICTORY MARINE LTD.','TORTOLA,\nBRITISH VIRGIN ISLANDS\n-\n-','','2025-03-12 23:43:29','2025-03-12 23:43:29'),(253,'Oleadas Shipping Services SA','Al Mamzar Street, Al Mamzar,\nDubai\nUAE','35147','2025-03-12 23:43:29','2025-03-12 23:43:29'),(254,'SEASPROUT ENTERPRISES LTD.','EVKIYA CELEBI MAHALLESI NAZAN SOKAK, No.: 2/6 LAGON\nPLAZA, TUZLA,\nISTANBUL\nTURKEY\nE-mail: hsqe@seasproutent.com','6482254','2025-03-12 23:43:29','2025-03-12 23:43:29'),(255,'ERKDENIZ DENIZCILIK ISLETMELERI LIMITED SIRKETI','SEHIT POLIS FETHI SEKIN CAD. ADALET MAH. DAIRE No.: 291\nKapt. No.: 4 IZMIR, BAYRAKLI, TURKEY\n-\n-','','2025-03-12 23:43:29','2025-03-12 23:43:29'),(256,'CILLIOGLU MADEN VE DENIZCILIK TIC. LTD. STI.','Ataturk Mah., Ertugrul Gazi Sok., Metropol Istanbul C1,\nNo: 2/B-242, Atasehir, TURKEY\n-\n-','6398551','2025-03-12 23:43:29','2025-03-12 23:43:29'),(257,'HAMBURG MARINE LINES PVT LTD','Thapar Complex, Office No -209, Plot No - 51,\nSector -15 Belapur,\n400614 Mumbai\nINDIA','6443654','2025-03-12 23:43:29','2025-03-12 23:43:29'),(258,'THE TRANS-ARAB WORLD COMPANY FOR CONTRACTING\nAND MANAGEMENT -SOTEG S.A.R.L 100%','-\n-\n-','','2025-03-12 23:43:29','2025-03-12 23:43:29'),(259,'BLUE WAVES MARITIME INC','Zalka Main Road, White Bldg., 1st Floor\nBEIRUT\nLEBANON','14129','2025-03-12 23:43:29','2025-03-12 23:43:29'),(260,'MIA SEAWAYS LTD','Nahr Ibrahim Street, Tekaian Building,\n3rd floor,\nBEIRUT\nLEBANON','6379220','2025-03-12 23:43:29','2025-03-12 23:43:29'),(261,'IVADELL\'S SHIPPING COMPANY LTD','Suite 3, P.O. Box N-8988\nBayberry Street\nNassau\nBAHAMAS','6325463','2025-03-12 23:43:29','2025-03-12 23:43:29'),(262,'KARADERE DENIZ TASIMACILIGI TICARET LIMITED','-\n-\n-','','2025-03-12 23:43:29','2025-03-12 23:43:29'),(263,'WORLDTRANS SHIPPING LTD','22 Callatis Street,\nCONSTANTA\nROMANIA\nE-mail: samir@ademarlb.com','57411','2025-03-12 23:43:29','2025-03-12 23:43:29'),(264,'SPEK HOLDING B.V.','-\nVijfhuizen\nTHE NETHERLANDS','','2025-03-12 23:43:29','2025-03-12 23:43:29'),(265,'BARLA DENIZCILIK VE TICARET LIMITED SIRKETI','Kordonboyu Mh. Hamam Sk Yazlar Is Merkezi, N:39 K:1 Kartal,\nISTANBUL\nTURKEY\nE-mail: berco@barladenizcilik.com.tr','5840712','2025-03-12 23:43:29','2025-03-12 23:43:29'),(266,'DAMEN SHIPYARDS GORINCHEM','-\n-\n-','5534658','2025-03-12 23:43:29','2025-03-12 23:43:29'),(267,'NJ MOON MARINE LTD','-\n-\n-','6343867','2025-03-12 23:43:29','2025-03-12 23:43:29'),(268,'REDWISE MARITIME SERVICES BV','Amersfoortseweg 12E, 3751 LK Bunschoten, Spakenburg,\nThe Netherlands\n-\n-','271444','2025-03-12 23:43:29','2025-03-12 23:43:29'),(269,'EMODRAGA, EP','-\n-\n-','','2025-03-12 23:43:29','2025-03-12 23:43:29'),(270,'SEA LOGISTICS S.A.','2nd Floor, Anwar Building, Azmi Street,\nTripoli\nLEBANON','6285816','2025-03-12 23:43:29','2025-03-12 23:43:29'),(271,'ALFAMARITIME','6 Neorion sq, P.O BOX 243\n85100 Rhodes\nGREECE','','2025-03-12 23:43:29','2025-03-12 23:43:29'),(272,'AMALI MARINE SERVICES LLC','Office 402, Business Point Building, Deira\n\nDubai\nUAE','6484193','2025-03-12 23:43:29','2025-03-12 23:43:29'),(273,'DETEK DENIZ TEKNOLOJI VE TICARET LIMITED SIRKETI','-\n-\n-','','2025-03-12 23:43:29','2025-03-12 23:43:29'),(274,'CHENAB SHIP MANAGEMENT (OPC) LVT LTD','Booth 14, Pocket C, Sector 89,\nSector 56, SAS Nagar, Mohali\nChandigarh\nINDIA','12808','2025-03-12 23:43:29','2025-03-12 23:43:29'),(275,'SMY SHIPPING FOREIGN TRADE COMPANY','-\n-\n-','','2025-03-12 23:43:29','2025-03-12 23:43:29'),(276,'NJ TRUST MARINE LTD','11, Agiou Spryridonos Street, 1st Floor,\n18535 PIRAEUS\nGREECE','6163211','2025-03-12 23:43:29','2025-03-12 23:43:29'),(277,'IMAN S.A.','ILOT MST, LOT. No.491, NOUADHIBOU,\nMAURITANIA\n-\n-','','2025-03-12 23:43:29','2025-03-12 23:43:29'),(278,'BEATRIS SHIPPING INC','TOM BUILDING, BESIDE SQUARE COFFEE, AZMI BEIK STREET\nMANSOURA, TRIPOLI, 1300, LEBANON\nTripoli\nLEBANON','6441701','2025-03-12 23:43:29','2025-03-12 23:43:29'),(279,'VALERITA LTD.','SUITE 1, SECOND FLOOR, SOUND & VISION HOUSE, FRANCIS\nRACHEL STR., VICTORIA, MAHE, SEYCHELLES\n-\n-','','2025-03-12 23:43:29','2025-03-12 23:43:29'),(280,'STAR SHIP DENIZCILIK VE TICARET. LTD. STI','ACIBADEM MAH, TASKOPRU CD. No 28/3 KADIKOY\nIstanbul\nTURKEY','6226382','2025-03-12 23:43:29','2025-03-12 23:43:29'),(281,'SED DENIZCILIK VE DIS TICARET ANONIM SIRKETI','Ataturk Mah. Ertugrul Gazi Sk. Metropol\nIstanbul ABL.2E/331 Atasehir\nIstanbul\nTURKEY','6430724','2025-03-12 23:43:29','2025-03-12 23:43:29'),(282,'MEDT DENIZCILIK ANONIM SIRKETI','IBRAHIM KORAY SK. AYDINTEPE MAH.\nDAIRE No:8\nISTANBUL\nTURKEY','','2025-03-12 23:43:29','2025-03-12 23:43:29'),(283,'SILVER LINE SHIPPING COMPANY LTD','1618, 2 Lelinska Chuka Str. Office 1\nSofia\nBULGARIA','6433539','2025-03-12 23:43:29','2025-03-12 23:43:29'),(284,'CONSTRUCTION AND MAINTENANCE AUTHORITY FOR\nPORTS AND FISHING HARBORS','-\n-\n-','','2025-03-12 23:43:29','2025-03-12 23:43:29'),(285,'SORRENTO SHIPPING S.A.','52, Platonos Street, Keratsini,\n18755 Athens\nGREECE','35195','2025-03-12 23:43:29','2025-03-12 23:43:29'),(286,'TROND A. KITTILSEN SHIPPING AS','FROEYAS VEI 9,\n3960 STATHELLE, NORWAY\n-\n-\nE-mail:','','2025-03-12 23:43:29','2025-03-12 23:43:29'),(287,'FULUKA DENIZCILIK VETIC STI LTD','Icmeler Mah Aydinli Cadcagdas Sokak Vema No1 C\nBlok Kat 10 Daire 240 Tuzla,\nIstanbul\nTURKEY','6301281','2025-03-12 23:43:29','2025-03-12 23:43:29'),(288,'LUSIMONA BUSINESS GROUP LTD','SUITE 1, 2nd FLOOR,SOUND & VISION HOUSE\nFRANCIS RACHEL STR, VICTORIA,MAHE SEYCHELLES\n-\n-\nE-mail: engineer@fisherygroup.com','','2025-03-12 23:43:29','2025-03-12 23:43:29'),(289,'000001','ψωχψωψχωψ',NULL,'2025-03-20 07:46:19','2025-03-20 07:47:04'),(290,'ΔΙΕΥΘΥΝΣΗ ΠΛΩΤΩΝ ΜΕΣΩΝ ΤΜΗΜΑ 1','Piraeus, Greece',NULL,'2025-04-23 09:26:56','2025-04-23 09:26:56'),(292,'DASPESCAS GROUP S.A. - PANAMA','-\nPANAMA\nPANAMA','','2025-05-12 12:00:54','2025-05-12 12:00:54'),(293,'MED STAR SHIPPING S.A.','C/O AZMI STREET, AL ANWAR BUILDING, 1st FLOOR,\nTripoli\nLEBANON\nE-mail: operation.medstar@gmail.com','5751289','2025-05-12 12:00:54','2025-05-12 12:00:54'),(294,'FGAS PETROL JSC','NGUYEN DU STREET, No.68, 3rd Fl., HAI BA TRUNG DIST.,\nHA NOI, VIETNAM\n-\n-\nE-mail: dat.dq@fgaspetrol.com','5562576','2025-05-12 12:00:54','2025-05-12 12:00:54'),(295,'OCEAN WHALE COMPANY LIMITED','ROOM 4, OFFICE 18, BLOCK 19, VINCENTI BLD.\nSTRAIT STREET, VLT-1432\nVALLETTA\nMALTA','','2025-05-12 12:00:55','2025-05-12 12:00:55'),(296,'BARRUS MARINE INC.','AJELTAKE ROAD\nMAJURO\nMARSHALL ISLANDS','','2025-05-12 12:00:55','2025-05-12 12:00:55'),(297,'MARS OIL SERVICE','HAY ALANDLOS  28 AHMED BEN WARED ST.P.O. BOX 8313\nTripoli\nLEBANON','','2025-05-12 12:00:55','2025-05-12 12:00:55'),(298,'ARADAS ENERGY LLC.','Kornich Street,\nTripoli\nLEBANON','6426024','2025-05-12 12:00:55','2025-05-12 12:00:55'),(299,'ODF SHIPPING & TRADING CO.','Daire 197, Bina 2C, Cagdas Sokak, Icmeler Mah, Tuzla\nIstanbul\nTURKEY','138906','2025-05-12 12:00:55','2025-05-12 12:00:55'),(300,'TOS SHIPDELIVERY BV','WAALHAVEN OZ 77, 3087BM,\nRotterdam\nNETHERLAND\nE-mail: shipdelivery@tos.nl','5257740','2025-05-12 12:00:55','2025-05-12 12:00:55'),(301,'SEASPROUT ENTERPRISES LTD.','EVLIYA CELEBI MAHALLESI NAZAN SOKAK, No.: 2/6 LAGON\nPLAZA, TUZLA,\nISTANBUL\nTURKEY\nE-mail: hsqe@seasproutent.com','6482254','2025-05-12 12:00:55','2025-05-12 12:00:55'),(302,'AIAS MARITIME LTD','Triptolemou 17, Vari, 16672,\nAthens\nGREECE','167986','2025-05-12 12:00:56','2025-05-12 12:00:56'),(303,'GROVE SHIPPING LLC','26 A, 14th Floor, Regal Tower,\nBusiness Bay,\nDubai\nUAE','108218','2025-05-12 12:00:56','2025-05-12 12:00:56'),(304,'GOLDEN SEA YACHTS M.C.P.Y','3 ORFEOS STR, VARI\nATHENS\nGREECE','','2025-05-12 12:00:56','2025-05-12 12:00:56'),(305,'STARFISH SHIPHOLDING S.A.','Evliya Celebi Mahallesi Nazan Sokak.No.2/6,\nLagon, pLAZA tUZLA,\nISTANBUL\nTURKEY\nE-mail: hsqe@starfishshipholding.com','6422415','2025-05-12 12:00:56','2025-05-12 12:00:56'),(306,'MYNE INC','AJELTAKE TRUST COMPANY COMPLEX, AJELTAKE ROAD,\nAJELTAKE ISLAND,\nMAJURO\nMARSHALL ISLANDS','','2025-05-12 12:00:56','2025-05-12 12:00:56'),(307,'TRUE NAVIGATION PTE. LTD.','10 ANSON ROAD\nSingapore\nSINGAPORE','','2025-05-12 12:00:56','2025-05-12 12:00:56'),(308,'OCEANPACK SHIP MANAGEMENT PVT. LTD.','Office No. A154, Balaji Bhavan, Plot 42A,\nSector 11, CBD Belapur, 400614 Navi\nMumbai\nINDIA','47958','2025-05-12 12:00:56','2025-05-12 12:00:56'),(309,'OCEANIC STEAMSHIPS LIMITED','RM.1902, Easey Comm. Bldg., 253-261\nHennessy Road, Wanchai,\nHong Kong\nHONG KONG','6205608','2025-05-12 12:00:56','2025-05-12 12:00:56'),(310,'CANNA INTERNATIONAL INC.','EVLIYA CELEBI MAHALLESI NAZAN SOKSK. No:2/6\nLAGON PLAZA, TUZLA,\nISTANBUL\nTURKEY\nE-mail: coo@cannainte.com','6456023','2025-05-12 12:00:56','2025-05-12 12:00:56'),(311,'DIRECT SHIPPING COMPANY LIMITED','Archiepiskopou Makriou III, 228 Agios Pavlos Court.\n4th flloor flat / office 411 / 412 Limassol 3030\nLIMASSOL\nCYPRUS','','2025-05-12 12:00:56','2025-05-12 12:00:56'),(312,'AKRA NAVIGATION LIMITED','Trust Company Complex, Ajeltake Road,\nAjeltake Island, Majuro MH 96960, Panama\nPANAMA\nPANAMA','162221','2025-05-12 12:00:56','2025-05-12 12:00:56'),(313,'EGE SHIP DENIZCILIK SAN. TIC. LTD. STI.','Yayla Mah. Fevzi Cakmak Cad. Oflu Apt. No.: 52/3,\nTuzla 34944\nIstanbul\nTURKEY\nE-mail: chartering@egeship.com','109335','2025-05-12 12:00:56','2025-05-12 12:00:56');

--
-- Table structure for table `master_certificate_types`
--

CREATE TABLE `master_certificate_types` (
  `id` bigint unsigned NOT NULL AUTO_INCREMENT,
  `code` varchar(50) COLLATE utf8mb4_unicode_ci NOT NULL,
  `name` varchar(255) COLLATE utf8mb4_unicode_ci NOT NULL,
  `kind` enum('class','statutory','other') COLLATE utf8mb4_unicode_ci NOT NULL DEFAULT 'statutory',
  `category` varchar(100) COLLATE utf8mb4_unicode_ci DEFAULT NULL COMMENT 'e.g. MARPOL, SOLAS, Class, Loadline',
  `applicable_validity_types` json DEFAULT NULL COMMENT 'JSON list, e.g. ["full_term","short_term","interim"]',
  `default_validity_months` smallint unsigned DEFAULT NULL,
  `regulation_reference` varchar(255) COLLATE utf8mb4_unicode_ci DEFAULT NULL,
  `is_active` tinyint(1) NOT NULL DEFAULT '1',
  `sort_order` int unsigned NOT NULL DEFAULT '0',
  `created_at` timestamp NULL DEFAULT NULL,
  `updated_at` timestamp NULL DEFAULT NULL,
  PRIMARY KEY (`id`),
  UNIQUE KEY `master_certificate_types_code_unique` (`code`),
  KEY `master_certificate_types_kind_index` (`kind`),
  KEY `master_certificate_types_is_active_index` (`is_active`)
) ENGINE=InnoDB AUTO_INCREMENT=20 DEFAULT CHARSET=utf8mb4 COLLATE=utf8mb4_unicode_ci;

--
-- Dumping data for table `master_certificate_types`
--

INSERT INTO `master_certificate_types` VALUES (1,'CHM','Class Hull & Machinery','class','Class','[\"full_term\", \"short_term\"]',60,'INSB Class Rules',1,10,'2026-05-06 08:01:22','2026-05-06 08:01:22'),(2,'CRI','Class Refrigerating Installation','class','Class','[\"full_term\", \"short_term\"]',60,'INSB Class Rules',1,20,'2026-05-06 08:01:22','2026-05-06 08:01:22'),(3,'TOW','Towage Certificate','class','Class','[\"full_term\", \"short_term\", \"interim\"]',NULL,'INSB Class Rules',1,30,'2026-05-06 08:01:22','2026-05-06 08:01:22'),(4,'ILL','International Load Line Certificate','statutory','Loadline','[\"full_term\", \"short_term\"]',60,'ILLC 1966 / Protocol 1988',1,100,'2026-05-06 08:01:22','2026-05-06 08:01:22'),(5,'SCC','International Safety Construction Certificate','statutory','SOLAS','[\"full_term\", \"short_term\"]',60,'SOLAS 1974, Ch. I/12',1,110,'2026-05-06 08:01:22','2026-05-06 08:01:22'),(6,'SEC','International Safety Equipment Certificate','statutory','SOLAS','[\"full_term\", \"short_term\"]',60,'SOLAS 1974, Ch. I/12',1,120,'2026-05-06 08:01:22','2026-05-06 08:01:22'),(7,'SRC','International Safety Radio Certificate','statutory','SOLAS','[\"full_term\", \"short_term\"]',60,'SOLAS 1974, Ch. I/12',1,130,'2026-05-06 08:01:22','2026-05-06 08:01:22'),(8,'PSSC','International Passenger Ship Safety Certificate','statutory','SOLAS','[\"full_term\", \"short_term\"]',12,'SOLAS 1974, Ch. I/12',1,140,'2026-05-06 08:01:22','2026-05-06 08:01:22'),(9,'IOPP','International Oil Pollution Prevention Certificate','statutory','MARPOL','[\"full_term\", \"short_term\"]',60,'MARPOL Annex I',1,200,'2026-05-06 08:01:22','2026-05-06 08:01:22'),(10,'IAPP','International Air Pollution Prevention Certificate','statutory','MARPOL','[\"full_term\", \"short_term\"]',60,'MARPOL Annex VI',1,210,'2026-05-06 08:01:22','2026-05-06 08:01:22'),(11,'ISPP','International Sewage Pollution Prevention Certificate','statutory','MARPOL','[\"full_term\", \"short_term\"]',60,'MARPOL Annex IV',1,220,'2026-05-06 08:01:22','2026-05-06 08:01:22'),(12,'GPP','Garbage Pollution Prevention Certificate','statutory','MARPOL','[\"full_term\", \"short_term\"]',60,'MARPOL Annex V',1,230,'2026-05-06 08:01:22','2026-05-06 08:01:22'),(13,'BWMC','Ballast Water Management Certificate','statutory','BWM','[\"full_term\", \"short_term\"]',60,'BWM Convention 2004',1,240,'2026-05-06 08:01:22','2026-05-06 08:01:22'),(14,'IHM','International Hazardous Material (IHM EU) Certificate','statutory','IHM','[\"full_term\", \"short_term\"]',60,'EU SRR / Hong Kong Convention',1,250,'2026-05-06 08:01:22','2026-05-06 08:01:22'),(15,'SBC','Solid Bulk Cargoes Certificate','statutory','SOLAS','[\"full_term\", \"short_term\"]',60,'IMSBC Code',1,300,'2026-05-06 08:01:22','2026-05-06 08:01:22'),(16,'DGDOC','Carriage of Dangerous Goods - Document of Compliance','statutory','SOLAS','[\"full_term\", \"short_term\"]',60,'SOLAS Ch. II-2/19',1,310,'2026-05-06 08:01:22','2026-05-06 08:01:22'),(17,'IGC','Fitness for the Carriage of Liquified Gases in Bulk','statutory','IGC','[\"full_term\", \"short_term\"]',60,'IGC Code',1,320,'2026-05-06 08:01:22','2026-05-06 08:01:22'),(18,'MODU','Mobile Offshore Drilling Unit (MODU) Certificate','statutory','MODU','[\"full_term\", \"short_term\"]',60,'MODU Code',1,330,'2026-05-06 08:01:22','2026-05-06 08:01:22'),(19,'PYAI','Certificate of Annual Inspection of Pleasure Yachts','statutory','National','[\"full_term\"]',12,'National regulation',1,400,'2026-05-06 08:01:22','2026-05-06 08:01:22');

--
-- Table structure for table `media`
--

CREATE TABLE `media` (
  `id` bigint unsigned NOT NULL AUTO_INCREMENT,
  `model_type` varchar(255) COLLATE utf8mb4_unicode_ci NOT NULL,
  `model_id` bigint unsigned NOT NULL,
  `uuid` char(36) COLLATE utf8mb4_unicode_ci DEFAULT NULL,
  `collection_name` varchar(255) COLLATE utf8mb4_unicode_ci NOT NULL,
  `name` varchar(255) COLLATE utf8mb4_unicode_ci NOT NULL,
  `file_name` varchar(255) COLLATE utf8mb4_unicode_ci NOT NULL,
  `mime_type` varchar(255) COLLATE utf8mb4_unicode_ci DEFAULT NULL,
  `disk` varchar(255) COLLATE utf8mb4_unicode_ci NOT NULL,
  `conversions_disk` varchar(255) COLLATE utf8mb4_unicode_ci DEFAULT NULL,
  `size` bigint unsigned NOT NULL,
  `manipulations` json NOT NULL,
  `custom_properties` json NOT NULL,
  `generated_conversions` json NOT NULL,
  `responsive_images` json NOT NULL,
  `order_column` int unsigned DEFAULT NULL,
  `created_at` timestamp NULL DEFAULT NULL,
  `updated_at` timestamp NULL DEFAULT NULL,
  PRIMARY KEY (`id`),
  UNIQUE KEY `media_uuid_unique` (`uuid`),
  KEY `media_model_type_model_id_index` (`model_type`,`model_id`),
  KEY `media_order_column_index` (`order_column`)
) ENGINE=InnoDB DEFAULT CHARSET=utf8mb4 COLLATE=utf8mb4_unicode_ci;

--
-- Dumping data for table `media`
--


--
-- Table structure for table `memoranda`
--

CREATE TABLE `memoranda` (
  `id` bigint unsigned NOT NULL AUTO_INCREMENT,
  `shipid` varchar(255) COLLATE utf8mb4_unicode_ci NOT NULL,
  `imposed` date DEFAULT NULL,
  `text` text COLLATE utf8mb4_unicode_ci,
  `effective` date DEFAULT NULL,
  `deleted` varchar(255) COLLATE utf8mb4_unicode_ci DEFAULT NULL,
  `status` varchar(25) COLLATE utf8mb4_unicode_ci DEFAULT NULL,
  `closure_date` date DEFAULT NULL,
  `closure_reference` varchar(150) COLLATE utf8mb4_unicode_ci DEFAULT NULL,
  `source_assignment_id` bigint unsigned DEFAULT NULL,
  `source_observation_id` bigint unsigned DEFAULT NULL,
  `created_at` timestamp NULL DEFAULT NULL,
  `updated_at` timestamp NULL DEFAULT NULL,
  PRIMARY KEY (`id`),
  KEY `memoranda_shipid_index` (`shipid`),
  KEY `memoranda_shipid_source_assignment_index` (`shipid`,`source_assignment_id`),
  KEY `memoranda_source_observation_index` (`source_observation_id`)
) ENGINE=InnoDB AUTO_INCREMENT=2 DEFAULT CHARSET=utf8mb4 COLLATE=utf8mb4_unicode_ci;

--
-- Dumping data for table `memoranda`
--

INSERT INTO `memoranda` VALUES (1,'1','2026-06-13','δσασδ',NULL,NULL,'open',NULL,NULL,1,2,'2026-05-11 07:04:33','2026-05-11 07:04:33');

--
-- Table structure for table `memos`
--

CREATE TABLE `memos` (
  `id` bigint unsigned NOT NULL AUTO_INCREMENT,
  `shipid` varchar(255) COLLATE utf8mb4_unicode_ci NOT NULL,
  `imposed` date DEFAULT NULL,
  `text` text COLLATE utf8mb4_unicode_ci,
  `effective` date DEFAULT NULL,
  `deleted` varchar(255) COLLATE utf8mb4_unicode_ci DEFAULT NULL,
  `status` varchar(25) COLLATE utf8mb4_unicode_ci DEFAULT NULL,
  `closure_date` date DEFAULT NULL,
  `closure_reference` varchar(150) COLLATE utf8mb4_unicode_ci DEFAULT NULL,
  `source_assignment_id` bigint unsigned DEFAULT NULL,
  `source_observation_id` bigint unsigned DEFAULT NULL,
  `created_at` timestamp NULL DEFAULT NULL,
  `updated_at` timestamp NULL DEFAULT NULL,
  PRIMARY KEY (`id`),
  KEY `memos_shipid_index` (`shipid`),
  KEY `memos_shipid_source_assignment_index` (`shipid`,`source_assignment_id`),
  KEY `memos_source_observation_index` (`source_observation_id`)
) ENGINE=InnoDB AUTO_INCREMENT=2 DEFAULT CHARSET=utf8mb4 COLLATE=utf8mb4_unicode_ci;

--
-- Dumping data for table `memos`
--

INSERT INTO `memos` VALUES (1,'1','2026-05-30','ασδα',NULL,NULL,'open',NULL,NULL,1,3,'2026-05-11 07:04:33','2026-05-11 07:04:33');

--
-- Table structure for table `migrations`
--

CREATE TABLE `migrations` (
  `id` int unsigned NOT NULL AUTO_INCREMENT,
  `migration` varchar(255) COLLATE utf8mb4_unicode_ci NOT NULL,
  `batch` int NOT NULL,
  PRIMARY KEY (`id`)
) ENGINE=InnoDB AUTO_INCREMENT=197 DEFAULT CHARSET=utf8mb4 COLLATE=utf8mb4_unicode_ci;

--
-- Dumping data for table `migrations`
--

INSERT INTO `migrations` VALUES (1,'2025_09_08_135005_create_bookings_table',1),(2,'2025_09_10_172848_update_bookings_survey_columns',1),(3,'2026_03_31_112342_create_activity_logs_table',1),(4,'2026_03_31_112342_create_assignment_surveyor_table',1),(5,'2026_03_31_112342_create_assignments_table',1),(6,'2026_03_31_112342_create_auto_backups_table',1),(7,'2026_03_31_112342_create_cache_locks_table',1),(8,'2026_03_31_112342_create_cache_table',1),(9,'2026_03_31_112342_create_case_services_table',1),(10,'2026_03_31_112342_create_case_statuses_table',1),(11,'2026_03_31_112342_create_cases_table',1),(12,'2026_03_31_112342_create_certificates_table',1),(13,'2026_03_31_112342_create_countries_table',1),(14,'2026_03_31_112342_create_departments_table',1),(15,'2026_03_31_112342_create_email_notifications_table',1),(16,'2026_03_31_112342_create_failed_jobs_table',1),(17,'2026_03_31_112342_create_form_submissions_table',1),(18,'2026_03_31_112342_create_form_templates_table',1),(19,'2026_03_31_112342_create_job_batches_table',1),(20,'2026_03_31_112342_create_jobs_table',1),(21,'2026_03_31_112342_create_managers_table',1),(22,'2026_03_31_112342_create_memoranda_table',1),(23,'2026_03_31_112342_create_memos_table',1),(24,'2026_03_31_112342_create_model_has_permissions_table',1),(25,'2026_03_31_112342_create_model_has_roles_table',1),(26,'2026_03_31_112342_create_notifications_table',1),(27,'2026_03_31_112342_create_offices_table',1),(28,'2026_03_31_112342_create_owners_table',1),(29,'2026_03_31_112342_create_password_policies_table',1),(30,'2026_03_31_112342_create_password_reset_tokens_table',1),(31,'2026_03_31_112342_create_permissions_table',1),(32,'2026_03_31_112342_create_ports_table',1),(33,'2026_03_31_112342_create_pre_arrangements_table',1),(34,'2026_03_31_112342_create_priorities_table',1),(35,'2026_03_31_112342_create_read_notifications_table',1),(36,'2026_03_31_112342_create_recommendations_table',1),(37,'2026_03_31_112342_create_reports_table',1),(38,'2026_03_31_112342_create_role_has_permissions_table',1),(39,'2026_03_31_112342_create_roles_table',1),(40,'2026_03_31_112342_create_sessions_table',1),(41,'2026_03_31_112342_create_ship_builders_table',1),(42,'2026_03_31_112342_create_ship_hull_materials_table',1),(43,'2026_03_31_112342_create_ship_statuses_table',1),(44,'2026_03_31_112342_create_ship_types_table',1),(45,'2026_03_31_112342_create_ships_table',1),(46,'2026_03_31_112342_create_step_permissions_table',1),(47,'2026_03_31_112342_create_survey_categories_table',1),(48,'2026_03_31_112342_create_survey_names_table',1),(49,'2026_03_31_112342_create_survey_types_table',1),(50,'2026_03_31_112342_create_surveyor_survey_type_table',1),(51,'2026_03_31_112342_create_surveyors_table',1),(52,'2026_03_31_112342_create_surveys_table',1),(53,'2026_03_31_112342_create_system_settings_table',1),(54,'2026_03_31_112342_create_user_ships_table',1),(55,'2026_03_31_112342_create_users_table',1),(56,'2026_03_31_112345_add_foreign_keys_to_activity_logs_table',1),(57,'2026_03_31_112345_add_foreign_keys_to_assignment_surveyor_table',1),(58,'2026_03_31_112345_add_foreign_keys_to_assignments_table',1),(59,'2026_03_31_112345_add_foreign_keys_to_case_services_table',1),(60,'2026_03_31_112345_add_foreign_keys_to_cases_table',1),(61,'2026_03_31_112345_add_foreign_keys_to_form_submissions_table',1),(62,'2026_03_31_112345_add_foreign_keys_to_form_templates_table',1),(63,'2026_03_31_112345_add_foreign_keys_to_model_has_permissions_table',1),(64,'2026_03_31_112345_add_foreign_keys_to_model_has_roles_table',1),(65,'2026_03_31_112345_add_foreign_keys_to_notifications_table',1),(66,'2026_03_31_112345_add_foreign_keys_to_ports_table',1),(67,'2026_03_31_112345_add_foreign_keys_to_pre_arrangements_table',1),(68,'2026_03_31_112345_add_foreign_keys_to_read_notifications_table',1),(69,'2026_03_31_112345_add_foreign_keys_to_role_has_permissions_table',1),(70,'2026_03_31_112345_add_foreign_keys_to_ships_table',1),(71,'2026_03_31_112345_add_foreign_keys_to_survey_types_table',1),(72,'2026_03_31_112345_add_foreign_keys_to_surveyor_survey_type_table',1),(73,'2026_03_31_112345_add_foreign_keys_to_surveyors_table',1),(74,'2026_03_31_112345_add_foreign_keys_to_surveys_table',1),(75,'2026_03_31_112345_add_foreign_keys_to_system_settings_table',1),(76,'2026_03_31_112345_add_foreign_keys_to_user_ships_table',1),(77,'2026_04_01_000001_create_assignment_surveys_table',1),(78,'2026_04_01_000002_add_foreign_keys_to_assignment_surveys_table',1),(79,'2026_04_02_000001_create_instructions_table',1),(80,'2026_04_02_000002_create_technical_instructions_table',1),(81,'2026_04_02_000003_add_instruction_number_to_instructions_table',1),(82,'2026_04_02_000004_change_pre_arrangements_json_columns_to_text',1),(83,'2026_04_02_000005_change_technical_instructions_json_columns_to_text',1),(84,'2026_04_02_000006_add_committee_columns_to_instructions_table',1),(85,'2026_04_02_000007_add_assigned_surveyor_id_to_technical_instructions_table',1),(86,'2026_04_06_000001_add_is_authorized_to_surveyor_survey_type_table',1),(87,'2026_04_07_121700_create_qms_folders_table',1),(88,'2026_04_07_121710_create_qms_documents_table',1),(89,'2026_04_07_121720_create_qms_document_versions_table',1),(90,'2026_04_07_121730_add_foreign_keys_to_qms_tables',1),(91,'2026_04_07_145600_add_manage_qms_permission',1),(92,'2026_04_07_162300_remove_unused_qms_metadata_columns',1),(93,'2026_04_08_133400_create_assignment_receive_sr_certificates_table',1),(94,'2026_04_09_104500_create_assignment_receive_reports_table',1),(95,'2026_04_09_110500_create_instruction_histories_table',1),(96,'2026_04_09_113000_create_assignment_surveyor_evaluations_table',1),(97,'2026_04_09_115500_create_assignment_evaluation_reports_table',1),(98,'2026_04_15_143000_add_is_active_column_to_form_templates_table',1),(99,'2026_04_15_151000_link_form_templates_to_qms_documents',1),(100,'2026_04_15_170500_add_context_columns_to_form_submissions_table',1),(101,'2026_04_16_112340_add_deleted_at_to_certificates_table',1),(102,'2026_04_16_112710_add_deleted_at_to_recommendations_table',1),(103,'2026_04_16_144900_add_identity_fields_to_surveyors_table',1),(104,'2026_04_16_152500_add_surveyor_permissions',1),(105,'2026_04_16_154200_add_view_qms_permission',1),(106,'2026_04_20_110000_add_eval_score_to_assignment_surveyor_evaluations_table',1),(107,'2026_04_20_141700_add_category_scores_to_assignment_surveyor_evaluations_table',1),(108,'2026_04_20_150100_create_media_table',1),(109,'2026_04_20_161000_create_surveyor_qualifications_table',1),(110,'2026_04_21_124500_add_profile_fields_to_surveyors_table',1),(111,'2026_04_21_172241_add_user_id_to_bookings_table',1),(112,'2026_04_21_172536_normalize_bookings_table_structure',1),(113,'2026_04_22_133000_create_assignment_issue_full_terms_table',1),(114,'2026_04_24_111000_add_step7_metadata_to_surveys_table',1),(115,'2026_04_24_111100_create_assignment_update_survey_statuses_table',1),(116,'2026_04_24_123200_normalize_legacy_survey_cycles_and_backfill_survey_rows',1),(117,'2026_04_24_151500_create_assignment_observations_table',1),(118,'2026_04_24_151600_add_source_metadata_to_observation_tables',1),(119,'2026_04_24_160000_create_assignment_certificates_table',1),(120,'2026_04_24_160100_add_assignment_metadata_to_certificates_table',1),(121,'2026_04_27_120000_create_class_action_statuses_table',1),(122,'2026_04_27_120100_create_class_action_types_table',1),(123,'2026_04_27_120200_create_class_action_reasons_table',1),(124,'2026_04_27_120300_create_class_actions_table',1),(125,'2026_04_27_120400_add_notice_workflow_fields_to_class_actions_table',1),(126,'2026_04_27_120500_seed_reinstatement_class_action_type',1),(127,'2026_04_27_120600_make_class_reason_nullable_in_class_actions_table',1),(128,'2026_04_28_151923_seed_standard_ship_statuses',1),(129,'2026_04_28_163026_add_class_action_permissions',1),(130,'2026_04_29_100000_rename_slug_and_schema_in_form_templates',1),(131,'2026_04_29_101024_add_extra_class_action_permissions',1),(132,'2026_04_30_000001_add_module_permissions',1),(133,'2026_04_30_120000_inject_auto_populate_from_into_form_templates',2),(134,'2026_04_30_130000_inject_vessel_particulars_auto_populate_from',3),(135,'2026_04_30_140000_add_pdf_path_to_form_submissions_table',4),(136,'2026_04_30_150000_add_missing_committee_form_templates',5),(137,'2026_04_30_160000_complete_f4517_2_template',6),(138,'2026_04_30_170000_add_amendment_tracking_to_receive_reports',7),(139,'2026_04_30_180000_complete_step4_evaluation_reports',8),(140,'2026_04_30_190000_complete_f4517_21_surveyor_evaluation',9),(141,'2026_04_30_200000_complete_step6_outstandings_history',10),(144,'2026_05_05_120000_add_email_to_owners_and_offices_tables',11),(145,'2026_05_05_120100_add_cert_issuance_notification_settings',11),(146,'2026_05_05_110000_create_assignment_pa1_outstandings_table',12),(147,'2026_05_05_150000_create_assignment_pa1_case_elaborations_table',13),(148,'2026_05_05_150100_create_assignment_pa1_checklists_table',13),(149,'2026_05_05_160000_create_plan_approval_checklists_table',14),(150,'2026_05_05_160100_create_plan_approval_checklist_fields_table',14),(151,'2026_05_05_160200_create_assignment_pa1_checklist_field_values_table',15),(152,'2026_05_05_160300_seed_plan_approval_types_and_checklists',15),(153,'2026_05_05_120200_make_activity_log_user_id_nullable',16),(154,'2026_04_20_100001_create_imap_email_accounts_table',17),(155,'2026_04_20_100002_create_imap_threads_table',17),(156,'2026_04_20_100003_create_imap_contacts_table',17),(157,'2026_04_20_100004_create_imap_emails_table',17),(158,'2026_04_20_100005_create_imap_attachments_table',17),(159,'2026_04_20_100006_create_imap_inline_images_table',17),(160,'2026_04_20_110000_add_user_id_and_type_to_imap_email_accounts_table',17),(161,'2026_05_05_000001_make_imap_attachment_path_size_nullable',17),(162,'2026_05_05_162911_add_discovered_folders_to_imap_email_accounts_table',17),(163,'2026_05_05_164408_add_is_read_to_imap_emails_table',17),(164,'2026_05_05_170000_create_master_certificate_types_table',17),(165,'2026_05_05_170100_seed_master_certificate_types',17),(166,'2026_05_05_170200_add_master_cert_type_to_assignment_certificates',17),(167,'2026_05_06_120000_add_evaluation_status_and_auto_recommendation_to_step4',18),(168,'2026_05_06_135534_add_department_id_to_users_table',19),(169,'2026_05_06_140000_add_sas_stes_departments',20),(170,'2026_05_06_140100_add_sas_stes_td_roles_and_permissions',20),(171,'2026_05_07_130704_add_missing_checkboxes_to_assignment_receive_sr_certificates_table',21),(172,'2026_05_07_131911_add_sas_checklist_to_assignment_receive_reports_table',22),(173,'2026_05_07_153543_insert_gr_nae_form_template',23),(174,'2026_05_07_200000_create_assignment_pa2_approval_documents_table',24),(175,'2026_05_07_200100_create_assignment_pa3_completions_table',24),(176,'2026_05_11_000001_create_assignment_step_extra_forms_table',25),(177,'2026_05_11_000002_seed_ship_and_case_statuses',26),(178,'2026_05_11_102305_add_other_functions_notes_to_assignments_table',27),(179,'2026_05_11_200000_create_ship_csm_items_table',28),(180,'2026_05_11_210000_add_authorization_expiry_to_surveyor_survey_type_table',29),(181,'2026_05_11_220000_add_closure_fields_to_observation_tables',30),(182,'2026_05_11_230000_update_f4517_12_template_observation_auto_populate',31),(183,'2026_05_11_240000_add_amendment_references_json_to_sr_certificates_and_pause_status',32),(184,'2026_05_11_250000_add_amendment_references_json_to_receive_reports',33),(185,'2026_05_11_260000_add_spec_fields_to_evaluation_reports',34),(186,'2026_05_11_240001_create_api_credentials_table',35),(187,'2026_05_11_240002_create_signatures_table',35),(188,'2026_05_11_240003_add_signed_pdf_path_to_pa2_documents',35),(189,'2026_05_11_240004_add_sign_documents_permission',35),(190,'2026_05_11_250000_add_missing_departments',35),(191,'2026_05_12_123056_add_sign_forward_columns_to_form_submissions_table',36),(192,'2026_05_12_125858_change_survey_type_to_text_in_bookings_table',37),(193,'2026_05_12_150000_replace_eval_scores_with_f4517_11_categories',38),(194,'2026_05_12_100000_add_signing_workflow_to_issue_full_terms',39),(195,'2026_05_12_110000_create_assignment_issue_full_term_outstandings_table',39),(196,'2026_05_13_140116_make_certificates_type_nullable',40);

--
-- Table structure for table `model_has_permissions`
--

CREATE TABLE `model_has_permissions` (
  `permission_id` bigint unsigned NOT NULL,
  `model_type` varchar(255) COLLATE utf8mb4_unicode_ci NOT NULL,
  `model_id` bigint unsigned NOT NULL,
  PRIMARY KEY (`permission_id`,`model_id`,`model_type`),
  KEY `model_has_permissions_model_id_model_type_index` (`model_id`,`model_type`),
  CONSTRAINT `model_has_permissions_permission_id_foreign` FOREIGN KEY (`permission_id`) REFERENCES `permissions` (`id`) ON DELETE CASCADE
) ENGINE=InnoDB DEFAULT CHARSET=utf8mb4 COLLATE=utf8mb4_unicode_ci;

--
-- Dumping data for table `model_has_permissions`
--


--
-- Table structure for table `model_has_roles`
--

CREATE TABLE `model_has_roles` (
  `role_id` bigint unsigned NOT NULL,
  `model_type` varchar(255) COLLATE utf8mb4_unicode_ci NOT NULL,
  `model_id` bigint unsigned NOT NULL,
  PRIMARY KEY (`role_id`,`model_id`,`model_type`),
  KEY `model_has_roles_model_id_model_type_index` (`model_id`,`model_type`),
  CONSTRAINT `model_has_roles_role_id_foreign` FOREIGN KEY (`role_id`) REFERENCES `roles` (`id`) ON DELETE CASCADE
) ENGINE=InnoDB DEFAULT CHARSET=utf8mb4 COLLATE=utf8mb4_unicode_ci;

--
-- Dumping data for table `model_has_roles`
--

INSERT INTO `model_has_roles` VALUES (1,'App\\Models\\User',1),(5,'App\\Models\\User',3),(4,'App\\Models\\User',4);

--
-- Table structure for table `notifications`
--

CREATE TABLE `notifications` (
  `id` bigint unsigned NOT NULL AUTO_INCREMENT,
  `user_id` bigint unsigned DEFAULT NULL,
  `type` varchar(255) COLLATE utf8mb4_unicode_ci DEFAULT NULL,
  `title` varchar(255) COLLATE utf8mb4_unicode_ci DEFAULT NULL,
  `body` text COLLATE utf8mb4_unicode_ci,
  `entity_type` varchar(255) COLLATE utf8mb4_unicode_ci DEFAULT NULL,
  `entity_id` bigint unsigned DEFAULT NULL,
  `is_read` tinyint(1) NOT NULL DEFAULT '0',
  `send_at` timestamp NULL DEFAULT NULL,
  `sent_at` timestamp NULL DEFAULT NULL,
  `created_at` timestamp NULL DEFAULT NULL,
  `updated_at` timestamp NULL DEFAULT NULL,
  PRIMARY KEY (`id`),
  KEY `notifications_user_id_foreign` (`user_id`),
  CONSTRAINT `notifications_user_id_foreign` FOREIGN KEY (`user_id`) REFERENCES `users` (`id`) ON DELETE CASCADE
) ENGINE=InnoDB AUTO_INCREMENT=7 DEFAULT CHARSET=utf8mb4 COLLATE=utf8mb4_unicode_ci;

--
-- Dumping data for table `notifications`
--

INSERT INTO `notifications` VALUES (1,1,'cert_issued','Certificate Issued','Certificate of Class was issued successfully for vessel INSB-102.','Certificate',1,1,'2026-03-27 09:20:52','2026-03-27 09:20:52','2026-03-27 09:20:52','2026-03-27 13:00:36'),(2,1,'signature_required','Signature Required','Please sign the inspection report for case SSCD-0142.','Cases',142,1,'2026-03-26 12:20:52','2026-03-26 12:20:52','2026-03-26 12:20:52','2026-03-27 13:14:04'),(3,1,'amendment_needed','Amendment Needed','The submitted form template needs amendments before approval.','FormTemplate',3,1,'2026-03-25 12:20:52','2026-03-25 12:20:52','2026-03-25 12:20:52','2026-03-25 12:20:52'),(4,1,'review_required','Review Required','Review the latest compliance report for vessel INSB-204.','Report',7,1,'2026-03-27 14:20:52',NULL,'2026-03-27 11:20:52','2026-03-27 12:59:18'),(5,1,'assignment_due','Assignment Due Soon','Assignment #55 is due within 48 hours.','Assignment',55,1,'2026-03-27 06:20:52','2026-03-27 06:20:52','2026-03-27 06:20:52','2026-03-27 06:20:52'),(6,4,'certificate_issued','Certificates issued','Certificates for vessel GRAN FINALE were issued under assignment #1.','App\\Models\\Assignment',1,0,'2026-05-11 08:55:08','2026-05-11 08:55:08','2026-05-11 08:55:08','2026-05-11 08:55:08');

--
-- Table structure for table `offices`
--

CREATE TABLE `offices` (
  `id` bigint unsigned NOT NULL AUTO_INCREMENT,
  `name` varchar(255) COLLATE utf8mb4_unicode_ci NOT NULL,
  `address` varchar(255) COLLATE utf8mb4_unicode_ci DEFAULT NULL,
  `email` varchar(255) COLLATE utf8mb4_unicode_ci DEFAULT NULL,
  `code` varchar(255) COLLATE utf8mb4_unicode_ci DEFAULT NULL,
  `created_at` timestamp NULL DEFAULT NULL,
  `updated_at` timestamp NULL DEFAULT NULL,
  PRIMARY KEY (`id`)
) ENGINE=InnoDB AUTO_INCREMENT=130 DEFAULT CHARSET=utf8mb4 COLLATE=utf8mb4_unicode_ci;

--
-- Dumping data for table `offices`
--

INSERT INTO `offices` VALUES (1,'INSB ARGENTINA','Avda, Julio A. Roca 610\n4th Floor  /  Dept:C\nBuenos Aires\nARGENTINA\nFax.: +54 11 5235 5423\nE-mail: issb.arg@sascgroup.com',NULL,'ARG','2025-03-12 23:43:26','2025-05-12 12:17:49'),(2,'INSB BULGARIA Ltd.','11Vazrazhdane\n8000 BURGAS\nBULGARIA\nFax.: +359 56 879040\nE-mail: technical@insb-bulgaria.com',NULL,'BUL','2025-03-12 23:43:26','2025-05-12 12:17:49'),(3,'INSB CARIBBEAN','-\n-\n-\nE-mail: insbcaribe@gmail.com',NULL,'CAR','2025-03-12 23:43:26','2025-05-12 12:22:52'),(4,'INSB CYPRUS','143 Spyrou Kyprianou Avenue, Chrysanthou Business Center,\n3083 Limassol, P.O. Box: 56889-3310, CYPRUS\n-\n-\nTel.: +357 2500 4555\nFax.: +357 2500 4556\nE-mail: technical@insb-cy.com / info@insb-cy.com',NULL,'CYP','2025-03-12 23:43:26','2025-05-12 12:00:53'),(5,'INSB EAST ADRIATIC',NULL,NULL,'EAD','2025-03-12 23:43:26','2025-03-28 13:46:52'),(6,'INSB GHANA','Community 9, Shopping & Offices\nComplex,Tema,P.O.Box CE11160,GHANA\n-\n-\nFax.: +233 22 307160\nE-mail: zendaltd@yahoo.com',NULL,'GHA','2025-03-12 23:43:26','2025-05-12 12:17:49'),(7,'INSB Head Office',NULL,NULL,'HQ','2025-03-12 23:43:26','2025-03-28 13:47:58'),(8,'INSB INDONESIA',NULL,NULL,'IND','2025-03-12 23:43:26','2025-03-28 13:48:01'),(9,'INSB ITALY',NULL,NULL,'ITA','2025-03-12 23:43:26','2025-03-28 13:48:07'),(10,'INSB LIBYA','Front of Libyan airline, Haity Rd,\nTripoli\nLEBANON\nTel.: \nE-mail: insbly@insb.ly',NULL,'LIB','2025-03-12 23:43:26','2025-05-12 12:22:51'),(11,'INSB MADAGASCAR','Lot III F 99A - Atsimon\'i Mahamasina\n101 ANTANANARIVO, MADAGASCAR\n-\n-\nTel.: +261342076746\nFax.: -\nE-mail: captainmparany@gmail.com',NULL,'MAD','2025-03-12 23:43:26','2025-05-12 12:22:50'),(12,'INSB MALTA',NULL,NULL,'MAL','2025-03-12 23:43:26','2025-03-28 13:48:21'),(13,'INSB MIDDLE EAST AREA','El Zalka, President Amine\nGemayel Street, White Building,\nPO Box185 BEIRUT\nLEBANON\nFax.: +961-4-710247\nE-mail: tech@insb-mea.com',NULL,'MEA','2025-03-12 23:43:26','2025-05-12 12:17:49'),(14,'INSB MONTENEGRO d.o.o.','Zrtava Fasizma bb, Budva, MONTENEGRO\n\n-\n-\nTel.: +382 67 042 795\nFax.: +382 32 670 760\nE-mail: insbmontenegro@outlook.com',NULL,'MNT','2025-03-12 23:43:26','2025-03-28 13:48:35'),(15,'INSB NAMIBIA',NULL,NULL,'NAM','2025-03-12 23:43:26','2025-03-28 13:48:38'),(16,'INSB NORTH WEST EUROPE bvba','Hogebaan 51\nBus 2 B-2960\nBRECHT\nBELGIUM\nFax.: +32 3 231 9353\nE-mail: info@insb-nw-europe.com',NULL,'NW','2025-03-12 23:43:26','2025-05-12 12:17:49'),(17,'INSB NIGERIA Ltd.','41/43 Bombay Crescent, Bombay Estate\nApapa\nLAGOS\nNIGERIA\nTel.: +23480160307379\nFax.: \nE-mail: insbnigeria@gmail.com',NULL,'NIG','2025-03-12 23:43:26','2025-05-12 12:22:50'),(18,'INSB NORDIC AB - SWEDEN','Storgatan 6, 574 50 Ekenassjon, SWEDEN\n\n-\n-\nTel.: +4611287830\nFax.: \nE-mail: mail@insb.se',NULL,'NOR','2025-03-12 23:43:26','2025-05-12 12:22:51'),(19,'INSB PORTUGAL',NULL,NULL,'POR','2025-03-12 23:43:26','2025-03-28 13:49:50'),(20,'INSB SOUTH AFRICA','17 SAN MARCO, 18 SANDWICH COURT\n35 MORELAND DRIVE, LA LUCIA\n4051 DURBAN\nSOUTH AFRICA\nTel.: +82 782 5080\nE-mail: toliapostolou@gmail.com',NULL,'SAF','2025-03-12 23:43:26','2025-05-12 12:22:50'),(21,'INSB SAUDI ARABIA',NULL,NULL,'SAR','2025-03-12 23:43:26','2025-03-28 13:49:58'),(22,'INSB SINGAPORE',NULL,NULL,'SIN','2025-03-12 23:43:26','2025-03-28 13:50:04'),(23,'INSB SOUTH PACIFIC LTD.','3 Scotland Street, Freemans Bay,\nAuckland 1011, NEW ZEALAND\n-\n-\nFax.: +64 9 3760090\nE-mail: kaz@dunsfordmarine.co.nz',NULL,'SPA','2025-03-12 23:43:26','2025-05-12 12:17:49'),(24,'INSB TÜRKİYE','Icmeler Mahallesi, Zinnur Sokak, Lantana Plaza No: 3 Kat:2\nDaire:16, 34947 Tuzla\nISTANBUL\nTURKEY\nTel.: +902164945011\nFax.: \nE-mail: insb@insb.com.tr',NULL,'TUR','2025-03-12 23:43:26','2025-05-12 12:25:19'),(25,'INSB UKRAINE','1, ODESSKAYA SQ\n73010 KHERSON\nUKRAINE\nFax.: +380 55 2421540\nE-mail: insb.ukraine@gmail.com',NULL,'UKR','2025-03-12 23:43:26','2025-05-12 12:22:51'),(26,'INSB UNITED KINGDOM','56 HOLLAND PARK ROAD\nWEST KENSINGTON W148LZ\nLONDON\nUNITED KINGDOM\nFax.: +442 07 6034993\nE-mail: elsmore@elsmoreshipping.com',NULL,'UNK','2025-03-12 23:43:26','2025-05-12 12:17:49'),(27,'INSB USA Inc.','6278 North Federal Hwy. Suite 331\nFort Lauderdale, 33308,\nFlorida\nUSA\nFax.: +1 954 462 8350\nE-mail: mail@insb-usa.com',NULL,'USA','2025-03-12 23:43:26','2025-05-12 12:17:49'),(28,'INSB VIETNAM',NULL,NULL,'VIE','2025-03-12 23:43:26','2025-03-28 13:51:45'),(29,'INSB USA Inc.','6278 North Federal Hwy. Suite 331\nFort Lauderdale, 33308,\nFlorida\nUSA\nFax.: +1 954 462 8350\nE-mail: mail@insb-usa.com',NULL,'USA','2025-03-12 23:43:28','2025-03-28 13:51:56'),(30,'INSB Class Head Office','8 Kantharou Str.\n185 37 PIRAEUS\nGREECE\nTel.: +30 2104537993\nE-mail: insb@insb.gr',NULL,'HQ','2025-03-12 23:43:28','2025-05-12 12:17:49'),(31,'INSB CYPRUS','143 Spyrou Kyprianou Avenue, Chrysanthou Business Center,\n3083 Limassol, P.O. Box: 56889-3310, CYPRUS\n-\n-\nTel.: +357 2500 4555\nFax.: +357 2500 4556\nE-mail: technical@insb-cy.com / info@insb-cy.com',NULL,'CYP','2025-03-12 23:43:28','2025-03-28 13:40:07'),(32,'LOCAL INSB SURVEYOR IN USA','Bahia Mar Yachting Center, 801\nSeabreeze Blvd, Fort Lauderdale USA\n33316 -\n-\nFax.: +19545270345\nE-mail: linda@yachtreg.com',NULL,'USA (For Yachts)','2025-03-12 23:43:28','2025-05-12 12:17:49'),(33,'INSB SOUTH PACIFIC LTD.','3 Scotland Street, Freemans Bay,\nAuckland 1011, NEW ZEALAND\n-\n-\nFax.: +64 9 3760090\nE-mail: kaz@dunsfordmarine.co.nz',NULL,'SP','2025-03-12 23:43:28','2025-03-28 13:52:21'),(34,'INSB KLASLAMA HIZMETLERI LTD. STI.','Icmeler Mahallesi, Zinnur Sokak, Lantana Plaza No: 3 Kat:2\nDaire:16, 34947 Tuzla\nISTANBUL\nTURKEY\nTel.: +902164945011\nE-mail: insb@insb.com.tr',NULL,'TUR','2025-03-12 23:43:28','2025-05-12 12:17:49'),(35,'SOUTH AFRICA CAPE TOWN','9 Spray Road, Bloubergrant, P.O. Box 51786,\nWest Beach, 7449, Cape Town, SOUTH AFRICA\n-\n-\nFax.: \nE-mail: richarda@allsurvey.co.za',NULL,'SAF (Armstrong)','2025-03-12 23:43:28','2025-05-12 12:00:54'),(36,'INSB LATIN AMERICA','Ricardo J. Alfaro Ave\nEl Dorado,16 West Street\nPANAMA\nPANAMA\nFax.: +(507) 236-4591\nE-mail: latinamerica@insbamericas.com',NULL,'LA','2025-03-12 23:43:28','2025-03-28 14:09:31'),(37,'INSB VENEZUELA','EDIF. TORRE LA PREVISORA\nPISO 7, OFICINA TERQUIMCA,\n1050 CARACAS\nVENEZUELA\nFax.: +582 12 7819457\nE-mail: apallikaropoulos@yahoo.com',NULL,'VEN','2025-03-12 23:43:28','2025-05-12 12:17:49'),(42,'I.N.S.B. MONTENEGRO d.o.o.','Zrtava Fasizma bb, Budva, MONTENEGRO\n\n-\n-\nTel.: +382 67 042 795\nFax.: +382 32 670 760\nE-mail: insbmontenegro@outlook.com',NULL,NULL,'2025-05-12 12:25:18','2025-05-12 12:25:18'),(43,'LOCAL I.N.S.B. SURVEYOR IN VIETNAM\nMR. PHUC TRAN','-\n\n-\n-\nTel.: +84 9090 95475\nE-mail: phucmarine@gmail.com',NULL,NULL,'2025-05-12 12:25:19','2025-05-12 12:25:19'),(44,'CAS MARINE CONSULTANT','-\n- -\n-\nE-mail: casmar@otenet.gr',NULL,NULL,'2025-05-12 12:25:19','2025-05-12 12:25:19'),(45,'OFFSHORE',NULL,NULL,'OSV','2025-05-30 08:14:23','2025-05-30 08:14:23'),(46,'I.N.S.B. ARGENTINA',NULL,NULL,'ARG','2025-09-02 13:16:55','2025-09-02 13:16:55'),(47,'I.N.S.B. BULGARIA Ltd.',NULL,NULL,'BUL','2025-09-02 13:16:55','2025-09-02 13:16:55'),(48,'I.N.S.B. CARIBBEAN',NULL,NULL,'CAR','2025-09-02 13:16:55','2025-09-02 13:16:55'),(49,'I.N.S.B. CYPRUS',NULL,NULL,'CYP','2025-09-02 13:16:55','2025-09-02 13:16:55'),(50,'I.N.S.B. EAST ADRIATIC',NULL,NULL,'EAD','2025-09-02 13:16:55','2025-09-02 13:16:55'),(51,'I.N.S.B. GHANA',NULL,NULL,'GHA','2025-09-02 13:16:55','2025-09-02 13:16:55'),(52,'I.N.S.B. Head Office',NULL,NULL,'HQ','2025-09-02 13:16:55','2025-09-02 13:16:55'),(53,'I.N.S.B. INDONESIA',NULL,NULL,'IND','2025-09-02 13:16:55','2025-09-02 13:16:55'),(54,'I.N.S.B. ITALY',NULL,NULL,'ITA','2025-09-02 13:16:55','2025-09-02 13:16:55'),(55,'I.N.S.B. LIBYA',NULL,NULL,'LIB','2025-09-02 13:16:55','2025-09-02 13:16:55'),(56,'I.N.S.B. MADAGASCAR',NULL,NULL,'MAD','2025-09-02 13:16:55','2025-09-02 13:16:55'),(57,'I.N.S.B. MALTA',NULL,NULL,'MAL','2025-09-02 13:16:55','2025-09-02 13:16:55'),(58,'I.N.S.B. MIDDLE EAST AREA',NULL,NULL,'MEA','2025-09-02 13:16:55','2025-09-02 13:16:55'),(59,'I.N.S.B. MONTENEGRO d.o.o.',NULL,NULL,'MNT','2025-09-02 13:16:55','2025-09-02 13:16:55'),(60,'I.N.S.B. NAMIBIA',NULL,NULL,'NAM','2025-09-02 13:16:55','2025-09-02 13:16:55'),(61,'I.N.S.B. NORTH WEST EUROPE bvba',NULL,NULL,'NEW','2025-09-02 13:16:55','2025-09-02 13:16:55'),(62,'I.N.S.B. NIGERIA Ltd.',NULL,NULL,'NIG','2025-09-02 13:16:55','2025-09-02 13:16:55'),(63,'I.N.S.B. NORDIC AB - SWEDEN',NULL,NULL,'NOR','2025-09-02 13:16:55','2025-09-02 13:16:55'),(64,'I.N.S.B. PORTUGAL',NULL,NULL,'POR','2025-09-02 13:16:55','2025-09-02 13:16:55'),(65,'I.N.S.B. SOUTH AFRICA',NULL,NULL,'SAF','2025-09-02 13:16:55','2025-09-02 13:16:55'),(66,'I.N.S.B. SAUDI ARABIA',NULL,NULL,'SAR','2025-09-02 13:16:55','2025-09-02 13:16:55'),(67,'I.N.S.B. SINGAPORE',NULL,NULL,'SIN','2025-09-02 13:16:55','2025-09-02 13:16:55'),(68,'INSB SOUTH PACIFIC LTD.',NULL,NULL,'SPA','2025-09-02 13:16:55','2025-09-02 13:16:55'),(69,'I.N.S.B. TURKEY',NULL,NULL,'TUR','2025-09-02 13:16:55','2025-09-02 13:16:55'),(70,'I.N.S.B. UKRAINE',NULL,NULL,'UKR','2025-09-02 13:16:55','2025-09-02 13:16:55'),(71,'I.N.S.B. UNITED KINGDOM',NULL,NULL,'UNK','2025-09-02 13:16:55','2025-09-02 13:16:55'),(72,'I.N.S.B. USA Inc.',NULL,NULL,'USA','2025-09-02 13:16:55','2025-09-02 13:16:55'),(73,'I.N.S.B. VIETNAM',NULL,NULL,'VIE','2025-09-02 13:16:55','2025-09-02 13:16:55'),(74,'I.N.S.B. ARGENTINA',NULL,NULL,'ARG','2025-09-02 13:18:26','2025-09-02 13:18:26'),(75,'I.N.S.B. BULGARIA Ltd.',NULL,NULL,'BUL','2025-09-02 13:18:26','2025-09-02 13:18:26'),(76,'I.N.S.B. CARIBBEAN',NULL,NULL,'CAR','2025-09-02 13:18:26','2025-09-02 13:18:26'),(77,'I.N.S.B. CYPRUS',NULL,NULL,'CYP','2025-09-02 13:18:26','2025-09-02 13:18:26'),(78,'I.N.S.B. EAST ADRIATIC',NULL,NULL,'EAD','2025-09-02 13:18:26','2025-09-02 13:18:26'),(79,'I.N.S.B. GHANA',NULL,NULL,'GHA','2025-09-02 13:18:26','2025-09-02 13:18:26'),(80,'I.N.S.B. Head Office',NULL,NULL,'HQ','2025-09-02 13:18:26','2025-09-02 13:18:26'),(81,'I.N.S.B. INDONESIA',NULL,NULL,'IND','2025-09-02 13:18:26','2025-09-02 13:18:26'),(82,'I.N.S.B. ITALY',NULL,NULL,'ITA','2025-09-02 13:18:26','2025-09-02 13:18:26'),(83,'I.N.S.B. LIBYA',NULL,NULL,'LIB','2025-09-02 13:18:26','2025-09-02 13:18:26'),(84,'I.N.S.B. MADAGASCAR',NULL,NULL,'MAD','2025-09-02 13:18:26','2025-09-02 13:18:26'),(85,'I.N.S.B. MALTA',NULL,NULL,'MAL','2025-09-02 13:18:26','2025-09-02 13:18:26'),(86,'I.N.S.B. MIDDLE EAST AREA',NULL,NULL,'MEA','2025-09-02 13:18:26','2025-09-02 13:18:26'),(87,'I.N.S.B. MONTENEGRO d.o.o.',NULL,NULL,'MNT','2025-09-02 13:18:26','2025-09-02 13:18:26'),(88,'I.N.S.B. NAMIBIA',NULL,NULL,'NAM','2025-09-02 13:18:26','2025-09-02 13:18:26'),(89,'I.N.S.B. NORTH WEST EUROPE bvba',NULL,NULL,'NEW','2025-09-02 13:18:26','2025-09-02 13:18:26'),(90,'I.N.S.B. NIGERIA Ltd.',NULL,NULL,'NIG','2025-09-02 13:18:26','2025-09-02 13:18:26'),(91,'I.N.S.B. NORDIC AB - SWEDEN',NULL,NULL,'NOR','2025-09-02 13:18:26','2025-09-02 13:18:26'),(92,'I.N.S.B. PORTUGAL',NULL,NULL,'POR','2025-09-02 13:18:26','2025-09-02 13:18:26'),(93,'I.N.S.B. SOUTH AFRICA',NULL,NULL,'SAF','2025-09-02 13:18:26','2025-09-02 13:18:26'),(94,'I.N.S.B. SAUDI ARABIA',NULL,NULL,'SAR','2025-09-02 13:18:26','2025-09-02 13:18:26'),(95,'I.N.S.B. SINGAPORE',NULL,NULL,'SIN','2025-09-02 13:18:26','2025-09-02 13:18:26'),(96,'INSB SOUTH PACIFIC LTD.',NULL,NULL,'SPA','2025-09-02 13:18:26','2025-09-02 13:18:26'),(97,'I.N.S.B. TURKEY',NULL,NULL,'TUR','2025-09-02 13:18:26','2025-09-02 13:18:26'),(98,'I.N.S.B. UKRAINE',NULL,NULL,'UKR','2025-09-02 13:18:26','2025-09-02 13:18:26'),(99,'I.N.S.B. UNITED KINGDOM',NULL,NULL,'UNK','2025-09-02 13:18:26','2025-09-02 13:18:26'),(100,'I.N.S.B. USA Inc.',NULL,NULL,'USA','2025-09-02 13:18:26','2025-09-02 13:18:26'),(101,'I.N.S.B. VIETNAM',NULL,NULL,'VIE','2025-09-02 13:18:26','2025-09-02 13:18:26'),(102,'I.N.S.B. ARGENTINA',NULL,NULL,'ARG','2025-09-02 13:24:41','2025-09-02 13:24:41'),(103,'I.N.S.B. BULGARIA Ltd.',NULL,NULL,'BUL','2025-09-02 13:24:41','2025-09-02 13:24:41'),(104,'I.N.S.B. CARIBBEAN',NULL,NULL,'CAR','2025-09-02 13:24:41','2025-09-02 13:24:41'),(105,'I.N.S.B. CYPRUS',NULL,NULL,'CYP','2025-09-02 13:24:41','2025-09-02 13:24:41'),(106,'I.N.S.B. EAST ADRIATIC',NULL,NULL,'EAD','2025-09-02 13:24:41','2025-09-02 13:24:41'),(107,'I.N.S.B. GHANA',NULL,NULL,'GHA','2025-09-02 13:24:41','2025-09-02 13:24:41'),(108,'I.N.S.B. Head Office',NULL,NULL,'HQ','2025-09-02 13:24:41','2025-09-02 13:24:41'),(109,'I.N.S.B. INDONESIA',NULL,NULL,'IND','2025-09-02 13:24:41','2025-09-02 13:24:41'),(110,'I.N.S.B. ITALY',NULL,NULL,'ITA','2025-09-02 13:24:41','2025-09-02 13:24:41'),(111,'I.N.S.B. LIBYA',NULL,NULL,'LIB','2025-09-02 13:24:41','2025-09-02 13:24:41'),(112,'I.N.S.B. MADAGASCAR',NULL,NULL,'MAD','2025-09-02 13:24:42','2025-09-02 13:24:42'),(113,'I.N.S.B. MALTA',NULL,NULL,'MAL','2025-09-02 13:24:42','2025-09-02 13:24:42'),(114,'I.N.S.B. MIDDLE EAST AREA',NULL,NULL,'MEA','2025-09-02 13:24:42','2025-09-02 13:24:42'),(115,'I.N.S.B. MONTENEGRO d.o.o.',NULL,NULL,'MNT','2025-09-02 13:24:42','2025-09-02 13:24:42'),(116,'I.N.S.B. NAMIBIA',NULL,NULL,'NAM','2025-09-02 13:24:42','2025-09-02 13:24:42'),(117,'I.N.S.B. NORTH WEST EUROPE bvba',NULL,NULL,'NEW','2025-09-02 13:24:42','2025-09-02 13:24:42'),(118,'I.N.S.B. NIGERIA Ltd.',NULL,NULL,'NIG','2025-09-02 13:24:42','2025-09-02 13:24:42'),(119,'I.N.S.B. NORDIC AB - SWEDEN',NULL,NULL,'NOR','2025-09-02 13:24:42','2025-09-02 13:24:42'),(120,'I.N.S.B. PORTUGAL',NULL,NULL,'POR','2025-09-02 13:24:42','2025-09-02 13:24:42'),(121,'I.N.S.B. SOUTH AFRICA',NULL,NULL,'SAF','2025-09-02 13:24:42','2025-09-02 13:24:42'),(122,'I.N.S.B. SAUDI ARABIA',NULL,NULL,'SAR','2025-09-02 13:24:42','2025-09-02 13:24:42'),(123,'I.N.S.B. SINGAPORE',NULL,NULL,'SIN','2025-09-02 13:24:42','2025-09-02 13:24:42'),(124,'INSB SOUTH PACIFIC LTD.',NULL,NULL,'SPA','2025-09-02 13:24:42','2025-09-02 13:24:42'),(125,'I.N.S.B. TURKEY',NULL,NULL,'TUR','2025-09-02 13:24:42','2025-09-02 13:24:42'),(126,'I.N.S.B. UKRAINE',NULL,NULL,'UKR','2025-09-02 13:24:42','2025-09-02 13:24:42'),(127,'I.N.S.B. UNITED KINGDOM',NULL,NULL,'UNK','2025-09-02 13:24:42','2025-09-02 13:24:42'),(128,'I.N.S.B. USA Inc.',NULL,NULL,'USA','2025-09-02 13:24:42','2025-09-02 13:24:42'),(129,'I.N.S.B. VIETNAM',NULL,NULL,'VIE','2025-09-02 13:24:42','2025-09-02 13:24:42');

--
-- Table structure for table `owners`
--

CREATE TABLE `owners` (
  `id` bigint unsigned NOT NULL AUTO_INCREMENT,
  `name` varchar(255) COLLATE utf8mb4_unicode_ci NOT NULL,
  `address` varchar(255) COLLATE utf8mb4_unicode_ci DEFAULT NULL,
  `email` varchar(255) COLLATE utf8mb4_unicode_ci DEFAULT NULL,
  `imo_number` varchar(255) COLLATE utf8mb4_unicode_ci DEFAULT NULL,
  `created_at` timestamp NULL DEFAULT NULL,
  `updated_at` timestamp NULL DEFAULT NULL,
  PRIMARY KEY (`id`)
) ENGINE=InnoDB AUTO_INCREMENT=465 DEFAULT CHARSET=utf8mb4 COLLATE=utf8mb4_unicode_ci;

--
-- Dumping data for table `owners`
--

INSERT INTO `owners` VALUES (1,'GRAN FINALE LTD','-\n-',NULL,'5237561','2025-03-12 23:43:28','2025-03-12 23:43:28'),(2,'YELLOW SUN, S.L.U.','MADRID, SPAIN\n-\n-',NULL,'','2025-03-12 23:43:28','2025-03-12 23:43:28'),(3,'EXPANSION LIMITED','Trust House, 112 Bonadie Street,\nKingstown, St. Vincent and the Grenadines\n-\n-',NULL,'','2025-03-12 23:43:28','2025-03-12 23:43:28'),(4,'WHITE SANDS MARINE LTD.','-\n-',NULL,'','2025-03-12 23:43:28','2025-03-12 23:43:28'),(5,'FUGRO GEOSERVICES LIMITED\nJames Norton','Bickland Industrial Park, Falmouth,\nCornwall, TR11 4TA, UNITED KINGDOM\n-\n-\nE-mail: j.nortonn@fugro.com',NULL,'1181758','2025-03-12 23:43:28','2025-03-12 23:43:28'),(6,'ARCHIRODON CONSTRUCTION (OVERSEAS) CO. S.A.','PANAMA CITY, REPUBLIC OF PANAMA\n-\n-',NULL,'','2025-03-12 23:43:28','2025-03-12 23:43:28'),(7,'BIG EAGLE 2015, LLC','ADDISON TX, U.S.A.\n-\n-',NULL,'','2025-03-12 23:43:28','2025-03-12 23:43:28'),(8,'HARMONY MARINE LIMITED\nKINGSTOWN, ST. VINCENT AND THE GRENADINES','KINGSTOWN, ST. VINCENT AND THE GRENADINES\n-\n-',NULL,'','2025-03-12 23:43:28','2025-03-12 23:43:28'),(9,'ASKARI LLC','2400 Broadway, Suite 270\nSanta Monica, CA 90404, UNITED STATES\n-\n-',NULL,'','2025-03-12 23:43:28','2025-03-12 23:43:28'),(10,'JULIET SHIPPING & TRADING COMPANY LIMITED INC (100%)','-\nPANAMA\nPANAMA',NULL,'','2025-03-12 23:43:28','2025-03-12 23:43:28'),(11,'MR. NADER ABDIN (100%)','Schafmattstrasse 4ch-3123 Belp\n-\n-',NULL,'6070338','2025-03-12 23:43:28','2025-03-12 23:43:28'),(12,'DIXSTONE OPERATIONS GABON','PORT GENTIL, GABON\n-\n-',NULL,'6174922','2025-03-12 23:43:28','2025-03-12 23:43:28'),(13,'DD MARITIME AS','SVELGEN, NORWAY\n-\n-',NULL,'','2025-03-12 23:43:28','2025-03-12 23:43:28'),(14,'SONIT-PECHE S.A.R.L.','-\n-\n-',NULL,'','2025-03-12 23:43:28','2025-03-12 23:43:28'),(15,'ODEKOL INTERNATIONAL SERVICES LIMITED','7,SWEEZ CLOSE ORAZI ROAD,\nPort Harcourt\nNIGERIA',NULL,'','2025-03-12 23:43:28','2025-03-12 23:43:28'),(16,'BD 6074 LTD & KEYNVOR MORLIFT LTD','IRON YARD, MIDDLE DOCK, APPLEDORE DEVON, EX39 1LU\n-\n-',NULL,'','2025-03-12 23:43:28','2025-03-12 23:43:28'),(17,'FIRAT-NEHIR SHIPPING CO. LTD','MALTA\n-\n-',NULL,'1823642','2025-03-12 23:43:28','2025-03-12 23:43:28'),(18,'TALIA SHIPPING LINE CO (S.A.R.L.)','Ghazieh,\nSaida\nLEBANON',NULL,'','2025-03-12 23:43:28','2025-03-12 23:43:28'),(19,'GLOBAL TRANSPORT FOR LIVESTOCK CO. SA','C/O \"Naseem Al Bahar General\",Office 2706,27th Floor,\nThe Prism Tower,Business Bay,PO Box 214479,\n-\n-',NULL,'','2025-03-12 23:43:28','2025-03-12 23:43:28'),(20,'ILLUME NAVIGATION LTD','-\n-',NULL,'5502272','2025-03-12 23:43:28','2025-03-12 23:43:28'),(21,'CHARENTE NAVIGATION SA','-\n-',NULL,'5466985','2025-03-12 23:43:28','2025-03-12 23:43:28'),(22,'NORLAND SHIPPING LIMITED','P.O. BOX 309, GRAND CAYMAN, KY1-1104,\nCAYMAN ISLANDS\n-\n-',NULL,'5613339','2025-03-12 23:43:28','2025-03-12 23:43:28'),(23,'MOBITRANS BEHEER B.V.','HOUTHAVEN 31\n\n3351 NC PAPENDRECHT\nTHE NETHERLANDS',NULL,'','2025-03-12 23:43:28','2025-03-12 23:43:28'),(24,'LATONA MARITIME COMPANY','-\n-',NULL,'5619426','2025-03-12 23:43:28','2025-03-12 23:43:28'),(25,'PEMBA TERMINAL SERVICES S.A.','Rua Consiglieri Pedroso No. 350\n261 -\n-',NULL,'','2025-03-12 23:43:28','2025-03-12 23:43:28'),(26,'FLEET MANAGEMENT INCORPORATED','-\n-',NULL,'5610365','2025-03-12 23:43:28','2025-03-12 23:43:28'),(27,'CAVEMA FISHING (PTY) LTD','P.O. BOX 3915, WALVIS BAY, NAMIBIA\n-\n-',NULL,'','2025-03-12 23:43:28','2025-03-12 23:43:28'),(28,'BLOOMING SHIPHOLDING CO.','BLOOMING SHIPHOLDING CO.,\n-\n-',NULL,'5702356','2025-03-12 23:43:28','2025-03-12 23:43:28'),(29,'UNITY SHIPPING CO. S.A.','TEGUCIGALPA\nTEGUCIGALPA\nHONDURAS',NULL,'5724908','2025-03-12 23:43:28','2025-03-12 23:43:28'),(30,'XY 7 COMPANY LIMITED','GEORGE TOWN\nGEORGE TOWN\nCAYMAN ISLANDS',NULL,'','2025-03-12 23:43:28','2025-03-12 23:43:28'),(31,'GULF SHIPPING CO. S.A.','-\n-',NULL,'5709866','2025-03-12 23:43:28','2025-03-12 23:43:28'),(32,'SERVEST (PTY) LTD.','Tugela Lane, Servest Building Waterfall Logistics,\nPrecinct C/O Bridal Veil Rd & R101 Jukskei View Ext.78, 2090\n-\n-',NULL,'5699719','2025-03-12 23:43:28','2025-03-12 23:43:28'),(33,'MILLAC SHIPPING CO. S.A.','HONDURAS\n-\n-',NULL,'5783973','2025-03-12 23:43:28','2025-03-12 23:43:28'),(34,'DERMOR INC.','PORT LOUIS, MAURITIUS\n-\n-',NULL,'6181796','2025-03-12 23:43:28','2025-03-12 23:43:28'),(35,'ATLANTA CHARTERING SERVICES LTD','2nd Floor,Coastal Building,Wickhams Cay II,Road Town,\nCarrot Bay,VG1130,Tortola, British Virgin Islands\n-\n-\nE-mail: morne@angolinkcc.com',NULL,'6038545','2025-03-12 23:43:28','2025-03-12 23:43:28'),(36,'BEYZA SHIPPING LTD.','-\n-',NULL,'5790649','2025-03-12 23:43:28','2025-03-12 23:43:28'),(37,'NEWSTAR MARINE INC','-\n-\n-',NULL,'6031070','2025-03-12 23:43:28','2025-03-12 23:43:28'),(38,'TELSTAR NAVIGATION S.A.','-\n-',NULL,'','2025-03-12 23:43:28','2025-03-12 23:43:28'),(39,'STABLEFORD MARINE INC','-\n\n-\n-',NULL,'5799903','2025-03-12 23:43:28','2025-03-12 23:43:28'),(40,'CANKA SHIPPING AND TRADING CORPORATION','-\n-',NULL,'','2025-03-12 23:43:28','2025-03-12 23:43:28'),(41,'ADELAIDE TRADING CO. LTD.','-\n-',NULL,'','2025-03-12 23:43:28','2025-03-12 23:43:28'),(42,'ALEFA BE SARL','ANDAMPY - PORT DU CRATERE\nNOSY BE 207 MADAGASCAR\n-\n-',NULL,'','2025-03-12 23:43:28','2025-03-12 23:43:28'),(43,'OFNAV SHIPPING AND TRADING CO. LTD','-\n-\n-',NULL,'5791307','2025-03-12 23:43:28','2025-03-12 23:43:28'),(44,'MERCIFUL MARITIME LIMITED','NO. 3AZIKIWE ROAD\nPORT HARCOURT\nRIVERS STATE\nNIGERIA',NULL,'5874396','2025-03-12 23:43:28','2025-03-12 23:43:28'),(45,'Khalifeh Livestock trading Co. (S.A.R.L)','Ghazieh\nSaida\nLEBANON',NULL,'','2025-03-12 23:43:28','2025-03-12 23:43:28'),(46,'ERIM SHIPPING & TRADING CORP.','80 BROAD STR.\n-\n-',NULL,'','2025-03-12 23:43:28','2025-03-12 23:43:28'),(47,'PILOTAGE STATION','BEIRUT\nBEIRUT\nLEBANON',NULL,'','2025-03-12 23:43:28','2025-03-12 23:43:28'),(48,'DELPHIS ENTERPRISES LTD','-\n-',NULL,'','2025-03-12 23:43:28','2025-03-12 23:43:28'),(49,'SCOMBRUS FISHING (PTY) LTD','P.O. Box 12, Walvis Bay, NAMIBIA\n-\n-',NULL,'','2025-03-12 23:43:28','2025-03-12 23:43:28'),(50,'SEAWISE SHIPPING S.A.R.L.','MERSIN SILIFKE SUBESI, TASUCU MAH. ATATURK BLV\nNo.182/A, TURKEY\n-\n-',NULL,'','2025-03-12 23:43:28','2025-03-12 23:43:28'),(51,'SPARTACUS NAVIGATION INC.','-\n-',NULL,'','2025-03-12 23:43:28','2025-03-12 23:43:28'),(52,'VENUS NAVIGATION INC.','-\n-',NULL,'','2025-03-12 23:43:28','2025-03-12 23:43:28'),(53,'YAMAMA MARITIME S.A.','COLONIA EL CASTANO, 2da CALLE, NO. 2802,\n\nTEGUCIGALPA\nHONDURAS',NULL,'','2025-03-12 23:43:28','2025-03-12 23:43:28'),(54,'FOREVER SHIPPING, S.A.','Panama\n-\n-',NULL,'958370','2025-03-12 23:43:28','2025-03-12 23:43:28'),(55,'OVERBERG FISHING CO.','PO BOX 13 WY BAY\n-\n-',NULL,'1520091','2025-03-12 23:43:28','2025-03-12 23:43:28'),(56,'HA MARINE S.A.','-\n-',NULL,'5787415','2025-03-12 23:43:28','2025-03-12 23:43:28'),(57,'DARLON OIL & GAS (NIG.) LIMITED','1ST FLOOR, LEFT WAING, NO. 108, ADA GEORGE ROAD\nBY CHINDA JUNCTION, MILE 4, RUMUERE PORT HARCOURT\nRIVERS STATE\nNIGERIA',NULL,'','2025-03-12 23:43:28','2025-03-12 23:43:28'),(58,'NAGEENA NAVIGATION S.A.','c/o : 2, Kapodistriou, 18531 Piraeus\nMAJURO\nMARSHALL ISLANDS',NULL,'6024170','2025-03-12 23:43:28','2025-03-12 23:43:28'),(59,'BLUE SHARK SHIPPING LTD','c/o Athenai Management SAL (Offshore) 4th Floor, Block\nA, Dream Residence Building, al-Maarad Street,\nTripoli\nLEBANON',NULL,'6309579','2025-03-12 23:43:28','2025-03-12 23:43:28'),(60,'FAIRNESS MARITIME COMPANY SA','-\n-',NULL,'5892605','2025-03-12 23:43:28','2025-03-12 23:43:28'),(61,'WORLD MARITIME SHIPS CO. S.A','-\n-',NULL,'5665102','2025-03-12 23:43:28','2025-03-12 23:43:28'),(62,'FAIRY NAVIGATION CORP','MARSHALL ISLANDS\n-\n-',NULL,'5894310','2025-03-12 23:43:28','2025-03-12 23:43:28'),(63,'LAVAL SHIPPING AND TRADING INC.','-\n-\n-',NULL,'','2025-03-12 23:43:28','2025-03-12 23:43:28'),(64,'DINAMIC SHIPPING CORP','Trust Company Complex, Ajeltake Island\nMAJURO\nMARSHALL ISLANDS',NULL,'6122102','2025-03-12 23:43:28','2025-03-12 23:43:28'),(65,'4BROTHER\'S SHIPPING LTD','-\n-',NULL,'5772201','2025-03-12 23:43:28','2025-03-12 23:43:28'),(66,'PILOT LIMITED','-\n-',NULL,'','2025-03-12 23:43:28','2025-03-12 23:43:28'),(67,'AMAR GLYFADA SHIPPING LTD','-\n-',NULL,'5922375','2025-03-12 23:43:28','2025-03-12 23:43:28'),(68,'SITHONIA MARITIME SHIPPING SA','-\n-',NULL,'5513674','2025-03-12 23:43:28','2025-03-12 23:43:28'),(69,'CHAKRA MARITIME LIMITED','-\n-\n-',NULL,'','2025-03-12 23:43:28','2025-03-12 23:43:28'),(70,'OVENSTONE AGENCIES','UNIT G7, VICTORIA JUNCTION, PRESTWICH STR, GREEN POINT\n-\n-',NULL,'5160846','2025-03-12 23:43:28','2025-03-12 23:43:28'),(71,'PIONEER MARINE ENTERPRISES LTD','-\n-',NULL,'5919535','2025-03-12 23:43:28','2025-03-12 23:43:28'),(72,'GREAT ARSENAL CO. LTD.','-\n-',NULL,'5833208','2025-03-12 23:43:28','2025-03-12 23:43:28'),(73,'GLADWIN SHIPTRADE S.A.','-\n-',NULL,'5917701','2025-03-12 23:43:28','2025-03-12 23:43:28'),(74,'CHARLIE SHIPPING CO. LTD.','-\n-',NULL,'5120094','2025-03-12 23:43:28','2025-03-12 23:43:28'),(75,'DEEP SEA WORKER LTD','-\n-',NULL,'5898330)','2025-03-12 23:43:28','2025-03-12 23:43:28'),(76,'ECHO SHIPPING CO. LTD.','-\n-',NULL,'5120103','2025-03-12 23:43:28','2025-03-12 23:43:28'),(77,'ISTHAR SHIPPING COMPANY','-\n-',NULL,'','2025-03-12 23:43:28','2025-03-12 23:43:28'),(78,'PERENCO OIL & GAS GABON','-\n-',NULL,'5797589','2025-03-12 23:43:28','2025-03-12 23:43:28'),(79,'KABIRA NAVIGATION S.A.','-\n-',NULL,'5624449','2025-03-12 23:43:28','2025-03-12 23:43:28'),(80,'LEONARDS SHIPPING COMPANY','-\n-',NULL,'5775240','2025-03-12 23:43:28','2025-03-12 23:43:28'),(81,'FAITH SHIPPING S.A.','TRUST COMPANY COMPLEX, AJELTAKE ROAD\nMAJURO\nMARSHALL ISLANDS',NULL,'','2025-03-12 23:43:28','2025-03-12 23:43:28'),(82,'EFEMAY SHIPPING CO','-\n- -\n-',NULL,'5829744','2025-03-12 23:43:28','2025-03-12 23:43:28'),(83,'BELUGA FISHING (PTY) LTD','OFFICE PALACE 4-5 WECKE STREET\nWINDHOEK NAMIBIA\n-\n-',NULL,'5419391','2025-03-12 23:43:28','2025-03-12 23:43:28'),(84,'INDIA SHIPPING CO LTD','-\n-',NULL,'5147783','2025-03-12 23:43:28','2025-03-12 23:43:28'),(85,'FOXTROT SHIPPING CO. LTD.','MARSHALL ISLANDS\n-\n-',NULL,'5120117','2025-03-12 23:43:28','2025-03-12 23:43:28'),(86,'SNOW NAVIGATION CO','-\n-',NULL,'5719125','2025-03-12 23:43:28','2025-03-12 23:43:28'),(87,'NAKATAN GROUP INC.','PANAMA CITY, REPUBLIC OF PANAMA\n-\n-',NULL,'','2025-03-12 23:43:28','2025-03-12 23:43:28'),(88,'DIXSTONE HOLDINGS LIMITED','Western Road, P.O. Box N-7776-364,\nNassau, BAHAMAS\n-\n-',NULL,'5599365','2025-03-12 23:43:28','2025-03-12 23:43:28'),(89,'I.M.S. CHRISTOS XXVI S.A.','MAJURO\nMAJURO\nMARSHALL ISLANDS',NULL,'','2025-03-12 23:43:28','2025-03-12 23:43:28'),(90,'BOLUDA LOME','IMMEUBLE TABCHOURY BOULEVARD DU MONO 06\n60290 LOME\nTOGO',NULL,'','2025-03-12 23:43:28','2025-03-12 23:43:28'),(91,'EAGLE FLY SHIPPING CO. S.A.','TRUST COMPANY COMPLEX, AJELTAKE ROAD\nAJELTAKE ISLAND\nMAJURO\nMARSHALL ISLANDS',NULL,'5964231','2025-03-12 23:43:28','2025-03-12 23:43:28'),(92,'VALERA MARINE SERVICES INC.','-\n-',NULL,'','2025-03-12 23:43:28','2025-03-12 23:43:28'),(93,'SALACAK SHIPPING INC.','TORRE ADVANCED BUILDING, FIRST FLOOR\nRICARDO ARIAS STREET\nPANAMA\nPANAMA',NULL,'5676291','2025-03-12 23:43:28','2025-03-12 23:43:28'),(94,'EVA OVERSEAS LTD S.A.','HONDURAS\n-\n-',NULL,'','2025-03-12 23:43:28','2025-03-12 23:43:28'),(95,'ABRAZOS YACHTS','34TH ALIMOU AVENUE\nALIMOS\nATHENS\nGREECE',NULL,'','2025-03-12 23:43:28','2025-03-12 23:43:28'),(96,'SAVA SHIPPING TRADING LTD','Trust Company Complex Ajeltake Road, Ajeltake Island\nMAJURO\nMARSHALL ISLANDS',NULL,'5983867','2025-03-12 23:43:28','2025-03-12 23:43:28'),(97,'SEA PEARL SHIPPING SERVICES LIMITED','SM Office E1-1619C\nAjman\nUAE',NULL,'6025796','2025-03-12 23:43:28','2025-03-12 23:43:28'),(98,'WEST COAST FROZEN FISH, S.A.','Zona Industrial Bolola, 114\nBISSAU\nGUINEA-BISSAU',NULL,'','2025-03-12 23:43:28','2025-03-12 23:43:28'),(99,'ATLANTIC NAVIGATION','-\n- -\n-',NULL,'','2025-03-12 23:43:28','2025-03-12 23:43:28'),(100,'FADARAY CORP.','PANAMA\nPANAMA\nPANAMA',NULL,'','2025-03-12 23:43:28','2025-03-12 23:43:28'),(101,'SAYMORE MARINE CORP.','MONROVIA, LIBERIA\n-\n-',NULL,'','2025-03-12 23:43:28','2025-03-12 23:43:28'),(102,'LILA MARITIME LTD','80, Broad Street\nMonrovia\nLIBERIA',NULL,'5993979','2025-03-12 23:43:28','2025-03-12 23:43:28'),(103,'LIBERTY SHIPMANAGERS LTD','80 Broad Street\nMonrovia\nLIBERIA',NULL,'','2025-03-12 23:43:28','2025-03-12 23:43:28'),(104,'MELODY SHIPPING SA','C/O \"Gemiciler Denizcilik Nakliyat\",Mahmut Yasari Sokak 73,\nKosuyolu Mah,Kadikoy,34710,ISTANBUL, TURKEY\n-\n-',NULL,'','2025-03-12 23:43:28','2025-03-12 23:43:28'),(105,'SPANOPOULOS GROUP S.A.','Kato Pounta, Ampelakia\n18902 Salamis\nGREECE\nE-mail: operation@spanopoulos-group.com',NULL,'5563923','2025-03-12 23:43:28','2025-03-12 23:43:28'),(106,'OCEANOI LTD','MAURITIUS\n-\n-',NULL,'','2025-03-12 23:43:28','2025-03-12 23:43:28'),(107,'WEFLAND INC.','-\n-\n-',NULL,'6464536','2025-03-12 23:43:28','2025-03-12 23:43:28'),(108,'MANOLO SHIPHOLDING CO','TRUST COMPANY COMPLEX, AJELTAKE ROAD,ALJETAKI ISLAND\nMAJURO, MARSHALL ISLANDS MH96960\n-\n-',NULL,'','2025-03-12 23:43:28','2025-03-12 23:43:28'),(109,'EPHESUS MARITIME CORPORATION','GERMANY\n-\n-',NULL,'6005436','2025-03-12 23:43:28','2025-03-12 23:43:28'),(110,'UNITED ABACO SHIPPING LTD','P.O BOX  AB 20737 Marsh Harbour, Abaco, Bahamas\nAbaco\nBAHAMAS',NULL,'','2025-03-12 23:43:28','2025-03-12 23:43:28'),(111,'NATALIE MARITIME Co.','HONDURAS\n-\n-',NULL,'','2025-03-12 23:43:28','2025-03-12 23:43:28'),(112,'KAYRA OFFSHORE INVENSTMENT INC','C/O: P.O. Box 185121, Unit 1109 Al Manara Tower\n(ETA STAR) Business Bay\nDubai\nUAE',NULL,'6002224','2025-03-12 23:43:28','2025-03-12 23:43:28'),(113,'DOMELAND SHIPPING S.A.','TRUST COMPANY COMPLEX, AJELTAKE ROAD, AJELTAKE\nISLAND,\nMAJURO\nMARSHALL ISLANDS',NULL,'6455802','2025-03-12 23:43:28','2025-03-12 23:43:28'),(114,'SHIPPING LOGISTIC INCORPORATED','MONROVIA, LIBERIA\n-\n-',NULL,'5094110','2025-03-12 23:43:28','2025-03-12 23:43:28'),(115,'PROSPERITY M.C.P.Y.','22ND L.POSEIDONOS, VARI, GREECE\n-\n-',NULL,'','2025-03-12 23:43:28','2025-03-12 23:43:28'),(116,'CINDY NAVIGATION LTD','Majuro - Marshall Islands\nMAJURO\nMARSHALL ISLANDS',NULL,'','2025-03-12 23:43:28','2025-03-12 23:43:28'),(117,'PALAMUT SHIPPING INC','-\n-\n-',NULL,'','2025-03-12 23:43:28','2025-03-12 23:43:28'),(118,'AKAD MARINE S.A.','BELIZE\nBELIZE CITY\nBELIZE',NULL,'','2025-03-12 23:43:28','2025-03-12 23:43:28'),(119,'DIXSTONE NETHERLANDS','-\n-\n-',NULL,'6452944','2025-03-12 23:43:28','2025-03-12 23:43:28'),(120,'AINAFTIS SHIPPING COMPANY','24 KYPROU STR. 16675 GLYFADA\nATHENS\nGREECE',NULL,'','2025-03-12 23:43:28','2025-03-12 23:43:28'),(121,'SPADI M.C.P.Y.','-\n-\n-',NULL,'','2025-03-12 23:43:28','2025-03-12 23:43:28'),(122,'VALENTINA BULKERS S.A.','Monrovia - Liberia\nMonrovia\nLIBERIA',NULL,'6095464','2025-03-12 23:43:28','2025-03-12 23:43:28'),(123,'SCION MASTERS LTD','80 BROAD STREET\nMonrovia\nLIBERIA',NULL,'','2025-03-12 23:43:28','2025-03-12 23:43:28'),(124,'WANDA MARITIME LTD','ROAD TOWN TORTOLA, BRITISH VIRGIN ISLANDS\n-\n-',NULL,'','2025-03-12 23:43:28','2025-03-12 23:43:28'),(125,'SHARK SHIPHOLDING S.A.','MAJURO, REPUBLIC OF THE MARSHALL ISLANDS\n-\n-',NULL,'','2025-03-12 23:43:28','2025-03-12 23:43:28'),(126,'RUBY OFFSHORE INVESTMENT INC','c/o: PREMIER MARINE SERVICES FZE -Sharjah - UAE\nSHARJAH\nUAE',NULL,'6061309','2025-03-12 23:43:28','2025-03-12 23:43:28'),(127,'LAMA SHIPPING LTD','C/O: EASTERN STAR SHIPPING\nMonrovia\nLIBERIA',NULL,'6032957','2025-03-12 23:43:28','2025-03-12 23:43:28'),(128,'KARA SEA INVESTMENT CO.','c/o:  ATLAS MARINE SHIPPING L.L.C.\nDubai\nUAE',NULL,'6021970','2025-03-12 23:43:28','2025-03-12 23:43:28'),(129,'GOLDEN BAY MARINE S.A.','COLONIA EL CASTANO, 20A CALLE No. 2802\nTEGUCIGALPA M.D.C. HONDURAS\n-\n-',NULL,'','2025-03-12 23:43:28','2025-03-12 23:43:28'),(130,'DINAIA M.C.P.Y 100%','PEIRAIOS 4\nAthens\nGREECE',NULL,'','2025-03-12 23:43:28','2025-03-12 23:43:28'),(131,'BLUEMAR COMPANY S.A.','Nahr Ibrahim Street , Tekaian Bldg,3rd Floor\nVALLETTA\nMALTA',NULL,'6343368','2025-03-12 23:43:28','2025-03-12 23:43:28'),(132,'ELINE SHIPPING LTD','80, Broad Street\nMonrovia\nLIBERIA',NULL,'5868640','2025-03-12 23:43:28','2025-03-12 23:43:28'),(133,'BA SHIPPING LTD','MAJURO\nMAJURO\nMARSHALL ISLANDS',NULL,'6354138','2025-03-12 23:43:28','2025-03-12 23:43:28'),(134,'SHIP AHOY COOK ISLANDS Ltd 100%','FIRST FLOOR, BCI HOUSE, AVARUA, RAROTONGA COOK ISLANDS\n-\n-',NULL,'5426123','2025-03-12 23:43:28','2025-03-12 23:43:28'),(135,'SUPER ARSENAL CO LTD','Majuro-Marshall Islands\nMAJURO\nMARSHALL ISLANDS',NULL,'6075838','2025-03-12 23:43:28','2025-03-12 23:43:28'),(136,'JMR SHIPPING S.A. (100%)','c/o: MURR MANAGEMENT SA\nBEIRUT\nLEBANON',NULL,'6067241','2025-03-12 23:43:28','2025-03-12 23:43:28'),(137,'CIVARINA SHIPPING LTD','Trust Company Complex, Ajeltake Road, Ajeltake Island\nMAJURO\nMARSHALL ISLANDS',NULL,'6089409','2025-03-12 23:43:28','2025-03-12 23:43:28'),(138,'CONGOREP (100%)','POINTE-NOIRE B.P: 1116\n-\n-',NULL,'','2025-03-12 23:43:28','2025-03-12 23:43:28'),(139,'PERENCO CONGO','POINTE NOIRE, CONGO\ndwatoukoula@cg.perenco.com\n-\n-',NULL,'5930830','2025-03-12 23:43:28','2025-03-12 23:43:28'),(140,'BUENAVENTURA SHIPPING COMPANY S.A.','-\nMAJURO\nMARSHALL ISLANDS',NULL,'','2025-03-12 23:43:28','2025-03-12 23:43:28'),(141,'EAST SHIPPING LINES LTD','Charlestown, Island of Nevis\nCharlestown\nISLAND OF NEVIS',NULL,'5974603','2025-03-12 23:43:28','2025-03-12 23:43:28'),(142,'UNION MARITIME LTD','TRUST COMPANY COMPLEX, AJELTAKE ROAD\nAJELTAKE ISLAND, MH96960\nMAJURO\nMARSHALL ISLANDS',NULL,'6086568','2025-03-12 23:43:28','2025-03-12 23:43:28'),(143,'MR. SERGEI ZHEDIK','Flat 305, E-W Sub Meter, Al Warsan First\nBuilding P2\nDubai\nUAE',NULL,'','2025-03-12 23:43:28','2025-03-12 23:43:28'),(144,'Al Emtiaz Group Ithalat ve Ihracat Ltd Sti','c/o: NAVMARINE DENIZCILIK TICARET LIMITED SIRKETI\nIstanbul\nTURKEY',NULL,'','2025-03-12 23:43:28','2025-03-12 23:43:28'),(145,'QUEEN LILA SHIPPING LTD','80, Broad Street\nMonrovia\nLIBERIA',NULL,'6093335','2025-03-12 23:43:28','2025-03-12 23:43:28'),(146,'BLACK PEARL MARINE INC.','MONROVIA, LIBERIA\n-\n-',NULL,'','2025-03-12 23:43:28','2025-03-12 23:43:28'),(147,'MR. ABDEL KADER MOSTAFA TALEB','LEBANON\n-\n-',NULL,'','2025-03-12 23:43:28','2025-03-12 23:43:28'),(148,'CADILU FISHING PTY LIMITED','HAGE GEINGOB STREET\n-\n-',NULL,'','2025-03-12 23:43:28','2025-03-12 23:43:28'),(149,'POBLE DE CAMPELLO (PTY) LTD','P.O. BOX 1734, WALVIS BAY, NAMIBIA\n-\n-',NULL,'','2025-03-12 23:43:28','2025-03-12 23:43:28'),(150,'STOCKGAP FUELS LIMITED','-\n-',NULL,'4207701','2025-03-12 23:43:28','2025-03-12 23:43:28'),(151,'JAN BRO COMPANY LTD','Majuro\nMAJURO\nMARSHALL ISLANDS',NULL,'6085750','2025-03-12 23:43:28','2025-03-12 23:43:28'),(152,'PEARLS M.C.P.Y. 100%','6th Piraeus Street\nAthens\nGREECE',NULL,'','2025-03-12 23:43:28','2025-03-12 23:43:28'),(153,'SHIRA-E SHIPPING LLC','Trust Company Complex, Ajeltake Road, Ajeltake Island,\nMajuro MH96960, Marshall Islands\n-\n-',NULL,'','2025-03-12 23:43:28','2025-03-12 23:43:28'),(154,'VESSEL HOLDING LTD.','CAMBELLS CORPORATE SERVICES LIMITED, FLOOR 4,\nWILLOW HOUSE CRICKET SQUARE,P.O. BOX 268, CAYMAN ISLANDS\n-\n-',NULL,'','2025-03-12 23:43:28','2025-03-12 23:43:28'),(155,'WORLWIDE FLIGHT LTD','Trust Company Complex, Ajeltake Road, Ajeltake Island\nMH96960\nMAJURO\nMARSHALL ISLANDS',NULL,'122978','2025-03-12 23:43:28','2025-03-12 23:43:28'),(156,'ANITA MARITIME LTD (100%)','80 BROAD STREET, MONROVIA, LIBERIA\n-\n-',NULL,'','2025-03-12 23:43:28','2025-03-12 23:43:28'),(157,'AMAZONIA MARITIME CORP. / (100%)','TRUST COMPANY COMPLEX, AJELTAKE ROAD, AJELTAKE ISLAND,\nMH96960,\nMAJURO\nMARSHALL ISLANDS',NULL,'','2025-03-12 23:43:28','2025-03-12 23:43:28'),(158,'FUGRO MIDDLE EAST - ABUDHABI, U.A.E.','-\n-\n-',NULL,'','2025-03-12 23:43:28','2025-03-12 23:43:28'),(159,'HAZEL SHIPTRADE INC.','Trust Company Complex, Ajetaki Road, Ajeltak Islands\nMAJURO\nMARSHALL ISLANDS',NULL,'','2025-03-12 23:43:28','2025-03-12 23:43:28'),(160,'NORYALA CRUISES LINITED','190 ELGIN AVENUE, GRAND CAYMAN KY1-9005\n-\n-',NULL,'','2025-03-12 23:43:28','2025-03-12 23:43:28'),(161,'ANJIL BULKERS S.A.','Monrovia\nMonrovia\nLIBERIA',NULL,'6116656','2025-03-12 23:43:28','2025-03-12 23:43:28'),(162,'AZURE MARINE LIMITED','23 PIER ROAD, ST. HELIER, JERSEY JE2 4XW\nChannel Islands\nFRANCE',NULL,'','2025-03-12 23:43:28','2025-03-12 23:43:28'),(163,'ZIANI MARINE LIMITED','69, ATHOL STREET, DOUGLAS IMI 1JE, ISLE OF MAN\n-\n-',NULL,'5903027','2025-03-12 23:43:28','2025-03-12 23:43:28'),(164,'SONIT SARL','-\n-',NULL,'5772470','2025-03-12 23:43:28','2025-03-12 23:43:28'),(165,'D.G. OF CUSTOMS AND EXCISE DUTIES','-\n-\n-',NULL,'','2025-03-12 23:43:28','2025-03-12 23:43:28'),(166,'STARGAZER MARITIME INC','Monrovia - Liberia\nMonrovia\nLIBERIA',NULL,'','2025-03-12 23:43:28','2025-03-12 23:43:28'),(167,'BLUEFISH SHIPPING INC','Ajeltake Road, Ajeltake Island\nMAJURO\nMARSHALL ISLANDS',NULL,'','2025-03-12 23:43:28','2025-03-12 23:43:28'),(168,'PIRAEUS PORT AUTHORITY (PPA)','Akti Miaouli 24,\nPIRAEUS\nGREECE\nE-mail: fokae@olp.gr',NULL,'','2025-03-12 23:43:28','2025-03-12 23:43:28'),(169,'CAESAR SHIPPING INC','Majuro,\nMAJURO\nMARSHALL ISLANDS',NULL,'6142860','2025-03-12 23:43:28','2025-03-12 23:43:28'),(170,'SEKA 02 MARITIME COMPANY','-\n-\n-',NULL,'','2025-03-12 23:43:28','2025-03-12 23:43:28'),(171,'JEFTEX MARINE SERVICES LIMITED','JEFTEX COMPLEX, No. 55 AKER BASE ROAD, RUMUOLUMENT\nPORT HARCOURT,NIGERIA\n-\n-',NULL,'','2025-03-12 23:43:28','2025-03-12 23:43:28'),(172,'AMER MOHAMMAD EL HADDAD','-\n-\n-',NULL,'','2025-03-12 23:43:28','2025-03-12 23:43:28'),(173,'GLORION S.A.','c/o: CRANESHIP LLC - 4, Kari Libkneht Street\nTemryuk, Russia\nTemryuk\nRUSSIA',NULL,'5250597','2025-03-12 23:43:28','2025-03-12 23:43:28'),(174,'RED MEDUSA INC.','CALLE 50, EDIFICIO GLOBAL PLASA PISV 20, OFICIN D Y E\nPANAMA\nPANAMA',NULL,'','2025-03-12 23:43:28','2025-03-12 23:43:28'),(175,'GLAROS NEPA','SOROU 1, METAMORFOSI, GREECE\n-\n-',NULL,'','2025-03-12 23:43:28','2025-03-12 23:43:28'),(176,'HUDSON OFFSHORE SERVICES S.A.','COLONIA EL CASTANO,2DA CALLE,NO.2802,\nTEGUCIGALPA M.D.C, HONDURAS C.A\nTEGUCIGALPA\nHONDURAS',NULL,'','2025-03-12 23:43:28','2025-03-12 23:43:28'),(177,'VENICE SHIPMANAGEMENT LTD','Monrovia\nMonrovia\nLIBERIA',NULL,'6166397','2025-03-12 23:43:28','2025-03-12 23:43:28'),(178,'KNIDOS SHIPPING CORP','-\nMAJURO\nMARSHALL ISLANDS',NULL,'','2025-03-12 23:43:28','2025-03-12 23:43:28'),(179,'ADRIAN SEA GLOBAL INC (100%)','GLOBAL PLAZA BLDG, 20 FLOOR, OFFICE E\nPANAMA\nPANAMA',NULL,'6166573','2025-03-12 23:43:28','2025-03-12 23:43:28'),(180,'LARA SHIPPING MARITIME S.A. (100%)','TRUST COMPANY COMPLEX, AJELTAKE ROAD, AJELTAKE\nISLAND, MH96960,\nMAJURO\nMARSHALL ISLANDS\nE-mail: elbassma@elbassma.com',NULL,'','2025-03-12 23:43:28','2025-03-12 23:43:28'),(181,'OMAHA SHIPHOLDING INC. (100%)','C/O 8TH FLOOR, MINSHIAH GARABA BUILDING 2\nPANAMA\nPANAMA',NULL,'','2025-03-12 23:43:28','2025-03-12 23:43:28'),(182,'E&Q STS OPERATIONS MT LTD','-\n-\n-',NULL,'6059095','2025-03-12 23:43:28','2025-03-12 23:43:28'),(183,'CRETA CARGO IV MARITIME COMPANY','31 AGIOU DIMITRIOU STR.\nPIRAEUS\nGREECE',NULL,'','2025-03-12 23:43:28','2025-03-12 23:43:28'),(184,'KENTIOUS ENTERPRISES  LTD.','-\n-\n-\nE-mail: vikatosan@yahoo.gr',NULL,'','2025-03-12 23:43:28','2025-03-12 23:43:28'),(185,'LEGACY SHIPPING LTD','TRUST COMPANY COMPLEX, AJELTAKE ROAD\nMAJURO\nMARSHALL ISLANDS',NULL,'','2025-03-12 23:43:28','2025-03-12 23:43:28'),(186,'EMARINE LTD','-\n-\n-',NULL,'','2025-03-12 23:43:28','2025-03-12 23:43:28'),(187,'VIA MARINA SINGLE MEMBER S.A.','10-12 DORILEOU STR\nATHENS\nGREECE',NULL,'','2025-03-12 23:43:28','2025-03-12 23:43:28'),(188,'NEW MARINE SHIPPING GROUP S.A.','Panama City\nPANAMA\nPANAMA',NULL,'','2025-03-12 23:43:28','2025-03-12 23:43:28'),(189,'CORAL OFFSHORE SERVICES S.A.','c/o: HUDSON SHIP MANAGEMENT\nMumbai\nINDIA',NULL,'6183700','2025-03-12 23:43:28','2025-03-12 23:43:28'),(190,'GOLDEN ARSENAL CO. LTD','MAJURO\nMARSHALL ISLANDS',NULL,'6186355','2025-03-12 23:43:28','2025-03-12 23:43:28'),(191,'UNION CORE INC','Trust Company Complex, Ajeltake Road, Ajeltake Island\nMAJURO\nMARSHALL ISLANDS',NULL,'','2025-03-12 23:43:28','2025-03-12 23:43:28'),(192,'BLUE S MARINE SHIPPING TRADING LTD','Majuro, Marshall Islands\nMAJURO\nMARSHALL ISLANDS',NULL,'','2025-03-12 23:43:28','2025-03-12 23:43:28'),(193,'PROTEAS MARITIME S.A.','-\n-\n-',NULL,'','2025-03-12 23:43:28','2025-03-12 23:43:28'),(194,'SOFIA CHARTERING MCPY','200 SALAMINAS AVENUE & ARETIS STREET\nSalamis\nGREECE',NULL,'','2025-03-12 23:43:28','2025-03-12 23:43:28'),(195,'SUVARI SHIPPING CO.','-\n-\n-',NULL,'','2025-03-12 23:43:28','2025-03-12 23:43:28'),(196,'TORONEOS MARITIME S.A.','-\n-\n-',NULL,'','2025-03-12 23:43:28','2025-03-12 23:43:28'),(197,'ELBO SHIPPING LLC','AJELTAKE ROAD, AJELTAKE ISLAND, HM96960\nMAJURO\nMARSHALL ISLANDS',NULL,'6112463','2025-03-12 23:43:28','2025-03-12 23:43:28'),(198,'ALERCE SHIPPING SERVICES INC','Majuro, Marshall Islands\nMAJURO\nMARSHALL ISLANDS',NULL,'6199988','2025-03-12 23:43:28','2025-03-12 23:43:28'),(199,'TUNACOR FISHERIES LIMITED','P.O. Box 70, Walvis Bay, Namibia\n-\n-',NULL,'','2025-03-12 23:43:28','2025-03-12 23:43:28'),(200,'NORMA MARINE ENTERPRISES S.A.','MONROVIA, LIBERIA\nMonrovia\nLIBERIA',NULL,'','2025-03-12 23:43:28','2025-03-12 23:43:28'),(201,'DUSOR LOJISTIK VE DIS TICARET LIMITED SIRKETI. (100 %)','MAHMUTBEY MAH. TASOCAGI YOLU CAD. B BLOK SITESI AGAOGLU\nMY OFFICE BLOK No.: 3 IC KAPI No.: 108 BAGCILAR\nIstanbul\nTURKEY',NULL,'','2025-03-12 23:43:28','2025-03-12 23:43:28'),(202,'ΔΙΕΥΘΥΝΣΗ ΠΛΩΤΩΝ ΜΕΣΩΝ ΤΜΗΜΑ 1','-\nPIRAEUS\nGREECE\nE-mail: plota1@psnet.gr',NULL,'','2025-03-12 23:43:28','2025-03-12 23:43:28'),(203,'ALMAWASHI COMPANIA NAVIERA S.A.','-\n\n-\n-',NULL,'','2025-03-12 23:43:28','2025-03-12 23:43:28'),(204,'STRAWAY LIMITED\nC/O COG OFFSHORE AS','DJUVAVEGEN 10, 5542\nKarmsund\nNORWAY',NULL,'','2025-03-12 23:43:28','2025-03-12 23:43:28'),(205,'OPPORTUNITY LTD.','-\nKINGSTOWN\n-',NULL,'','2025-03-12 23:43:28','2025-03-12 23:43:28'),(206,'MED STAR SHIPPING S.A.','TRIPOLI\nTripoli\nLEBANON',NULL,'','2025-03-12 23:43:28','2025-03-12 23:43:28'),(207,'SPEEDLINES LTD.','2, VASIL. APRILOV STR, FL. 2, APT. 2, OFFICE 5,\n8000\nBURGAS\nBULGARIA',NULL,'','2025-03-12 23:43:28','2025-03-12 23:43:28'),(208,'LAGUNA MARINE LTD','80 Broad Street\nMonrovia\nLIBERIA',NULL,'','2025-03-12 23:43:28','2025-03-12 23:43:28'),(209,'BLUE FUN COMPANY LIMITED','103 PALAZZO PIETRO STIGES, STRAIT STREET, VLT 1436\n\nVALLETTA\nMALTA',NULL,'','2025-03-12 23:43:28','2025-03-12 23:43:28'),(210,'BROTHERS UNION SHIPPING CO','c/o: Ozmarmana Tedarik, Evliiya celebi Mah.\nMavi sk. No.:26, Tuzla\nISTANBUL\nTURKEY',NULL,'','2025-03-12 23:43:28','2025-03-12 23:43:28'),(211,'NAUTICAL RESEARCH FOUNDATION LIMITED','PALAZZO PIETRO STIGES, 90, STRAIT STREET,\nVLT 1436,\nVALLETTA\nMALTA',NULL,'','2025-03-12 23:43:28','2025-03-12 23:43:28'),(212,'DINAR INTERNATIONAL S.A.','TRUST COMPANY COMPLEX, AJELTAKE ISLAND, MH96960\nMAJURO\nMARSHALL ISLANDS',NULL,'','2025-03-12 23:43:28','2025-03-12 23:43:28'),(213,'GIA INTERNATIONAL LTD. S.A.','PANAMA CITY, PANAMA\nC/O 615NE NORTH MIAMI BEACH, 33162,\nFlorida\nUSA',NULL,'','2025-03-12 23:43:28','2025-03-12 23:43:28'),(214,'MARINE ASSET MANAGEMENT LIMITED','DEVON, UNITED KINGDOM\nDEVON\nUNITED KINGDOM',NULL,'','2025-03-12 23:43:28','2025-03-12 23:43:28'),(215,'SAMAR BASSAM EL MURR (50%) & MIRA BASSAM EL MURR (50%)','-\n-\n-',NULL,'','2025-03-12 23:43:28','2025-03-12 23:43:28'),(216,'I.M.S. CHRISTOS XXXIV S.A.','-\nMAJURO\nMARSHALL ISLANDS',NULL,'6235709','2025-03-12 23:43:28','2025-03-12 23:43:28'),(217,'EMMA MCPY 100%','6TH  CH.TRIKOUPI STR.\nPIRAEUS\nGREECE',NULL,'','2025-03-12 23:43:28','2025-03-12 23:43:28'),(218,'EMERALD BLUE CRUSIES SA','50TH STREET, GLOBAL PLAZA BLDG, 21ST FLOOR\nPANAMA CITY, 0801, PANAMA\nPANAMA\nPANAMA',NULL,'6189920','2025-03-12 23:43:28','2025-03-12 23:43:28'),(219,'JOY MARINE CO. LTD','171, OLD BAKERY STREET\nVALLETTA VLT 1455 MALTA\nVALLETTA\nMALTA',NULL,'','2025-03-12 23:43:28','2025-03-12 23:43:28'),(220,'YOLLAND INTERNATIONAL SHIPPING LTD.','TRUST COMPANY COMPLEX, AJELTAKE ROAD, AJELTAKE\nISLAND, MAJURO, MARSHALL ISLANDS MH96960\n-\n-\nE-mail: operation@ademarib.com',NULL,'6247485','2025-03-12 23:43:28','2025-03-12 23:43:28'),(221,'I.M.S. CHRISTOS XXXIX S.A.','MAJURO, MARSHALL ISLANDS\n-\n-',NULL,'6235712','2025-03-12 23:43:28','2025-03-12 23:43:28'),(222,'ABDEL KADER MOUSTAFA TALEB','-\n-\n-',NULL,'','2025-03-12 23:43:28','2025-03-12 23:43:28'),(223,'KINTARO M.C.P.Y.','3, IOSIFIDOU, ELLINIKO 167 77,\nAthens\nGREECE\nE-mail: mykintaro@gmail.com',NULL,'','2025-03-12 23:43:28','2025-03-12 23:43:28'),(224,'NOMBILI FISHING (PTY) LTD','P.O. BOX 5981, WALVIS BAY 9000,\nNAMIBIA\n-\n-',NULL,'','2025-03-12 23:43:28','2025-03-12 23:43:28'),(225,'TRANSPORT INTERNATIONAL GROUP LTD. SA','PANAMA CITY, PANAMA RR, C/O 3164 NW SOUTH RIVER DRIVE, MIAMI\nFL. 33142, U.S.A.\n-\n-',NULL,'','2025-03-12 23:43:28','2025-03-12 23:43:28'),(226,'TORNADO SHIPPING LIMITED','80 BROAD STREET,\nMonrovia\nLIBERIA',NULL,'5992701','2025-03-12 23:43:28','2025-03-12 23:43:28'),(227,'ABS INTERNATIONAL LTD','82 Cascade Drive, KY1 1006\nGEORGE TOWN\nCAYMAN ISLANDS',NULL,'6249504','2025-03-12 23:43:28','2025-03-12 23:43:28'),(228,'RORO SHIPPING COMPANY S.A.','PH OCEANIA BUSSINESS PLAZA T1000, PISO 49 OF V29\nPUNTA PACIFICA, PANAMA\n-\n-\nE-mail: ceo@roroshippingco.com',NULL,'','2025-03-12 23:43:28','2025-03-12 23:43:28'),(229,'OLAF MARITIME LTD.','TRUST COMPANY COMPLEX, AJELTAKE ROAD, AJELTAKE\nISLAND, MAJURO, MARSHALL ISLANDS MH96960\n-\n-',NULL,'','2025-03-12 23:43:28','2025-03-12 23:43:28'),(230,'TORONTO SHIPPING AND MARITIME SERVICES LTD','18c-3107 av. Des Hotels\nG1W4W5 Quebec\n-',NULL,'','2025-03-12 23:43:28','2025-03-12 23:43:28'),(231,'MECT LTD (100%)','80 BOARD STREET\nMonrovia\nLIBERIA',NULL,'','2025-03-12 23:43:28','2025-03-12 23:43:28'),(232,'K&C MARINE (100%)','KETENISLAAN-HAVEN 1551, 9130 KALLO\nBELGIUM\n-\n-',NULL,'','2025-03-12 23:43:28','2025-03-12 23:43:28'),(233,'FISHING & CARGO SERVICE SA','-\n-',NULL,'5127661','2025-03-12 23:43:28','2025-03-12 23:43:28'),(234,'AHM SHIPPING LTD','80 BROAD STREET, MONROVIA,\nREPUBLIC OF LIBERIA\n-\n-',NULL,'','2025-03-12 23:43:28','2025-03-12 23:43:28'),(235,'HANGANA SEAFOOD (PTY) LTD','P.O. BOX 26, WALVIS BAY, NAMIBIA\n-\n-',NULL,'','2025-03-12 23:43:28','2025-03-12 23:43:28'),(236,'REDLINE DEVELOPMENTS LTD','P.O. BOX 95, 2A LORD STREET, DOUGLAS,\nIM99 1HP, ISLE OF MAN\n-\n-',NULL,'','2025-03-12 23:43:28','2025-03-12 23:43:28'),(237,'TIMBUKTU SINGLE MEMBER P.C.','78 KOLOKOTRONI STR.\nPIRAEUS\nGREECE',NULL,'','2025-03-12 23:43:28','2025-03-12 23:43:28'),(238,'NADEZHDA LTD','Labuan, Malaysia\nLabuan\nMALAYSIA',NULL,'6203805','2025-03-12 23:43:28','2025-03-12 23:43:28'),(239,'NAVIERA CURARAY S.A.C.','-\n-\n-',NULL,'','2025-03-12 23:43:28','2025-03-12 23:43:28'),(240,'PERENCO PERU PETROLEUM LIMITED','AV. REPUBLICA DE PANAMA, 3030, PISO 14, SAN ISIDRO\nPANAMA\nPANAMA',NULL,'','2025-03-12 23:43:28','2025-03-12 23:43:28'),(241,'LIBYAN PORTS COMPANY LPCo','MISURATA, LIBYA\n-\n-\nE-mail: mnsrhdd@lpclibya.com',NULL,'','2025-03-12 23:43:28','2025-03-12 23:43:28'),(242,'DONAWILL HOLDINGS LIMITED','31/2 Miles Northern Highway, New Horizon Building\nBELIZE CITY\nBELIZE',NULL,'','2025-03-12 23:43:28','2025-03-12 23:43:28'),(243,'EXPRESS SHIPPING COMPANY','KATO POUNTA, AMPELAKIA SALAMINAS\n-\n-',NULL,'','2025-03-12 23:43:28','2025-03-12 23:43:28'),(244,'WG SHIPPING SA','c/o: Brave Bulkers S.A\nDubai\nUAE',NULL,'','2025-03-12 23:43:28','2025-03-12 23:43:28'),(245,'SEHER S SHIPPING LTD.','-\nMAJURO\nMARSHALL ISLANDS',NULL,'6286187','2025-03-12 23:43:28','2025-03-12 23:43:28'),(246,'MIRACLE NAVIGATION INC','c/o: SWEDISH MANAGEMENT CO S.A.\nDubai\nUAE',NULL,'6042661','2025-03-12 23:43:28','2025-03-12 23:43:28'),(247,'Abdel Hamid Mohammad Najib','-\n-\n-',NULL,'','2025-03-12 23:43:28','2025-03-12 23:43:28'),(248,'I.M.S. CHRISTOS LVII S.A.','c/o SPANOPOULOS GROUP S.A.\nSalamis\nGREECE',NULL,'6159126','2025-03-12 23:43:28','2025-03-12 23:43:28'),(249,'ARADAS ENERGY LLC.','3301 CHETMUL STREET, BELIZE CITY, BELIZE\n-\n-',NULL,'','2025-03-12 23:43:28','2025-03-12 23:43:28'),(250,'BROTHERS RS LTD','Complex Ajeltake Road Ajeltake\nMAJURO\nMARSHALL ISLANDS',NULL,'','2025-03-12 23:43:28','2025-03-12 23:43:28'),(251,'MARTENITSA SHIPPING LTD.','MAJURO, MARSHALL ISLANDS\n-\n-',NULL,'6236481','2025-03-12 23:43:28','2025-03-12 23:43:28'),(252,'PROMARINE SINGLE MEMBER PRIVATE COMPANY','PALASKA 3, HAIDARI, ATTICA 12462, GREECE\n-\n-',NULL,'','2025-03-12 23:43:28','2025-03-12 23:43:28'),(253,'NEWSTART MARITIME ENTERPRISES S.A.','10, AKTI POSEIDONOS STREET, 18531,\nPIRAEUS\nGREECE',NULL,'','2025-03-12 23:43:28','2025-03-12 23:43:28'),(254,'DIVINA SHIPPING AND TRADING','80 Broad Street\nMonrovia\nLIBERIA',NULL,'6335871','2025-03-12 23:43:28','2025-03-12 23:43:28'),(255,'ANNA MARITIME CO. S.A.','3301 Chetumal Street\nBELIZE CITY\nBELIZE',NULL,'6338209','2025-03-12 23:43:28','2025-03-12 23:43:28'),(256,'ALI MARITIME LTD','c/o: Morgan Navigation Co. S.A.\nMAJURO\nMARSHALL ISLANDS',NULL,'','2025-03-12 23:43:28','2025-03-12 23:43:28'),(257,'GLENMAST LIMITED','ENTERPRISE HOUSE, 113-115 GEORGE LANE,\nLONDON\nUNITED KINGDOM',NULL,'','2025-03-12 23:43:28','2025-03-12 23:43:28'),(258,'BRAVE SHIPPING CO LTD','Trust Company Complex, Ajeltake Road Ajeltake Island\nMH 96960\nMAJURO\nMARSHALL ISLANDS',NULL,'','2025-03-12 23:43:28','2025-03-12 23:43:28'),(259,'WHITE SHARK SHIPPING LTD','80 Broad Street,\nMonrovia\nLIBERIA',NULL,'6354827','2025-03-12 23:43:28','2025-03-12 23:43:28'),(260,'BRAVE ARSENAL CO LTD','Trust Company Complex, Ajeltake Road, Ajeltake Island\nMAJURO\nMARSHALL ISLANDS',NULL,'','2025-03-12 23:43:28','2025-03-12 23:43:28'),(261,'H M SHIPPING SA (100%)','TRUST COMPANY COMPLEX, AJELTAKE ROAD, AJELTAKE\nISLAND, MAJURO, MARSHALL ISLANDS MH96960\n-\n-',NULL,'6334991','2025-03-12 23:43:28','2025-03-12 23:43:28'),(262,'MAREHOLD SHIPPING COMPANY LIMITED','KARAISKAKI 13, 3032\nLIMASSOL\nCYPRUS',NULL,'','2025-03-12 23:43:28','2025-03-12 23:43:28'),(263,'HUDSON PACIFIC ENERGY LIMITED.','PLOT 19, BLOCK 14 JERRY IRIABE STREET\nLEKKI PHASE I\nLAGOS\nNIGERIA',NULL,'','2025-03-12 23:43:28','2025-03-12 23:43:28'),(264,'PRIME ENERGY CORP.','-\n-\n-',NULL,'','2025-03-12 23:43:28','2025-03-12 23:43:28'),(265,'MARMED LINES DMCC','Unit No: 2102, HDS Business Center, Plot No: JLT-PH1-M1A,\nJumeirah Lakes Towers,\nDubai\nUAE',NULL,'6249416','2025-03-12 23:43:28','2025-03-12 23:43:28'),(266,'LEAF SHIPHOLDING CORP.','-\nMonrovia\nLIBERIA',NULL,'6149632','2025-03-12 23:43:28','2025-03-12 23:43:28'),(267,'JESSICA SHIPPING CO.S.A.','BELIZE\nBELIZE CITY\nBELIZE',NULL,'6349486','2025-03-12 23:43:28','2025-03-12 23:43:28'),(268,'IGNATIOS SPANOPOULOS SHIPPING TRADE AND TECHNICAL S.A.','34, DIMOKRATIAS AVENUE, PERAMA, GREECE\n-\n-',NULL,'','2025-03-12 23:43:28','2025-03-12 23:43:28'),(269,'HALM W M F MARINE LTD','TRUST COMPANY COMPLEX, AJELTAKE ROAD, AJELTAKE\nISLAND,\nMAJURO\nMARSHALL ISLANDS',NULL,'6360114','2025-03-12 23:43:28','2025-03-12 23:43:28'),(270,'LARA SHIPPING MARITIME SA','APARTADO POSTAL 5646\nTEGUCIGALPA\nHONDURAS',NULL,'5839825','2025-03-12 23:43:28','2025-03-12 23:43:28'),(271,'ZUEITINA OIL COMPANY','Sidi Issa Street, P.O. BOX 2134,\nTripoli\nLIBYA\nE-mail: marineterminal@zueitina.com',NULL,'','2025-03-12 23:43:28','2025-03-12 23:43:28'),(272,'ANGELA SHIPPING LTD','TRUST COMPANY COMPLEX, AJELTAKE ROAD, AJELTAKE\nISLAND, MH 96960\nMAJURO\nMARSHALL ISLANDS',NULL,'6353673','2025-03-12 23:43:28','2025-03-12 23:43:28'),(273,'AQUARIUS SHIPPING S.A.','Ozmarmara Tedarik, Evliya çelebi mah. Mavi sk. No:26\nTuzla\nTURKEY',NULL,'','2025-03-12 23:43:28','2025-03-12 23:43:28'),(274,'MARIONA MARITIME CO. S.A.','1 MAPP STREET\nBELIZE CITY\nBELIZE',NULL,'','2025-03-12 23:43:28','2025-03-12 23:43:28'),(275,'PINNACLE OIL & GAS FZE','-\n\n-\n-',NULL,'','2025-03-12 23:43:28','2025-03-12 23:43:28'),(276,'DINA SHIP TRADE LTD','80 BROAD STREET\nMonrovia\nLIBERIA',NULL,'','2025-03-12 23:43:28','2025-03-12 23:43:28'),(277,'DIXSTONE LOWER GULF FZCO','-\n-\n-',NULL,'','2025-03-12 23:43:28','2025-03-12 23:43:28'),(278,'DOHA MARINE COMPANY','59 IBN SEENA ST,DOHA - QATAR\n-\n-',NULL,'','2025-03-12 23:43:28','2025-03-12 23:43:28'),(279,'HUDSON PACIFIC ENERGY','77 AWOLOWO ROAD, 2ND FLOOR YMCA BULDING\nLAGOS\nNIGERIA',NULL,'','2025-03-12 23:43:28','2025-03-12 23:43:28'),(280,'TANDANUR S.A.','80, Broad Street,\nMonrovia\nLIBERIA',NULL,'6347021','2025-03-12 23:43:28','2025-03-12 23:43:28'),(281,'SALUTA SHIPPING LIMITED','Main Street, PO Box 556,\n\n-\n-',NULL,'','2025-03-12 23:43:28','2025-03-12 23:43:28'),(282,'KOMPA COUNTRY CORP.','CALLE 50, TORRE GLOBAL PLAZA, PISO 19, SUITE H\nPANAMA\nPANAMA',NULL,'','2025-03-12 23:43:28','2025-03-12 23:43:28'),(283,'A & O LIVESTOCK CO. LTD, TRUST COMPANY CPMPLEX','AJELTAKE ISLAND, P.O BOX 1405 MAJURO, MARSHALL ISLANDS\n-\n-',NULL,'','2025-03-12 23:43:28','2025-03-12 23:43:28'),(284,'SOLANGE MARITIME S.A.','MAJURO\n1405 MAJURO\nMARSHALL ISLANDS',NULL,'5751845','2025-03-12 23:43:28','2025-03-12 23:43:28'),(285,'DINA SHIPHOLDING LTD','80, Broad Street\nMonrovia\nLIBERIA',NULL,'','2025-03-12 23:43:28','2025-03-12 23:43:28'),(286,'ARCHIRODON GROUP NV','3, Aghiou Andreou Str. Aghia Paraskevi\nAthens\nGREECE',NULL,'5064535','2025-03-12 23:43:28','2025-03-12 23:43:28'),(287,'YAMAHA FAHL & CO. FOR NAVIGATION LTD','SUITE 508 MARINA TOWERS NEWTOWN BARRACS\nBELIZE CITY\nBELIZE',NULL,'','2025-03-12 23:43:28','2025-03-12 23:43:28'),(288,'SEAHORSE MARINE SHIPPING LTD','c/o: SAFER MANAGEMENT S.A.\n-\n-',NULL,'','2025-03-12 23:43:28','2025-03-12 23:43:28'),(289,'AMKA MARINE LTD','80, Broad Street,\nMonrovia\nLIBERIA',NULL,'6361130','2025-03-12 23:43:28','2025-03-12 23:43:28'),(290,'ETS MILAD ABOU RJEILLY GENERAL CONTRACTING 100%','-\n-\n-',NULL,'','2025-03-12 23:43:28','2025-03-12 23:43:28'),(291,'BENAR CONSULT LTD','TRUST COMPANY COMPLEX, AJELTAKE ROAD, AJELTAKE ISLAND\nMAJURO\nMARSHALL ISLANDS',NULL,'','2025-03-12 23:43:28','2025-03-12 23:43:28'),(292,'UAB BALSOLA','LIEPU STREET, 48B, KLAIPEDA, LT-92107,\nLITHUANIA\n-\n-\nE-mail: jonas@balsola.lt',NULL,'','2025-03-12 23:43:28','2025-03-12 23:43:28'),(293,'UNITED POWER ALLIANCE PTE. LTD.','21 WOODLANDS CLOSE #06-31 PRIMZ BIZHUB 737854\nSingapore\nSINGAPORE',NULL,'','2025-03-12 23:43:28','2025-03-12 23:43:28'),(294,'MARINA OCEANFRONT CORPORATION','-\nDubai\nUAE',NULL,'','2025-03-12 23:43:28','2025-03-12 23:43:28'),(295,'ALISA MARITIME COMPANY S.A.','-\nPANAMA\nPANAMA',NULL,'','2025-03-12 23:43:28','2025-03-12 23:43:28'),(296,'AMERAY SHIPPING LTD.','Trust Company Complex, Aleltake Road, Ajeltake Island\nP.O Box 1405,\nMH 96960, MAJURO\nMARSHALL ISLANDS',NULL,'6390250','2025-03-12 23:43:28','2025-03-12 23:43:28'),(297,'KADD SHIPPING S.A','TRUST COMPANY COMPLEX,AJELTAKE ROAD,AJELTAKE ISLAND\nMAJURO\nMARSHALL ISLANDS',NULL,'','2025-03-12 23:43:28','2025-03-12 23:43:28'),(298,'BLACK SWAN YACHT LIMITED','BRITISH VIRGIN ISLANDS\n-\n-',NULL,'','2025-03-12 23:43:28','2025-03-12 23:43:28'),(299,'QUARTZ VENTURES LTD','80 Broad Street,Mornovia,Liberia\n-\n-',NULL,'','2025-03-12 23:43:28','2025-03-12 23:43:28'),(300,'COMPANION MARITIME S.A','COLONIA EL CASTANO, 2DA CALLE, NO. 2802, HONDURAS\n-\n-',NULL,'','2025-03-12 23:43:28','2025-03-12 23:43:28'),(301,'STOUTRIDGE INTERNATIONAL LTD','12A, Sotirias Bellou Street, 3047\nLIMASSOL\nCYPRUS',NULL,'6310435','2025-03-12 23:43:28','2025-03-12 23:43:28'),(302,'NAFKRATIS MARITIME S.A.','-\n-\n-',NULL,'','2025-03-12 23:43:28','2025-03-12 23:43:28'),(303,'NOYA LTD','103 SHAM PENG TONG PLAZA, VICTORIA MAKE\nREPUBLIC OF SEYCHELLES\n-\n-',NULL,'','2025-03-12 23:43:28','2025-03-12 23:43:28'),(304,'MIA SHIPPING INC.','-\n-\n-',NULL,'5725883','2025-03-12 23:43:28','2025-03-12 23:43:28'),(305,'Cpt. Mohammed El Mawia','Beyrouth\n-\n-',NULL,'','2025-03-12 23:43:29','2025-03-12 23:43:29'),(306,'HELEN K W F MARINE LTD','-\n\n-\n-',NULL,'6416853','2025-03-12 23:43:29','2025-03-12 23:43:29'),(307,'ONYX OFFSHORE INVESTMENT INC','C/O: AMS MARITIME LLC - Abu Dhabi - UAE\nABU DHABI\nUAE',NULL,'6061290','2025-03-12 23:43:29','2025-03-12 23:43:29'),(308,'VENEZIA SHIPTRADING LTD','80, Broad Street\nMonrovia\nLIBERIA',NULL,'6417061','2025-03-12 23:43:29','2025-03-12 23:43:29'),(309,'FRIENDS MARINE SR LTD','TRUST COMPANY COMPLEX, AJELTAKE ROAD, AJELTAKE ISLAND\nMAJURO\nMARSHALL ISLANDS',NULL,'6139211','2025-03-12 23:43:29','2025-03-12 23:43:29'),(310,'OCEAN FLOOR INVESTMENTS (PTY) LTD','P.O. BOX 5981, WALVIS BAY\n-\n-',NULL,'','2025-03-12 23:43:29','2025-03-12 23:43:29'),(311,'E&Q STS OPERATIONS (MT) LTD.','CMS HOUSE, THIRD FLOOR, ST. PETER\'S STREET,\nSAM GWANN, SGN 2310, MALTA\n-\n-',NULL,'6059095','2025-03-12 23:43:29','2025-03-12 23:43:29'),(312,'WKA BULKERS S.A','80 BROAD STREET\nMonrovia\nLIBERIA',NULL,'','2025-03-12 23:43:29','2025-03-12 23:43:29'),(313,'ERM MARINE LIMITED','Daire 197, Bina 2C, Cagdas Sokak.\nIcmeler Mah Tuzla,\nIstanbul\nTURKEY',NULL,'6171300','2025-03-12 23:43:29','2025-03-12 23:43:29'),(314,'ANANGEL MARINE LTD','c/o: CSM Energy Ltd, Columbia House, 21\n, Spyrou Kyprianou Avenue, 4042\nLIMASSOL\nCYPRUS',NULL,'6394323','2025-03-12 23:43:29','2025-03-12 23:43:29'),(315,'ANI SHIPPING CORP.','-\n-\n-',NULL,'','2025-03-12 23:43:29','2025-03-12 23:43:29'),(316,'A.M.K. MARINE S.A.','Apartado Postal 5646, Tegucigalpa, Honduras C.A.\n-\n-',NULL,'5870226','2025-03-12 23:43:29','2025-03-12 23:43:29'),(317,'ADALMUND MARINE LTD','-\n-',NULL,'5720281','2025-03-12 23:43:29','2025-03-12 23:43:29'),(318,'KMS B.V.','VIJFHUIZERDIJK 110, 2141 BD, VIJFHUIZEN\nVijfhuizen\nTHE NETHERLANDS',NULL,'','2025-03-12 23:43:29','2025-03-12 23:43:29'),(319,'ATHENAI SHIPTRADING LTD.','80 BROAD STREET\nMonrovia\nLIBERIA',NULL,'','2025-03-12 23:43:29','2025-03-12 23:43:29'),(320,'PROMARINE 87 MARITIME CO.','Majuro\nMAJURO\nMARSHALL ISLANDS',NULL,'6430622','2025-03-12 23:43:29','2025-03-12 23:43:29'),(321,'AMARELIA SHIPPING LTD','Trust Company Complex, Ajeltake Road\nAjeltake Island\nMAJURO\nMARSHALL ISLANDS',NULL,'','2025-03-12 23:43:29','2025-03-12 23:43:29'),(322,'SEAHAKER SHIPPING LTD','c/o Etihad Engineering & Marine\nMAJURO\nMARSHALL ISLANDS',NULL,'6419858','2025-03-12 23:43:29','2025-03-12 23:43:29'),(323,'BLUE WAVE MARINE COMPANY','AJELTAKE ROAD\nMalabo\nEquatorial Guinea',NULL,'6462985','2025-03-12 23:43:29','2025-03-12 23:43:29'),(324,'MERA SHIPPING LTD.','TRUST COMPANY COMPLEX, AJELTAKE ROAD, AJELTAKE\nISLAND MAJURO, MH96960,\nMAJURO\nMARSHALL ISLANDS',NULL,'','2025-03-12 23:43:29','2025-03-12 23:43:29'),(325,'MMS TWO LTD.','1 Agriniou Street, 3066\nLIMASSOL\nCYPRUS\nE-mail: info@multimarine.com.cy',NULL,'','2025-03-12 23:43:29','2025-03-12 23:43:29'),(326,'HELIOS SHIPPING LTD','TRUST COMPANY COMPLEX, AJELTAKE ROAD, AJELTAKE ISLAND,\nMH96960,\nMAJURO\nMARSHALL ISLANDS',NULL,'','2025-03-12 23:43:29','2025-03-12 23:43:29'),(327,'AMMOS MARINE COMPANY','FSBC0135, Compass Building, Al Shohada Road,\nRas Al Khaimah, 329668, Al Hmra Industrial Zone\nAl Hmra\nUAE',NULL,'6431767','2025-03-12 23:43:29','2025-03-12 23:43:29'),(328,'P.T. PELAYARAN ANDALAS BAHTERA BARUNA','JL. TIANG BENDERA V, JAKARTA BARA DKI 11230,\nREPUBLIC OF INDONESIA\n-\n-\nE-mail: safety@ptabb.com',NULL,'1909263','2025-03-12 23:43:29','2025-03-12 23:43:29'),(329,'GOLDEN JOY SHIPPING LTD','c/o: JOY MARINE COMPANY\nCONSTANTA\nROMANIA',NULL,'6024166','2025-03-12 23:43:29','2025-03-12 23:43:29'),(330,'HORIZON SHIPPING LINES LTD.','TRUST COMPANY COMPLEX, AJELTAKE ROAD, AJELTAKE ISLAND,\nMAJURO MH96960, REPUBLIC OF THE MARSHALL ISLANDS\n-\n-',NULL,'','2025-03-12 23:43:29','2025-03-12 23:43:29'),(331,'OCEANGLOW YACHTING MCPY','9 ANAGNOSTOPOULOU STR.,\nAthens\nGREECE',NULL,'4318333','2025-03-12 23:43:29','2025-03-12 23:43:29'),(332,'MN GLORY SHIPPING S.A.','-\n\n-\n-',NULL,'5995272','2025-03-12 23:43:29','2025-03-12 23:43:29'),(333,'CLANSMAN SHIPPING COMPANY LTD','80, Broad Street\nMonrovia\nLIBERIA',NULL,'','2025-03-12 23:43:29','2025-03-12 23:43:29'),(334,'SEA GRACE SHIPPING LTD','80 BROAD STREET\nMonrovia\nLIBERIA',NULL,'46169','2025-03-12 23:43:29','2025-03-12 23:43:29'),(335,'WHITE GALE SHIPPING S.A.','MARSHALL ISLANDS\n-\n-',NULL,'5761961','2025-03-12 23:43:29','2025-03-12 23:43:29'),(336,'CHANNEL R ASSET MANAGEMENT LIMITED','-\n-\n-',NULL,'','2025-03-12 23:43:29','2025-03-12 23:43:29'),(337,'NKRAH MARINE LIMITED','22, IBB WAY CALABAR CROSS RIVER\n-\n-',NULL,'','2025-03-12 23:43:29','2025-03-12 23:43:29'),(338,'ATLANTIS MARITIME SERVICES LTD','TRUST COMPANY COMPLEX, AJELTAKE ROAD, AJELTAKE\nISLAND, MAJURO MH 96960, REPUBLIC OF THE MARSHALL ISLANDS\n-\n-',NULL,'6432151','2025-03-12 23:43:29','2025-03-12 23:43:29'),(339,'PERAMA SHIPMANAGEMENT LTD.','80 BROAD STREET\nMonrovia\nLIBERIA',NULL,'6077180','2025-03-12 23:43:29','2025-03-12 23:43:29'),(340,'BUSOLAR AS','JERVEGEN 1078A, 4351 KLEPPE, 1120 KLEPP,\nNORWAY\n-\n-\nE-mail: erga@ebmarine.no',NULL,'','2025-03-12 23:43:29','2025-03-12 23:43:29'),(341,'ATLANTIC ADAM SHIPPING LTD','80, Broad Street\nMonrovia\nLIBERIA',NULL,'6445205','2025-03-12 23:43:29','2025-03-12 23:43:29'),(342,'AST SHIPPING 1 LIMITED','Kingsway Palace, 31-33 third floor, Republic street\nVALLETTA\nMALTA',NULL,'','2025-03-12 23:43:29','2025-03-12 23:43:29'),(343,'ZEG SHIPPING LLC','TRUST COMPANY COMPLEX, AJELTAKE ROAD, AJELTAKE\nISLAND, MH96960\nMAJURO\nMARSHALL ISLANDS\nE-mail: zvikakfir@gmail.com',NULL,'6253811','2025-03-12 23:43:29','2025-03-12 23:43:29'),(344,'ATLANTIS X SHIPPING CO.','TRUST COMPANY COMPLEX AJELTAKE ROAD, AJELTAKE\nISLAND, MAJURO 96960, MARSHALL ISLANDS\n-\n-',NULL,'','2025-03-12 23:43:29','2025-03-12 23:43:29'),(345,'EUPHORIA TRADING INC.','-\nMAJURO\nMARSHALL ISLANDS',NULL,'6452445','2025-03-12 23:43:29','2025-03-12 23:43:29'),(346,'ALBAYRAK DENIZCILIK VE GEMI ISLETMECILIGI\nANONIM SIRKETI','FETIH CAD. ALBAYRAKLAR MALTEPE MAH., DAIRE No: 32,\nKAPI No: 6,\nISTANBUL\nTURKEY',NULL,'','2025-03-12 23:43:29','2025-03-12 23:43:29'),(347,'MARITRANS SHIPPING CO.','8o BROAD STREET\nMonrovia\nLIBERIA',NULL,'','2025-03-12 23:43:29','2025-03-12 23:43:29'),(348,'SEA MERAY SHIPPING LTD','80 Broad Street,\nMonrovia\nLIBERIA',NULL,'5855635','2025-03-12 23:43:29','2025-03-12 23:43:29'),(349,'SIERRA GOLD LTD.','TRUST COMPANY COMPLEX, AJELTAKE ROAD, AJELTAKE ISLAND,\nMH 96960,\nMAJURO\nMARSHALL ISLANDS',NULL,'6468940','2025-03-12 23:43:29','2025-03-12 23:43:29'),(350,'OLEKSANDR CHAYKA','83 AKADEMIKA KOROLEVA ST APT. 67,\nOdessa\nUKRAINE',NULL,'','2025-03-12 23:43:29','2025-03-12 23:43:29'),(351,'DALAL SHIPPING CO. S.A.','1 MAPP STREET,\nBELIZE CITY\nBELIZE',NULL,'','2025-03-12 23:43:29','2025-03-12 23:43:29'),(352,'BERCO SHIPPING LTD','-\nMAJURO\nMARSHALL ISLANDS',NULL,'6167188','2025-03-12 23:43:29','2025-03-12 23:43:29'),(353,'NADCO 1 SHIPPING LTD','c/o: Friends Shipping Co SA, Erdogan Center Apt,\nGazi Mustafa Kemal Bulvari, Akdeniz Mah, 4/10\nMonrovia\nLIBERIA',NULL,'6402390','2025-03-12 23:43:29','2025-03-12 23:43:29'),(354,'LEDRA ENA SHIPPING (CY) LTD','Amorgou 15, Zakaki\n3047 LIMASSOL\nCYPRUS',NULL,'','2025-03-12 23:43:29','2025-03-12 23:43:29'),(355,'TRIPOLI PILOT STATION','LEBANON\n-\n-',NULL,'','2025-03-12 23:43:29','2025-03-12 23:43:29'),(356,'BLACK SEA MARITIME LTD','-\n-',NULL,'1826602','2025-03-12 23:43:29','2025-03-12 23:43:29'),(357,'OLSEN SHIPMANAGEMENT INC.','Trust Company Complex, Ajeltake Road\nAjeltake Island\nMAJURO\nMARSHALL ISLANDS',NULL,'6461633','2025-03-12 23:43:29','2025-03-12 23:43:29'),(358,'KENVORT VENTURES INC','-\n-\n-',NULL,'','2025-03-12 23:43:29','2025-03-12 23:43:29'),(359,'EVANGELIA M.C.P.Y.','6 Aggelou Sikelianou Street, 166 73 Voula,\nGREECE\n-\n-',NULL,'','2025-03-12 23:43:29','2025-03-12 23:43:29'),(360,'ALPORT CONAKRY S.A.','TAOUYAH, SOUTH CORNICHE ROGBANE\nRATOMA MUNICIPALITY, CONAKRY, REPUBLIC OF GUINEA\nConakry\nGuinea',NULL,'6474461','2025-03-12 23:43:29','2025-03-12 23:43:29'),(361,'SOLSTICIJ D.O.O.','POLJICKA CESTA - ORIJ 95, DUGI RAT\nREPUBLIKA HRVATSKA, CROATIA\n-\n-',NULL,'','2025-03-12 23:43:29','2025-03-12 23:43:29'),(362,'SOHO MARINE S.A','80 BROAD STREET.\nMonrovia\nLIBERIA',NULL,'6342546','2025-03-12 23:43:29','2025-03-12 23:43:29'),(363,'NADINE SHIPPING S.A','-\n-\n-',NULL,'','2025-03-12 23:43:29','2025-03-12 23:43:29'),(364,'SEABULK TRADING LTD.','VICTORIA MAHE, SEYCHELLES\n-\n-',NULL,'','2025-03-12 23:43:29','2025-03-12 23:43:29'),(365,'CILICIA SHIPPING COMPANY','TRUST COMPANY COMPLEX, AJELTAKE ROAD\nAJELTAKE ISLAND, MH96960\nMAJURO\nMARSHALL ISLANDS',NULL,'6397932','2025-03-12 23:43:29','2025-03-12 23:43:29'),(366,'SANAA COMPANY S.A.','C/O MEDITERRANEAN LINE INC., 2nd Floor, Flat 14,\n1, An-Nasr Street, Al-Manshiyah,\nAlexandria\nEGYPT',NULL,'6374294','2025-03-12 23:43:29','2025-03-12 23:43:29'),(367,'SARKAS SHIPHOLDING LTD','80  Broad Street\nMonrovia\nLIBERIA',NULL,'','2025-03-12 23:43:29','2025-03-12 23:43:29'),(368,'BULGARIAN MARITIME TRAINING CENTRE','73 VASIL. DRUMEV STR., 9026\nVarna\nBULGARIA',NULL,'','2025-03-12 23:43:29','2025-03-12 23:43:29'),(369,'AAA MARITIME SHIPPING SA','Panama\nPANAMA\nPANAMA',NULL,'6100681','2025-03-12 23:43:29','2025-03-12 23:43:29'),(370,'GAREZZ MARITIME CO LTD.','80 BROAD STREET,\nMonrovia\nLIBERIA',NULL,'6215431','2025-03-12 23:43:29','2025-03-12 23:43:29'),(371,'OCEAN WIND SHIPPING COMPANY S.A. (100%)','COLONIA EL CASTANO, 2DA CALLE, No.2802\nTEGUCIGALPA M.D.C, HONDURAS C.A.\n-\n-',NULL,'','2025-03-12 23:43:29','2025-03-12 23:43:29'),(372,'VICTORY MARINE LTD.','TORTOLA,\nBRITISH VIRGIN ISLANDS\n-\n-',NULL,'','2025-03-12 23:43:29','2025-03-12 23:43:29'),(373,'OCEAN HARMONY SHIPPING COMPANY S.A. (100%)','COLONIA EL CASTANO, 2DA CALLE, No. 2802,\nTEGUCIGALPA\nHONDURAS\nE-mail: fhanifi@hotmail.com',NULL,'','2025-03-12 23:43:29','2025-03-12 23:43:29'),(374,'JUDI MARITIME LTD.','8o, BROAD STREET\nMonrovia\nLIBERIA',NULL,'6479357','2025-03-12 23:43:29','2025-03-12 23:43:29'),(375,'ROMA SHIPPING LLC','Trust Company Complex Ajeltake Road, MH96960\nMAJURO\nMARSHALL ISLANDS',NULL,'6101203','2025-03-12 23:43:29','2025-03-12 23:43:29'),(376,'PORT PEGASUS SHIPPING INC','Majuro, MARSHALL ISLANDS\nMAJURO\nMARSHALL ISLANDS',NULL,'6474356','2025-03-12 23:43:29','2025-03-12 23:43:29'),(377,'SEASPROUT ENTERPRISES LTD.','THE URSULA JONES BUILDING, COOLIDGE, P.O. BOX 3511,\nST. JOHN\'S, ANTIGUA AND BARBUDA\n-\n-',NULL,'6482254','2025-03-12 23:43:29','2025-03-12 23:43:29'),(378,'GLOBAL ARSENAL CO LTD','Trust Company Complex, Ajeltake Road,\nAjeltake Island, MH 96960\nMAJURO\nMARSHALL ISLANDS',NULL,'','2025-03-12 23:43:29','2025-03-12 23:43:29'),(379,'COMMANDER SEAWAYS LTD','80 Broad Street\nMonrovia\nLIBERIA',NULL,'','2025-03-12 23:43:29','2025-03-12 23:43:29'),(380,'ERKDENIZ DENIZCILIK ISLETMELERI LIMITED SIRKETI','SEHIT POLIS FETHI SEKIN CAD. ADALET MAH. DAIRE No.: 291\nKapt. No.: 4 IZMIR, BAYRAKLI, TURKEY\n-\n-',NULL,'','2025-03-12 23:43:29','2025-03-12 23:43:29'),(381,'I.M.S. CHRISTOS LXI S.A.','-\n-\n-',NULL,'','2025-03-12 23:43:29','2025-03-12 23:43:29'),(382,'TAV BOSPHORUS SHIPPING LTD.','TRUST COMPANY COMPLEX, AJELTAKE ROAD,\nAJELTAKE ISLAND, MH96960,\nMAJURO\nMARSHALL ISLANDS',NULL,'6453369','2025-03-12 23:43:29','2025-03-12 23:43:29'),(383,'RELIABLE SHIPPING GROUP INC','13TH FLOOR, ADR BUILDING, AVENIDA SAMUEL LEWIS Y\nCALLE 58, PANAMA CITY, REPUBLIC OF PANAMA\n-\n-',NULL,'110616','2025-03-12 23:43:29','2025-03-12 23:43:29'),(384,'AGORA SHIPPING LTD','Mahuro-Marshall Islands\nMAJURO\nMARSHALL ISLANDS',NULL,'','2025-03-12 23:43:29','2025-03-12 23:43:29'),(385,'THE TRANS-ARAB WORLD COMPANY FOR CONTRACTING\nAND MANAGEMENT -SOTEG S.A.R.L 100%','-\n-\n-',NULL,'','2025-03-12 23:43:29','2025-03-12 23:43:29'),(386,'BLUE WAVES MARITIME INC','80 BROAD STREET\nMonrovia\nLIBERIA',NULL,'14129','2025-03-12 23:43:29','2025-03-12 23:43:29'),(387,'MIA SEAWAYS LTD','The Liscr Trust Company, 80 Broad\nStreet\nMonrovia\nLIBERIA',NULL,'6379220','2025-03-12 23:43:29','2025-03-12 23:43:29'),(388,'OCEAN ROSE S.A.','80 Broad Street\nMonrovia\nLIBERIA',NULL,'6487312','2025-03-12 23:43:29','2025-03-12 23:43:29'),(389,'IVADELL\'S SHIPPING COMPANY LTD','Suite 3, P.O. Box N-8988 Bayberry Street\nNassau\nBAHAMAS',NULL,'6325463','2025-03-12 23:43:29','2025-03-12 23:43:29'),(390,'HS MARITIME DYNASTY SA','Trust company complex, Ajeltake Road,\nAjeltake Island\nMAJURO\nMARSHALL ISLANDS',NULL,'3932','2025-03-12 23:43:29','2025-03-12 23:43:29'),(391,'RASHA MARITIME CO. S.A.','1 Mapp Street\nBELIZE CITY\nBELIZE',NULL,'5936003','2025-03-12 23:43:29','2025-03-12 23:43:29'),(392,'PROMARINE 42 MARITIME CO.','Majuro\nMAJURO\nMARSHALL ISLANDS',NULL,'6221881','2025-03-12 23:43:29','2025-03-12 23:43:29'),(393,'KARADERE DENIZ TASIMACILIGI TICARET LIMITED','-\n-\n-',NULL,'','2025-03-12 23:43:29','2025-03-12 23:43:29'),(394,'WORLDTRANS SHIPPING LTD','Trust Company Complex, Ajeltake Road,\nAjeltake Island,\nMAJURO\nMARSHALL ISLANDS',NULL,'57411','2025-03-12 23:43:29','2025-03-12 23:43:29'),(395,'SPEK HOLDING B.V.','-\nVijfhuizen\nTHE NETHERLANDS',NULL,'23731','2025-03-12 23:43:29','2025-03-12 23:43:29'),(396,'BARLA SHIPPING AND TRADING LTD.','ST. JOHN\'S, ANTIGUA AND BARBUDA\n-\n-',NULL,'5989835','2025-03-12 23:43:29','2025-03-12 23:43:29'),(397,'TOP SAIL SHIPPING LTD.','AJELTAKE ROAD, AJELTAKE ISLAND, MH96960\nMAJURO\nMARSHALL ISLANDS\nE-mail: operation@medstar-cruise.com',NULL,'6421876','2025-03-12 23:43:29','2025-03-12 23:43:29'),(398,'OCEAN FRESH SHIPPING COMPANY S.A. (100%)','COLONIA EL CASTANO, 2DA CALLE, No. 2802,\nTEGUCIGALPA\nHONDURAS\nE-mail: fhanifi@hotmail.com',NULL,'6501701','2025-03-12 23:43:29','2025-03-12 23:43:29'),(399,'DAMEN SHIYARDS GORINCHEM','-\n-\n-',NULL,'5534658','2025-03-12 23:43:29','2025-03-12 23:43:29'),(400,'SAS MARINE LTD.','AJELTAKE ROAD, AJELTAKE ISLAND, MH96960,\nMAJURO\nMARSHALL ISLANDS\nE-mail:',NULL,'6448961','2025-03-12 23:43:29','2025-03-12 23:43:29'),(401,'NJ MOON MARINE LTD','80 BROAD STREET,\nMonrovia\nLIBERIA',NULL,'6343867','2025-03-12 23:43:29','2025-03-12 23:43:29'),(402,'NEW BORN SHIPPING LTD','Trust Company Complex, Ajeltake Road,\nAjeltake Islands\nMAJURO\nMARSHALL ISLANDS',NULL,'15189','2025-03-12 23:43:29','2025-03-12 23:43:29'),(403,'REY SHIPPING LTD','LR,\nMonrovia\nLIBERIA',NULL,'','2025-03-12 23:43:29','2025-03-12 23:43:29'),(404,'EMODRAGA, EP','-\n-\n-',NULL,'','2025-03-12 23:43:29','2025-03-12 23:43:29'),(405,'SEA LOGISTICS S.A.','TRUST COMPANY COMPLEX, AJELTAKE ROAD, AJELTAKE\nISLAND,\nMAJURO\nMARSHALL ISLANDS',NULL,'6237549','2025-03-12 23:43:29','2025-03-12 23:43:29'),(406,'FREEDOM PTY LTD','TORTOLA, BRITISH VIRGIN ISLAND\n-\n-',NULL,'','2025-03-12 23:43:29','2025-03-12 23:43:29'),(407,'K-S MARINE LTD','HUNKINS WATERFRONT PLAZA SUITE 556, MAIN STREET\nCHARELSTOWN  FEDERATION OF SAINT KITTS AND NEVIS\n-\n-',NULL,'6008532','2025-03-12 23:43:29','2025-03-12 23:43:29'),(408,'FISHING AND CARGO SERVICES, S.A. - PANAMA','PANAMA\n-\n-',NULL,'5127661','2025-03-12 23:43:29','2025-03-12 23:43:29'),(409,'DETEK DENIZ TEKNOLOJI VE TICARET LIMITED SIRKETI','-\n-\n-',NULL,'','2025-03-12 23:43:29','2025-03-12 23:43:29'),(410,'ARAR MARITIME INC','Suite 212, 2nd Floor, Block A,\nUnity House, Palm Street,Mahe Island\nVictoria\nSeychelles',NULL,'6466020','2025-03-12 23:43:29','2025-03-12 23:43:29'),(411,'SMY SHIPPING FOREIGN TRADE COMPANY','-\n-\n-',NULL,'','2025-03-12 23:43:29','2025-03-12 23:43:29'),(412,'URANUS NAVE CO LTD','80 Broad Street,\nMonrovia\nLIBERIA',NULL,'6232991','2025-03-12 23:43:29','2025-03-12 23:43:29'),(413,'AUSTRIA BULKERS S.A.','80 Broad Street\nMonrovia\nLIBERIA',NULL,'94721','2025-03-12 23:43:29','2025-03-12 23:43:29'),(414,'MANAMA.SA','ZONE FRANCHE NOUADHIBOU,\nMAURITANIA\n-\n-',NULL,'','2025-03-12 23:43:29','2025-03-12 23:43:29'),(415,'DERMOR INC','Port Liuis MAURITIUS\n-\n-',NULL,'6181796','2025-03-12 23:43:29','2025-03-12 23:43:29'),(416,'NOUR SHIPTRADE LTD','80 BROAD STREET MONROVIA\nREPUBLIC OF LIBERIA\nMonrovia\nLIBERIA',NULL,'6393444','2025-03-12 23:43:29','2025-03-12 23:43:29'),(417,'OCEAN BREEZE SHIPPING COMPANY S.A.','COLONIA EL CASTANO, 2DA CALLE, No 2802, TEQUCIGALPA M.D.C,\nHONDURAS C.A\n-\n-',NULL,'6501731','2025-03-12 23:43:29','2025-03-12 23:43:29'),(418,'ELYAM SHIPPING & TRADING S.A.','MAJURO, MARSHALL ISLANDS\n-\n-\nE-mail: ops@elyamst.com',NULL,'6070271','2025-03-12 23:43:29','2025-03-12 23:43:29'),(419,'VALERITA LTD.','SUITE 1, SECOND FLOOR, SOUND & VISION HOUSE, FRANCIS\nRACHEL STR., VICTORIA, MAHE, SEYCHELLES\n-\n-',NULL,'113346','2025-03-12 23:43:29','2025-03-12 23:43:29'),(420,'OSHAKATI SEAFOOD (PTY) LTD','P.O BOX 70 WALVIS BAY\nNAMIBIA\n-\n-',NULL,'','2025-03-12 23:43:29','2025-03-12 23:43:29'),(421,'RAEMSHIP LTD.','-\nMAJURO\nMARSHALL ISLANDS',NULL,'6485506','2025-03-12 23:43:29','2025-03-12 23:43:29'),(422,'POLESTAR MARINE S.A.','80, Broad Street\nMonrovia\nLIBERIA',NULL,'','2025-03-12 23:43:29','2025-03-12 23:43:29'),(423,'MOONRISE SHIPPING LTD','c/o: SED DENIZCILIK VE DIS TICARET ANONIM SIRKETI\nIstanbul - Turkiye\nMAJURO\nMARSHALL ISLANDS',NULL,'6430711','2025-03-12 23:43:29','2025-03-12 23:43:29'),(424,'MEDT DENIZCILIK ANONIM SIRKETI','IBRAHIM KORAY SK. AYDINTEPE MAH.\nDAIRE No:8\nISTANBUL\nTURKEY',NULL,'','2025-03-12 23:43:29','2025-03-12 23:43:29'),(425,'TONGA MANAGEMENT INC.','ST. VINCENT & THE GRENADINES\n-\n-',NULL,'5090695','2025-03-12 23:43:29','2025-03-12 23:43:29'),(426,'CONSTRUCTION AND MAINTENANCE AUTHORITY FOR\nPORTS AND FISHING HARBORS','-\n-\n-',NULL,'','2025-03-12 23:43:29','2025-03-12 23:43:29'),(427,'LAVELA SHIPTRADING LTD','80 Broad Street,\nMonrovia\nLIBERIA',NULL,'','2025-03-12 23:43:29','2025-03-12 23:43:29'),(428,'SORRENTO SHIPPING S.A.','-\n-\n-',NULL,'','2025-03-12 23:43:29','2025-03-12 23:43:29'),(429,'TROND A. KITTILSEN SHIPPING AS','FROEYAS VEI 9,\n3960 STATHELLE, NORWAY\n-\n-',NULL,'','2025-03-12 23:43:29','2025-03-12 23:43:29'),(430,'PROMARINE 88 MARITIME CO','C/O: Promarine Shipmanagement Co SA 3,\nPalaska Street, Haidari, 124 62,\nAthens\nGREECE',NULL,'105916','2025-03-12 23:43:29','2025-03-12 23:43:29'),(431,'PROMARINE 89 MARITIME CO','Majuro, Marshall Islands\nMAJURO\nMARSHALL ISLANDS',NULL,'108133','2025-03-12 23:43:29','2025-03-12 23:43:29'),(432,'LUSIMONA BUSINESS GROUP LTD','SUITE 1, 2nd FLOOR, SOUND & VISION HOUSE\nFRANCIS RACHEL STR, VICTORIA, MAHE, SEYCHELLES\n-\n-\nE-mail: engineer@fisherygroup.com',NULL,'','2025-03-12 23:43:29','2025-03-12 23:43:29'),(433,'MARITIME DIANA T LLC','Trust Company Complex, Ajeltake Road\nAjeltake Islands MH 96960\nMAJURO\nMARSHALL ISLANDS',NULL,'','2025-03-12 23:43:29','2025-03-12 23:43:29'),(434,'TEST OWNING COMPANY',NULL,NULL,'12345678','2025-05-02 12:59:29','2026-03-12 07:45:08'),(435,'PEMBA TERMINAL SERVICES S.A.','Rua Consiglieri Pedroso No. 350\n261 -\n-',NULL,'5963864','2025-05-12 12:00:54','2025-05-12 12:00:54'),(436,'I.M.S. SHIPPING CO','MAJURO\nMAJURO\nMARSHALL ISLANDS',NULL,'5549862','2025-05-12 12:00:54','2025-05-12 12:00:54'),(437,'SEAWISE SHIPPING S.A.R.L.','MERSIN SILIFKE SUBESI, TASUCU MAH. ATATURK BLV\nNo.182/A, TURKEY\n-\n-',NULL,'6326020','2025-05-12 12:00:54','2025-05-12 12:00:54'),(438,'SCION MASTERS LTD','80 BROAD STREET\nMonrovia\nLIBERIA',NULL,'1835866','2025-05-12 12:00:54','2025-05-12 12:00:54'),(439,'THANG LONG GAS COMPANY LIMITED','LUU XA GAS INDUSTRIAL CLUSTER, QUAT DONG WARD,\nTHUONG TIN DISTRICT, HANOI CITY, VIETNAM\n-\n-',NULL,'','2025-05-12 12:00:54','2025-05-12 12:00:54'),(440,'BAY MARITIME SA (100%)','-\n-\n-',NULL,'9287','2025-05-12 12:00:55','2025-05-12 12:00:55'),(441,'OCEAN WHALE COMPANY LIMITED','ROOM 4, OFFICE 18, BLOCK 19, VINCENTI BLD.\nSTRAIT STREET, VLT-1432\nVALLETTA\nMALTA',NULL,'6040855','2025-05-12 12:00:55','2025-05-12 12:00:55'),(442,'MARIONA MARITIME CO. S.A.','1 MAPP STREET\nBELIZE CITY\nBELIZE',NULL,'5936048','2025-05-12 12:00:55','2025-05-12 12:00:55'),(443,'DIXSTONE LOWER GULF FZCO','-\n-\n-',NULL,'19703','2025-05-12 12:00:55','2025-05-12 12:00:55'),(444,'BARRUS MARINE INC.','AJELTAKE ROAD\nMAJURO\nMARSHALL ISLANDS',NULL,'','2025-05-12 12:00:55','2025-05-12 12:00:55'),(445,'MARS OIL SERVICE','HAY ALANDLOS  28 AHMED BEN WARED ST.P.O. BOX 8313\n\nTripoli\nLEBANON',NULL,'','2025-05-12 12:00:55','2025-05-12 12:00:55'),(446,'ODF Shipping & Trading Co','Trust Company Complex, Ajeltake Road,\nAjeltake, Majuro MH 96960,\nMAJURO\nMARSHALL ISLANDS',NULL,'138906','2025-05-12 12:00:55','2025-05-12 12:00:55'),(447,'SUNQUEST OCEANIC COMPANY','TRUST COMPANY COMPLEX, AJELTAKE ROAD,\nAJELTAKE ISLAND, MH96960\nMAJURO\nMARSHALL ISLANDS\nE-mail: info@2wayferries.gr',NULL,'6464788','2025-05-12 12:00:55','2025-05-12 12:00:55'),(448,'DALAL SHIPPING CO. S.A.','1 MAPP STREET,\nBELIZE CITY\nBELIZE',NULL,'5716501','2025-05-12 12:00:55','2025-05-12 12:00:55'),(449,'ARTIC CURE MANAGEMENT S.A.','-\n-\n-',NULL,'51341','2025-05-12 12:00:56','2025-05-12 12:00:56'),(450,'MOHAMAD SALIM ALLOUF - LEBANESE, SHARES 100 %','-\nTripoli\nLEBANON',NULL,'6334855','2025-05-12 12:00:56','2025-05-12 12:00:56'),(451,'COMET SHIPPING INC.','Ajeltake Island Majuro\nMAJURO\nMARSHALL ISLANDS',NULL,'6495462','2025-05-12 12:00:56','2025-05-12 12:00:56'),(452,'NEW BLISS SHIPPING LTD','Trust Company Complex, Ajeltake Road\nAjeltake Islands\nMH96960 MAJURO\nMARSHALL ISLANDS',NULL,'','2025-05-12 12:00:56','2025-05-12 12:00:56'),(453,'GOLDEN SEA YACHTS M.C.P.Y','3 ORFEOS STR, VARI\nATHENS\nGREECE',NULL,'','2025-05-12 12:00:56','2025-05-12 12:00:56'),(454,'STARFISH SHIPHOLDING S.A.','80 BROAD STREET,\nMonrovia\nLIBERIA',NULL,'6422415','2025-05-12 12:00:56','2025-05-12 12:00:56'),(455,'SORRENTO SHIPPING S.A.','-\n-\n-',NULL,'35195','2025-05-12 12:00:56','2025-05-12 12:00:56'),(456,'MYNE INC','AJELTAKE TRUST COMPANY COMPLEX, AJELTAKE ROAD,\nAJELTAKE ISLAND,\nMAJURO\nMARSHALL ISLANDS',NULL,'','2025-05-12 12:00:56','2025-05-12 12:00:56'),(457,'DEMERITHA LTD','-\n-\n-',NULL,'6365852','2025-05-12 12:00:56','2025-05-12 12:00:56'),(458,'SLT PRO FZCO','Unit 30-01-5342, Plot DMCC-PH2-J&GPLEXS, Dubai\nMulti Commodities Centre (DMCC)\nDubai\nUAE',NULL,'','2025-05-12 12:00:56','2025-05-12 12:00:56'),(459,'VIRGO SHIPOWNER INC','80 BROAD STREET,\nMonrovia\nLIBERIA',NULL,'6384477','2025-05-12 12:00:56','2025-05-12 12:00:56'),(460,'CANNA INTERNATIONAL INC.','80 BROAD STREET,\nMonrovia\nLIBERIA',NULL,'6456023','2025-05-12 12:00:56','2025-05-12 12:00:56'),(461,'DIRECT SHIPPING COMPANY LIMITED','Archiepiskopou Makariou III, 228 Agios Pavlos Court.\n4th floor flat / office 411 / 412 Limassol 3030\nLIMASSOL\nCYPRUS',NULL,'','2025-05-12 12:00:56','2025-05-12 12:00:56'),(462,'AKRA NAVIGATION LIMITED','Trust Company Complex, Ajeltake Road,\nAjeltake Island, Majuro MH 96960,\nPANAMA\nPANAMA',NULL,'162221','2025-05-12 12:00:56','2025-05-12 12:00:56'),(463,'EGEBEY LINE LTD.','TRUST COMPANY COMPLEX, AJELTAKE ROAD, AJELTAKE ISLAND,\nMH96960,\nMAJURO\nMARSHALL ISLANDS\nE-mail: chartering@egeship.com',NULL,'196081','2025-05-12 12:00:56','2025-05-12 12:00:56'),(464,'GANOS SHIPPING INC.','AJETALKE ROAD, AJELTAKE ISLAND, MH 96960\nMAJURO\nMARSHALL ISLANDS',NULL,'','2025-05-12 12:00:56','2025-05-12 12:00:56');

--
-- Table structure for table `password_policies`
--

CREATE TABLE `password_policies` (
  `id` bigint unsigned NOT NULL AUTO_INCREMENT,
  `title` varchar(255) COLLATE utf8mb4_unicode_ci NOT NULL,
  `description` text COLLATE utf8mb4_unicode_ci,
  `min_length` int NOT NULL DEFAULT '6',
  `require_uppercase` tinyint(1) NOT NULL DEFAULT '0',
  `require_lowercase` tinyint(1) NOT NULL DEFAULT '0',
  `require_numbers` tinyint(1) NOT NULL DEFAULT '0',
  `require_special_chars` tinyint(1) NOT NULL DEFAULT '0',
  `created_at` timestamp NULL DEFAULT NULL,
  `updated_at` timestamp NULL DEFAULT NULL,
  PRIMARY KEY (`id`)
) ENGINE=InnoDB AUTO_INCREMENT=4 DEFAULT CHARSET=utf8mb4 COLLATE=utf8mb4_unicode_ci;

--
-- Dumping data for table `password_policies`
--

INSERT INTO `password_policies` VALUES (1,'Low','Low - 6+ characters',6,0,0,0,0,'2026-03-12 11:46:47','2026-03-12 11:46:47'),(2,'Medium','Medium - 8+ characters, mixed case',8,1,1,0,0,'2026-03-12 11:46:47','2026-03-12 11:46:47'),(3,'High','High - 10+ characters, special chars',10,1,1,1,1,'2026-03-12 11:46:47','2026-03-12 11:46:47');

--
-- Table structure for table `password_reset_tokens`
--

CREATE TABLE `password_reset_tokens` (
  `email` varchar(255) COLLATE utf8mb4_unicode_ci NOT NULL,
  `token` varchar(255) COLLATE utf8mb4_unicode_ci NOT NULL,
  `created_at` timestamp NULL DEFAULT NULL,
  PRIMARY KEY (`email`)
) ENGINE=InnoDB DEFAULT CHARSET=utf8mb4 COLLATE=utf8mb4_unicode_ci;

--
-- Dumping data for table `password_reset_tokens`
--

INSERT INTO `password_reset_tokens` VALUES ('nvou@happyonline.gr','$2y$12$nI3jdU0fZyrFKaPcfriUeOJ.WVP/CvgxQbuPR0WrQEjlkCuho322S','2026-03-27 08:10:46');

--
-- Table structure for table `permissions`
--

CREATE TABLE `permissions` (
  `id` bigint unsigned NOT NULL AUTO_INCREMENT,
  `name` varchar(255) COLLATE utf8mb4_unicode_ci NOT NULL,
  `guard_name` varchar(255) COLLATE utf8mb4_unicode_ci NOT NULL,
  `created_at` timestamp NULL DEFAULT NULL,
  `updated_at` timestamp NULL DEFAULT NULL,
  PRIMARY KEY (`id`),
  UNIQUE KEY `permissions_name_guard_name_unique` (`name`,`guard_name`)
) ENGINE=InnoDB AUTO_INCREMENT=68 DEFAULT CHARSET=utf8mb4 COLLATE=utf8mb4_unicode_ci;

--
-- Dumping data for table `permissions`
--

INSERT INTO `permissions` VALUES (1,'view-roles','web','2026-03-18 13:21:41','2026-03-18 13:21:41'),(2,'manage-roles','web','2026-03-18 13:21:42','2026-03-18 13:21:42'),(3,'view-users','web','2026-03-18 13:21:42','2026-03-18 13:21:42'),(4,'manage-users','web','2026-03-18 13:21:42','2026-03-18 13:21:42'),(5,'view-reports','web','2026-03-18 13:21:42','2026-03-18 13:21:42'),(6,'manage-settings','web','2026-03-18 13:21:42','2026-03-18 13:21:42'),(7,'access-dashboard','web','2026-03-18 13:21:42','2026-03-18 13:21:42'),(8,'assignment-create-instructions-view','web','2026-03-27 11:53:47','2026-03-27 11:53:47'),(9,'assignment-create-instructions-add','web','2026-03-27 11:53:47','2026-03-27 11:53:47'),(10,'assignment-create-instructions-edit','web','2026-03-27 11:53:47','2026-03-27 11:53:47'),(11,'assignment-receive-sr-certificates-view','web','2026-03-27 11:53:47','2026-03-27 11:53:47'),(12,'assignment-receive-sr-certificates-add','web','2026-03-27 11:53:47','2026-03-27 11:53:47'),(13,'assignment-receive-sr-certificates-edit','web','2026-03-27 11:53:47','2026-03-27 11:53:47'),(14,'assignment-receive-reports-view','web','2026-03-27 11:53:47','2026-03-27 11:53:47'),(15,'assignment-receive-reports-add','web','2026-03-27 11:53:47','2026-03-27 11:53:47'),(16,'assignment-receive-reports-edit','web','2026-03-27 11:53:47','2026-03-27 11:53:47'),(17,'assignment-evaluation-of-reports-view','web','2026-03-27 11:53:47','2026-03-27 11:53:47'),(18,'assignment-evaluation-of-reports-add','web','2026-03-27 11:53:47','2026-03-27 11:53:47'),(19,'assignment-evaluation-of-reports-edit','web','2026-03-27 11:53:47','2026-03-27 11:53:47'),(20,'assignment-surveyor-evaluation-view','web','2026-03-27 11:53:47','2026-03-27 11:53:47'),(21,'assignment-surveyor-evaluation-add','web','2026-03-27 11:53:47','2026-03-27 11:53:47'),(22,'assignment-surveyor-evaluation-edit','web','2026-03-27 11:53:47','2026-03-27 11:53:47'),(23,'assignment-issue-full-term-view','web','2026-03-27 11:53:47','2026-03-27 11:53:47'),(24,'assignment-issue-full-term-add','web','2026-03-27 11:53:47','2026-03-27 11:53:47'),(25,'assignment-issue-full-term-edit','web','2026-03-27 11:53:47','2026-03-27 11:53:47'),(26,'assignment-update-survey-status-view','web','2026-03-27 11:53:47','2026-03-27 11:53:47'),(27,'assignment-update-survey-status-add','web','2026-03-27 11:53:47','2026-03-27 11:53:47'),(28,'assignment-update-survey-status-edit','web','2026-03-27 11:53:47','2026-03-27 11:53:47'),(29,'manage-qms','web','2026-04-07 11:56:00','2026-04-07 11:56:00'),(30,'view-class-actions','web','2026-04-28 13:30:26','2026-04-28 13:30:26'),(31,'create-class-actions','web','2026-04-28 13:30:26','2026-04-28 13:30:26'),(32,'edit-class-actions','web','2026-04-28 13:30:26','2026-04-28 13:30:26'),(33,'sign-class-actions','web','2026-04-29 07:10:24','2026-04-29 07:10:24'),(34,'approve-class-actions','web','2026-04-29 07:10:24','2026-04-29 07:10:24'),(35,'view-surveyors','web','2026-04-16 12:25:00','2026-04-16 12:25:00'),(36,'manage-surveyors','web','2026-04-16 12:25:00','2026-04-16 12:25:00'),(37,'view-qms','web','2026-04-29 21:00:01','2026-04-29 21:00:01'),(38,'view-cases','web','2026-04-29 21:00:01','2026-04-29 21:00:01'),(39,'create-cases','web','2026-04-29 21:00:01','2026-04-29 21:00:01'),(40,'edit-cases','web','2026-04-29 21:00:01','2026-04-29 21:00:01'),(41,'delete-cases','web','2026-04-29 21:00:01','2026-04-29 21:00:01'),(42,'view-assignments','web','2026-04-29 21:00:01','2026-04-29 21:00:01'),(43,'create-assignments','web','2026-04-29 21:00:01','2026-04-29 21:00:01'),(44,'engineering-pa1-view','web','2026-05-05 09:28:34','2026-05-05 09:28:34'),(45,'engineering-pa1-edit','web','2026-05-05 09:28:34','2026-05-05 09:28:34'),(46,'engineering-pa1-delete','web','2026-05-05 09:28:34','2026-05-05 09:28:34'),(47,'engineering-pa2-view','web','2026-05-05 09:28:34','2026-05-05 09:28:34'),(48,'engineering-pa2-edit','web','2026-05-05 09:28:34','2026-05-05 09:28:34'),(49,'engineering-pa2-delete','web','2026-05-05 09:28:34','2026-05-05 09:28:34'),(50,'engineering-pa3-view','web','2026-05-05 09:28:34','2026-05-05 09:28:34'),(51,'engineering-pa3-edit','web','2026-05-05 09:28:34','2026-05-05 09:28:34'),(52,'engineering-pa3-delete','web','2026-05-05 09:28:34','2026-05-05 09:28:34'),(53,'engineering-pa4-view','web','2026-05-05 09:28:34','2026-05-05 09:28:34'),(54,'engineering-pa4-edit','web','2026-05-05 09:28:34','2026-05-05 09:28:34'),(55,'engineering-pa4-delete','web','2026-05-05 09:28:34','2026-05-05 09:28:34'),(56,'manage-engineers','web','2026-05-05 10:33:35','2026-05-05 10:33:35'),(57,'manage-plan-approval-settings','web','2026-05-05 12:14:30','2026-05-05 12:14:30'),(58,'sas-queue-view','web','2026-05-06 14:14:55','2026-05-06 14:14:55'),(59,'stes-queue-view','web','2026-05-06 14:14:55','2026-05-06 14:14:55'),(60,'td-queue-view','web','2026-05-06 14:14:55','2026-05-06 14:14:55'),(61,'td-approve','web','2026-05-06 14:14:55','2026-05-06 14:14:55'),(62,'td-return','web','2026-05-06 14:14:55','2026-05-06 14:14:55'),(63,'assignment-other-functions-view','web','2026-05-08 12:31:55','2026-05-08 12:31:55'),(64,'assignment-other-functions-add','web','2026-05-08 12:31:55','2026-05-08 12:31:55'),(65,'assignment-other-functions-edit','web','2026-05-08 12:31:55','2026-05-08 12:31:55'),(66,'manage-step-extra-forms','web','2026-05-11 06:46:05','2026-05-11 06:46:05'),(67,'sign-documents','web','2026-05-12 07:56:34','2026-05-12 07:56:34');

--
-- Table structure for table `plan_approval_checklist_fields`
--

CREATE TABLE `plan_approval_checklist_fields` (
  `id` bigint unsigned NOT NULL AUTO_INCREMENT,
  `checklist_id` bigint unsigned NOT NULL,
  `label` varchar(255) COLLATE utf8mb4_unicode_ci NOT NULL,
  `sort_order` int unsigned NOT NULL DEFAULT '0',
  `is_active` tinyint(1) NOT NULL DEFAULT '1',
  `created_at` timestamp NULL DEFAULT NULL,
  `updated_at` timestamp NULL DEFAULT NULL,
  PRIMARY KEY (`id`),
  KEY `plan_approval_checklist_fields_checklist_id_index` (`checklist_id`),
  CONSTRAINT `plan_approval_checklist_fields_checklist_id_foreign` FOREIGN KEY (`checklist_id`) REFERENCES `plan_approval_checklists` (`id`) ON DELETE CASCADE
) ENGINE=InnoDB AUTO_INCREMENT=67 DEFAULT CHARSET=utf8mb4 COLLATE=utf8mb4_unicode_ci;

--
-- Dumping data for table `plan_approval_checklist_fields`
--

INSERT INTO `plan_approval_checklist_fields` VALUES (1,1,'Document received and identified correctly',1,1,'2026-05-05 12:06:30','2026-05-05 12:06:30'),(2,1,'Applicable approval / acceptance criteria checked',2,1,'2026-05-05 12:06:30','2026-05-05 12:06:30'),(3,1,'Remarks or required amendments recorded',3,1,'2026-05-05 12:06:30','2026-05-05 12:06:30'),(4,2,'Document received and identified correctly',1,1,'2026-05-05 12:06:30','2026-05-05 12:06:30'),(5,2,'Applicable approval / acceptance criteria checked',2,1,'2026-05-05 12:06:30','2026-05-05 12:06:30'),(6,2,'Remarks or required amendments recorded',3,1,'2026-05-05 12:06:30','2026-05-05 12:06:30'),(7,3,'Document received and identified correctly',1,1,'2026-05-05 12:06:30','2026-05-05 12:06:30'),(8,3,'Applicable approval / acceptance criteria checked',2,1,'2026-05-05 12:06:30','2026-05-05 12:06:30'),(9,3,'Remarks or required amendments recorded',3,1,'2026-05-05 12:06:30','2026-05-05 12:06:30'),(10,4,'Document received and identified correctly',1,1,'2026-05-05 12:06:30','2026-05-05 12:06:30'),(11,4,'Applicable approval / acceptance criteria checked',2,1,'2026-05-05 12:06:30','2026-05-05 12:06:30'),(12,4,'Remarks or required amendments recorded',3,1,'2026-05-05 12:06:30','2026-05-05 12:06:30'),(13,5,'Document received and identified correctly',1,1,'2026-05-05 12:06:30','2026-05-05 12:06:30'),(14,5,'Applicable approval / acceptance criteria checked',2,1,'2026-05-05 12:06:30','2026-05-05 12:06:30'),(15,5,'Remarks or required amendments recorded',3,1,'2026-05-05 12:06:30','2026-05-05 12:06:30'),(16,6,'Document received and identified correctly',1,1,'2026-05-05 12:06:30','2026-05-05 12:06:30'),(17,6,'Applicable approval / acceptance criteria checked',2,1,'2026-05-05 12:06:30','2026-05-05 12:06:30'),(18,6,'Remarks or required amendments recorded',3,1,'2026-05-05 12:06:30','2026-05-05 12:06:30'),(19,7,'Document received and identified correctly',1,1,'2026-05-05 12:06:30','2026-05-05 12:06:30'),(20,7,'Applicable approval / acceptance criteria checked',2,1,'2026-05-05 12:06:30','2026-05-05 12:06:30'),(21,7,'Remarks or required amendments recorded',3,1,'2026-05-05 12:06:30','2026-05-05 12:06:30'),(22,8,'Document received and identified correctly',1,1,'2026-05-05 12:06:30','2026-05-05 12:06:30'),(23,8,'Applicable approval / acceptance criteria checked',2,1,'2026-05-05 12:06:30','2026-05-05 12:06:30'),(24,8,'Remarks or required amendments recorded',3,1,'2026-05-05 12:06:30','2026-05-05 12:06:30'),(25,9,'Document received and identified correctly',1,1,'2026-05-05 12:06:30','2026-05-05 12:06:30'),(26,9,'Applicable approval / acceptance criteria checked',2,1,'2026-05-05 12:06:30','2026-05-05 12:06:30'),(27,9,'Remarks or required amendments recorded',3,1,'2026-05-05 12:06:30','2026-05-05 12:06:30'),(28,10,'Document received and identified correctly',1,1,'2026-05-05 12:06:30','2026-05-05 12:06:30'),(29,10,'Applicable approval / acceptance criteria checked',2,1,'2026-05-05 12:06:30','2026-05-05 12:06:30'),(30,10,'Remarks or required amendments recorded',3,1,'2026-05-05 12:06:30','2026-05-05 12:06:30'),(31,11,'Document received and identified correctly',1,1,'2026-05-05 12:06:30','2026-05-05 12:06:30'),(32,11,'Applicable approval / acceptance criteria checked',2,1,'2026-05-05 12:06:30','2026-05-05 12:06:30'),(33,11,'Remarks or required amendments recorded',3,1,'2026-05-05 12:06:30','2026-05-05 12:06:30'),(34,12,'Document received and identified correctly',1,1,'2026-05-05 12:06:30','2026-05-05 12:06:30'),(35,12,'Applicable approval / acceptance criteria checked',2,1,'2026-05-05 12:06:30','2026-05-05 12:06:30'),(36,12,'Remarks or required amendments recorded',3,1,'2026-05-05 12:06:30','2026-05-05 12:06:30'),(37,13,'Document received and identified correctly',1,1,'2026-05-05 12:06:30','2026-05-05 12:06:30'),(38,13,'Applicable approval / acceptance criteria checked',2,1,'2026-05-05 12:06:30','2026-05-05 12:06:30'),(39,13,'Remarks or required amendments recorded',3,1,'2026-05-05 12:06:30','2026-05-05 12:06:30'),(40,14,'Document received and identified correctly',1,1,'2026-05-05 12:06:30','2026-05-05 12:06:30'),(41,14,'Applicable approval / acceptance criteria checked',2,1,'2026-05-05 12:06:30','2026-05-05 12:06:30'),(42,14,'Remarks or required amendments recorded',3,1,'2026-05-05 12:06:30','2026-05-05 12:06:30'),(43,15,'Document received and identified correctly',1,1,'2026-05-05 12:06:30','2026-05-05 12:06:30'),(44,15,'Applicable approval / acceptance criteria checked',2,1,'2026-05-05 12:06:30','2026-05-05 12:06:30'),(45,15,'Remarks or required amendments recorded',3,1,'2026-05-05 12:06:30','2026-05-05 12:06:30'),(46,16,'Document received and identified correctly',1,1,'2026-05-05 12:06:30','2026-05-05 12:06:30'),(47,16,'Applicable approval / acceptance criteria checked',2,1,'2026-05-05 12:06:30','2026-05-05 12:06:30'),(48,16,'Remarks or required amendments recorded',3,1,'2026-05-05 12:06:30','2026-05-05 12:06:30'),(49,17,'Document received and identified correctly',1,1,'2026-05-05 12:06:30','2026-05-05 12:06:30'),(50,17,'Applicable approval / acceptance criteria checked',2,1,'2026-05-05 12:06:30','2026-05-05 12:06:30'),(51,17,'Remarks or required amendments recorded',3,1,'2026-05-05 12:06:30','2026-05-05 12:06:30'),(52,18,'Document received and identified correctly',1,1,'2026-05-05 12:06:30','2026-05-05 12:06:30'),(53,18,'Applicable approval / acceptance criteria checked',2,1,'2026-05-05 12:06:30','2026-05-05 12:06:30'),(54,18,'Remarks or required amendments recorded',3,1,'2026-05-05 12:06:30','2026-05-05 12:06:30'),(55,19,'Document received and identified correctly',1,1,'2026-05-05 12:06:30','2026-05-05 12:06:30'),(56,19,'Applicable approval / acceptance criteria checked',2,1,'2026-05-05 12:06:30','2026-05-05 12:06:30'),(57,19,'Remarks or required amendments recorded',3,1,'2026-05-05 12:06:30','2026-05-05 12:06:30'),(58,20,'Document received and identified correctly',1,1,'2026-05-05 12:06:30','2026-05-05 12:06:30'),(59,20,'Applicable approval / acceptance criteria checked',2,1,'2026-05-05 12:06:30','2026-05-05 12:06:30'),(60,20,'Remarks or required amendments recorded',3,1,'2026-05-05 12:06:30','2026-05-05 12:06:30'),(61,21,'Document received and identified correctly',1,1,'2026-05-05 12:06:30','2026-05-05 12:06:30'),(62,21,'Applicable approval / acceptance criteria checked',2,1,'2026-05-05 12:06:30','2026-05-05 12:06:30'),(63,21,'Remarks or required amendments recorded',3,1,'2026-05-05 12:06:30','2026-05-05 12:06:30'),(64,22,'Document received and identified correctly',1,1,'2026-05-05 12:06:30','2026-05-05 12:06:30'),(65,22,'Applicable approval / acceptance criteria checked',2,1,'2026-05-05 12:06:30','2026-05-05 12:06:30'),(66,22,'Remarks or required amendments recorded',3,1,'2026-05-05 12:06:30','2026-05-05 12:06:30');

--
-- Table structure for table `plan_approval_checklists`
--

CREATE TABLE `plan_approval_checklists` (
  `id` bigint unsigned NOT NULL AUTO_INCREMENT,
  `survey_type_id` bigint unsigned NOT NULL,
  `button_label` varchar(255) COLLATE utf8mb4_unicode_ci NOT NULL,
  `template_code` varchar(255) COLLATE utf8mb4_unicode_ci DEFAULT NULL,
  `description` text COLLATE utf8mb4_unicode_ci,
  `created_at` timestamp NULL DEFAULT NULL,
  `updated_at` timestamp NULL DEFAULT NULL,
  PRIMARY KEY (`id`),
  UNIQUE KEY `plan_approval_checklists_survey_type_id_unique` (`survey_type_id`),
  CONSTRAINT `plan_approval_checklists_survey_type_id_foreign` FOREIGN KEY (`survey_type_id`) REFERENCES `survey_types` (`id`) ON DELETE CASCADE
) ENGINE=InnoDB AUTO_INCREMENT=23 DEFAULT CHARSET=utf8mb4 COLLATE=utf8mb4_unicode_ci;

--
-- Dumping data for table `plan_approval_checklists`
--

INSERT INTO `plan_approval_checklists` VALUES (1,42,'TSB Study Checklist',NULL,'Checklist for Trim & Stability Booklet','2026-05-05 12:06:29','2026-05-05 12:06:29'),(2,43,'LSC Study Checklist',NULL,'Checklist for Longitudinal Strength Calculations','2026-05-05 12:06:30','2026-05-05 12:06:30'),(3,44,'LM Study Checklist',NULL,'Checklist for Loading Manual','2026-05-05 12:06:30','2026-05-05 12:06:30'),(4,45,'IEA Study Checklist',NULL,'Checklist for Inclining Experiment Analysis','2026-05-05 12:06:30','2026-05-05 12:06:30'),(5,46,'DSS Study Checklist',NULL,'Checklist for Damage Stability Study','2026-05-05 12:06:30','2026-05-05 12:06:30'),(6,47,'LOC Study Checklist',NULL,'Checklist for Local Strength Calculations','2026-05-05 12:06:30','2026-05-05 12:06:30'),(7,48,'FBC Study Checklist',NULL,'Checklist for Freeboard Computation','2026-05-05 12:06:30','2026-05-05 12:06:30'),(8,49,'PAM Study Checklist',NULL,'Checklist for Procedures & Arrangements Manual','2026-05-05 12:06:30','2026-05-05 12:06:30'),(9,50,'FCS Study Checklist',NULL,'Checklist for Fire Control & Safety Plan','2026-05-05 12:06:30','2026-05-05 12:06:30'),(10,51,'ELI Study Checklist',NULL,'Checklist for Electrical Installations','2026-05-05 12:06:30','2026-05-05 12:06:30'),(11,52,'MCH Study Checklist',NULL,'Checklist for Machinery Installations','2026-05-05 12:06:30','2026-05-05 12:06:30'),(12,53,'PIP Study Checklist',NULL,'Checklist for Piping','2026-05-05 12:06:30','2026-05-05 12:06:30'),(13,54,'CSM Study Checklist',NULL,'Checklist for Cargo Securing Manual (CSM)','2026-05-05 12:06:30','2026-05-05 12:06:30'),(14,55,'BCG Study Checklist',NULL,'Checklist for Loading, Unloading & Storage of Solid Bulk Cargoes','2026-05-05 12:06:30','2026-05-05 12:06:30'),(15,56,'GLM Study Checklist',NULL,'Checklist for Grain Loading Manual','2026-05-05 12:06:30','2026-05-05 12:06:30'),(16,57,'STP Study Checklist',NULL,'Checklist for Safe Towing Procedures','2026-05-05 12:06:30','2026-05-05 12:06:30'),(17,58,'BWMP Study Checklist',NULL,'Checklist for Water Ballast Management Plan (BWMP)','2026-05-05 12:06:30','2026-05-05 12:06:30'),(18,59,'EEDI Study Checklist',NULL,'Checklist for EEDI Consideration','2026-05-05 12:06:30','2026-05-05 12:06:30'),(19,60,'IHM Study Checklist',NULL,'Checklist for Inventory of Hazardous Materials (IHM) - Engineering Review','2026-05-05 12:06:30','2026-05-05 12:06:30'),(20,61,'EEXI Study Checklist',NULL,'Checklist for EEXI Consideration','2026-05-05 12:06:30','2026-05-05 12:06:30'),(21,62,'MOM Study Checklist',NULL,'Checklist for Marine Operating Manual','2026-05-05 12:06:30','2026-05-05 12:06:30'),(22,63,'EQN Study Checklist',NULL,'Checklist for Equipment Number','2026-05-05 12:06:30','2026-05-05 12:06:30');

--
-- Table structure for table `ports`
--

CREATE TABLE `ports` (
  `id` bigint unsigned NOT NULL AUTO_INCREMENT,
  `name` varchar(255) COLLATE utf8mb4_unicode_ci NOT NULL,
  `unlocode` varchar(255) COLLATE utf8mb4_unicode_ci DEFAULT NULL,
  `country_id` bigint unsigned DEFAULT NULL,
  `created_at` timestamp NULL DEFAULT NULL,
  `updated_at` timestamp NULL DEFAULT NULL,
  PRIMARY KEY (`id`),
  KEY `ports_country_id_foreign` (`country_id`),
  CONSTRAINT `ports_country_id_foreign` FOREIGN KEY (`country_id`) REFERENCES `countries` (`id`)
) ENGINE=InnoDB AUTO_INCREMENT=52 DEFAULT CHARSET=utf8mb4 COLLATE=utf8mb4_unicode_ci;

--
-- Dumping data for table `ports`
--

INSERT INTO `ports` VALUES (1,'Kingstown',NULL,NULL,'2025-03-12 23:43:28','2025-06-06 10:46:35'),(2,'Avatiu',NULL,NULL,'2025-03-12 23:43:28','2025-03-12 23:43:28'),(3,'Lome',NULL,NULL,'2025-03-12 23:43:28','2025-03-12 23:43:28'),(4,'Conakry',NULL,NULL,'2025-03-12 23:43:28','2025-03-12 23:43:28'),(5,'LAGOS',NULL,NULL,'2025-03-12 23:43:28','2025-03-12 23:43:28'),(6,'Moroni',NULL,NULL,'2025-03-12 23:43:28','2025-03-12 23:43:28'),(7,'BEIRUT',NULL,NULL,'2025-03-12 23:43:28','2025-03-12 23:43:28'),(8,'Panama',NULL,NULL,'2025-03-12 23:43:28','2025-03-12 23:43:28'),(9,'LIMASSOL',NULL,NULL,'2025-03-12 23:43:28','2025-03-12 23:43:28'),(10,'Walvis Bay',NULL,NULL,'2025-03-12 23:43:28','2025-03-12 23:43:28'),(11,'Belize City',NULL,NULL,'2025-03-12 23:43:28','2025-03-12 23:43:28'),(12,'Bissau',NULL,NULL,'2025-03-12 23:43:28','2025-03-12 23:43:28'),(13,'Libreville',NULL,NULL,'2025-03-12 23:43:28','2025-03-12 23:43:28'),(14,'Mahajanga',NULL,NULL,'2025-03-12 23:43:28','2025-03-12 23:43:28'),(15,'Tripoli',NULL,NULL,'2025-03-12 23:43:28','2025-03-12 23:43:28'),(16,'PORT-GENTIL',NULL,NULL,'2025-03-12 23:43:28','2025-03-12 23:43:28'),(17,'PIRAEUS',NULL,NULL,'2025-03-12 23:43:28','2025-03-12 23:43:28'),(18,'Puerto La Cruz',NULL,NULL,'2025-03-12 23:43:28','2025-03-12 23:43:28'),(19,'Basseterre',NULL,NULL,'2025-03-12 23:43:28','2025-03-12 23:43:28'),(20,'Saronikos',NULL,NULL,'2025-03-12 23:43:28','2025-03-12 23:43:28'),(21,'Chios',NULL,NULL,'2025-03-12 23:43:28','2025-03-12 23:43:28'),(22,'Lefkada',NULL,NULL,'2025-03-12 23:43:28','2025-03-12 23:43:28'),(23,'Pointe Noire',NULL,NULL,'2025-03-12 23:43:28','2025-03-12 23:43:28'),(24,'Malakal Harbor',NULL,NULL,'2025-03-12 23:43:28','2025-03-12 23:43:28'),(25,'Luderitz',NULL,NULL,'2025-03-12 23:43:28','2025-03-12 23:43:28'),(26,'VALLETTA',NULL,NULL,'2025-03-12 23:43:28','2025-03-12 23:43:28'),(27,'Portsmouth',NULL,NULL,'2025-03-12 23:43:28','2025-03-12 23:43:28'),(28,'Pamama',NULL,NULL,'2025-03-12 23:43:28','2025-03-12 23:43:28'),(29,'Port Vila',NULL,NULL,'2025-03-12 23:43:28','2025-03-12 23:43:28'),(30,'N/A',NULL,NULL,'2025-03-12 23:43:28','2025-03-12 23:43:28'),(31,'Bridgetown',NULL,NULL,'2025-03-12 23:43:28','2025-03-12 23:43:28'),(32,'BIKINI',NULL,NULL,'2025-03-12 23:43:28','2025-03-12 23:43:28'),(33,'Kribi',NULL,NULL,'2025-03-12 23:43:28','2025-03-12 23:43:28'),(34,'Iquitos',NULL,NULL,'2025-03-12 23:43:28','2025-03-12 23:43:28'),(35,'Bridgestown',NULL,NULL,'2025-03-12 23:43:28','2025-03-12 23:43:28'),(36,'AL KHUMS',NULL,NULL,'2025-03-12 23:43:28','2025-03-12 23:43:28'),(37,'Misurata',NULL,NULL,'2025-03-12 23:43:28','2025-03-12 23:43:28'),(38,'Benghazi',NULL,NULL,'2025-03-12 23:43:28','2025-03-12 23:43:28'),(39,'FREETOWN',NULL,NULL,'2025-03-12 23:43:28','2025-03-12 23:43:28'),(40,'SAN MARINO',NULL,NULL,'2025-03-12 23:43:29','2025-03-12 23:43:29'),(41,'WALBIS BAY',NULL,NULL,'2025-03-12 23:43:29','2025-03-12 23:43:29'),(42,'ZUARA',NULL,NULL,'2025-03-12 23:43:29','2025-03-12 23:43:29'),(43,'ISTANBUL',NULL,NULL,'2025-03-12 23:43:29','2025-03-12 23:43:29'),(44,'ZANZIBAR',NULL,NULL,'2025-03-12 23:43:29','2025-03-12 23:43:29'),(45,'Split',NULL,NULL,'2025-03-12 23:43:29','2025-03-12 23:43:29'),(46,'Beira',NULL,NULL,'2025-03-12 23:43:29','2025-03-12 23:43:29'),(47,'BANJUL',NULL,NULL,'2025-03-12 23:43:29','2025-03-12 23:43:29'),(48,'NOUADHIBOU',NULL,NULL,'2025-03-12 23:43:29','2025-03-12 23:43:29'),(49,'KHOMS',NULL,NULL,'2025-03-12 23:43:29','2025-03-12 23:43:29'),(50,'Bridgtown',NULL,NULL,'2025-03-12 23:43:29','2025-03-12 23:43:29'),(51,'Panama City',NULL,NULL,'2025-05-12 12:00:56','2025-05-12 12:00:56');

--
-- Table structure for table `pre_arrangements`
--

CREATE TABLE `pre_arrangements` (
  `id` bigint unsigned NOT NULL AUTO_INCREMENT,
  `survey_type_id` bigint unsigned DEFAULT NULL,
  `vessel_type_id` bigint unsigned DEFAULT NULL,
  `flag_id` bigint unsigned DEFAULT NULL,
  `reports` text COLLATE utf8mb4_unicode_ci,
  `guidance` text COLLATE utf8mb4_unicode_ci,
  `notes` text COLLATE utf8mb4_unicode_ci,
  `supporting_docs` text COLLATE utf8mb4_unicode_ci,
  `certificates` text COLLATE utf8mb4_unicode_ci,
  `references` text COLLATE utf8mb4_unicode_ci,
  `additional_remarks` text COLLATE utf8mb4_unicode_ci,
  `created_at` timestamp NULL DEFAULT NULL,
  `updated_at` timestamp NULL DEFAULT NULL,
  PRIMARY KEY (`id`),
  KEY `pre_arrangements_survey_type_id_foreign` (`survey_type_id`),
  KEY `pre_arrangements_vessel_type_id_foreign` (`vessel_type_id`),
  KEY `pre_arrangements_flag_id_foreign` (`flag_id`),
  CONSTRAINT `pre_arrangements_flag_id_foreign` FOREIGN KEY (`flag_id`) REFERENCES `countries` (`id`) ON DELETE SET NULL,
  CONSTRAINT `pre_arrangements_survey_type_id_foreign` FOREIGN KEY (`survey_type_id`) REFERENCES `ship_types` (`id`) ON DELETE CASCADE ON UPDATE RESTRICT,
  CONSTRAINT `pre_arrangements_vessel_type_id_foreign` FOREIGN KEY (`vessel_type_id`) REFERENCES `ship_types` (`id`) ON DELETE SET NULL
) ENGINE=InnoDB AUTO_INCREMENT=3 DEFAULT CHARSET=utf8mb4 COLLATE=utf8mb4_unicode_ci;

--
-- Dumping data for table `pre_arrangements`
--

INSERT INTO `pre_arrangements` VALUES (1,39,12,175,'\"[\\\"1215225-SE \\\\/ 01-2025 \\\\u2014 Safety Equipment Survey Report\\\",\\\"1215225-FF \\\\/ 01-2025 \\\\u2014 Fire Fighting Equipment Report\\\",\\\"1215225-LSA \\\\/ 01-2025 \\\\u2014 Life-Saving Appliances Report\\\"]\"','\"[\\\"Renewal Safety Equipment survey according to SOLAS Chapter III, Regulation 20. Verify all life-saving appliances, fire-fighting equipment, and navigation systems are in compliance with current INSB Class regulations and applicable IMO amendments. Special attention to: (a) Lifeboat launching arrangements and release mechanisms, (b) Life-raft hydrostatic release units \\\\u2014 verify service dates, (c) Fire detection systems in accommodation and machinery spaces, (d) Emergency lighting and marking of escape routes, (e) Pyrotechnics \\\\u2014 verify expiry dates.\\\"]\"','\"[\\\"1. The vessel must comply with MSC.1\\\\/Circ.1571 amendments effective 01\\\\/01\\\\/2024 regarding fire safety systems.\\\",\\\"2. EPIRB battery replacement due if manufacturing date exceeds 5 years.\\\",\\\"3. Immersion suits required for all crew \\\\u2014 verify condition and quantity.\\\",\\\"4. Ensure SOLAS Training Manual is updated and available onboard.\\\"]\"','\"[\\\"Servicing certificates for: life-rafts, fire extinguishers, EPIRB, SART. Manufacturer maintenance records for launching appliances.\\\"]\"','\"[\\\"Safety Equipment Certificate \\\\u2014 Full Term (5 years)\\\",\\\"Exemption Certificate (if applicable)\\\"]\"','\"[\\\"SOLAS Chapter III, Regulation 20\\\",\\\"MSC.1\\\\/Circ.1571\\\",\\\"INSB Class Rules Chapter 8, Section 3\\\"]\"','If vessel carries dangerous goods, verify Document of Compliance for carriage of dangerous goods is valid.','2026-03-30 07:05:07','2026-03-30 08:58:23'),(2,39,NULL,NULL,'\"[\\\"1215225-SE \\\\/ 01-2025 \\\\u2014 Safety Equipment Survey Report\\\",\\\"1215225-FF \\\\/ 01-2025 \\\\u2014 Fire Fighting Equipment Report\\\",\\\"1215225-LSA \\\\/ 01-2025 \\\\u2014 Life-Saving Appliances Report\\\"]\"','\"[\\\"Renewal Safety Equipment survey according to SOLAS Chapter III, Regulation 20. Verify all life-saving appliances, fire-fighting equipment, and navigation systems are in compliance with current INSB Class regulations and applicable IMO amendments. Special attention to: (a) Lifeboat launching arrangements and release mechanisms, (b) Life-raft hydrostatic release units \\\\u2014 verify service dates, (c) Fire detection systems in accommodation and machinery spaces, (d) Emergency lighting and marking of escape routes, (e) Pyrotechnics \\\\u2014 verify expiry dates.\\\"]\"','\"[\\\"1. The vessel must comply with MSC.1\\\\/Circ.1571 amendments effective 01\\\\/01\\\\/2024 regarding fire safety systems.\\\",\\\"2. EPIRB battery replacement due if manufacturing date exceeds 5 years.\\\",\\\"3. Immersion suits required for all crew \\\\u2014 verify condition and quantity.\\\",\\\"4. Ensure SOLAS Training Manual is updated and available onboard.\\\"]\"','\"[\\\"Servicing certificates for: life-rafts, fire extinguishers, EPIRB, SART. Manufacturer maintenance records for launching appliances.\\\"]\"','\"[\\\"Safety Equipment Certificate \\\\u2014 Full Term (5 years)\\\",\\\"Exemption Certificate (if applicable)\\\"]\"','\"[\\\"SOLAS Chapter III, Regulation 20\\\",\\\"MSC.1\\\\/Circ.1571\\\",\\\"INSB Class Rules Chapter 8, Section 3\\\"]\"','If vessel carries dangerous goods, verify Document of Compliance for carriage of dangerous goods is valid.','2026-04-30 08:34:22','2026-04-30 08:34:22');

--
-- Table structure for table `priorities`
--

CREATE TABLE `priorities` (
  `id` bigint unsigned NOT NULL AUTO_INCREMENT,
  `name` varchar(255) COLLATE utf8mb4_unicode_ci NOT NULL,
  `created_at` timestamp NULL DEFAULT NULL,
  `updated_at` timestamp NULL DEFAULT NULL,
  PRIMARY KEY (`id`)
) ENGINE=InnoDB DEFAULT CHARSET=utf8mb4 COLLATE=utf8mb4_unicode_ci;

--
-- Dumping data for table `priorities`
--


--
-- Table structure for table `qms_document_versions`
--

CREATE TABLE `qms_document_versions` (
  `id` bigint unsigned NOT NULL AUTO_INCREMENT,
  `qms_document_id` bigint unsigned NOT NULL,
  `version` varchar(20) COLLATE utf8mb4_unicode_ci NOT NULL,
  `file_path` varchar(255) COLLATE utf8mb4_unicode_ci NOT NULL,
  `mime_type` varchar(150) COLLATE utf8mb4_unicode_ci DEFAULT NULL,
  `file_size` bigint unsigned DEFAULT NULL,
  `uploaded_by` bigint unsigned DEFAULT NULL,
  `is_active` tinyint(1) NOT NULL DEFAULT '1',
  `created_at` timestamp NULL DEFAULT NULL,
  `updated_at` timestamp NULL DEFAULT NULL,
  PRIMARY KEY (`id`),
  UNIQUE KEY `qms_document_versions_document_version_unique` (`qms_document_id`,`version`),
  KEY `qms_document_versions_qms_document_id_index` (`qms_document_id`),
  KEY `qms_document_versions_uploaded_by_index` (`uploaded_by`),
  CONSTRAINT `qms_document_versions_document_id_fk` FOREIGN KEY (`qms_document_id`) REFERENCES `qms_documents` (`id`) ON DELETE CASCADE,
  CONSTRAINT `qms_document_versions_uploaded_by_fk` FOREIGN KEY (`uploaded_by`) REFERENCES `users` (`id`) ON DELETE SET NULL
) ENGINE=InnoDB DEFAULT CHARSET=utf8mb4 COLLATE=utf8mb4_unicode_ci;

--
-- Dumping data for table `qms_document_versions`
--


--
-- Table structure for table `qms_documents`
--

CREATE TABLE `qms_documents` (
  `id` bigint unsigned NOT NULL AUTO_INCREMENT,
  `qms_folder_id` bigint unsigned NOT NULL,
  `title` varchar(255) COLLATE utf8mb4_unicode_ci NOT NULL,
  `department_id` bigint unsigned DEFAULT NULL,
  `current_version_id` bigint unsigned DEFAULT NULL,
  `is_active` tinyint(1) NOT NULL DEFAULT '1',
  `created_by` bigint unsigned DEFAULT NULL,
  `updated_by` bigint unsigned DEFAULT NULL,
  `created_at` timestamp NULL DEFAULT NULL,
  `updated_at` timestamp NULL DEFAULT NULL,
  PRIMARY KEY (`id`),
  KEY `qms_documents_qms_folder_id_index` (`qms_folder_id`),
  KEY `qms_documents_department_id_index` (`department_id`),
  KEY `qms_documents_current_version_id_index` (`current_version_id`),
  KEY `qms_documents_created_by_index` (`created_by`),
  KEY `qms_documents_updated_by_index` (`updated_by`),
  CONSTRAINT `qms_documents_created_by_fk` FOREIGN KEY (`created_by`) REFERENCES `users` (`id`) ON DELETE SET NULL,
  CONSTRAINT `qms_documents_current_version_id_fk` FOREIGN KEY (`current_version_id`) REFERENCES `qms_document_versions` (`id`) ON DELETE SET NULL,
  CONSTRAINT `qms_documents_department_id_fk` FOREIGN KEY (`department_id`) REFERENCES `departments` (`id`) ON DELETE SET NULL,
  CONSTRAINT `qms_documents_folder_id_fk` FOREIGN KEY (`qms_folder_id`) REFERENCES `qms_folders` (`id`) ON DELETE CASCADE,
  CONSTRAINT `qms_documents_updated_by_fk` FOREIGN KEY (`updated_by`) REFERENCES `users` (`id`) ON DELETE SET NULL
) ENGINE=InnoDB DEFAULT CHARSET=utf8mb4 COLLATE=utf8mb4_unicode_ci;

--
-- Dumping data for table `qms_documents`
--


--
-- Table structure for table `qms_folders`
--

CREATE TABLE `qms_folders` (
  `id` bigint unsigned NOT NULL AUTO_INCREMENT,
  `parent_id` bigint unsigned DEFAULT NULL,
  `name` varchar(255) COLLATE utf8mb4_unicode_ci NOT NULL,
  `department_id` bigint unsigned DEFAULT NULL,
  `sort_order` int unsigned NOT NULL DEFAULT '0',
  `is_active` tinyint(1) NOT NULL DEFAULT '1',
  `created_by` bigint unsigned DEFAULT NULL,
  `updated_by` bigint unsigned DEFAULT NULL,
  `created_at` timestamp NULL DEFAULT NULL,
  `updated_at` timestamp NULL DEFAULT NULL,
  PRIMARY KEY (`id`),
  KEY `qms_folders_parent_id_index` (`parent_id`),
  KEY `qms_folders_department_id_index` (`department_id`),
  KEY `qms_folders_created_by_index` (`created_by`),
  KEY `qms_folders_updated_by_index` (`updated_by`),
  CONSTRAINT `qms_folders_created_by_fk` FOREIGN KEY (`created_by`) REFERENCES `users` (`id`) ON DELETE SET NULL,
  CONSTRAINT `qms_folders_department_id_fk` FOREIGN KEY (`department_id`) REFERENCES `departments` (`id`) ON DELETE SET NULL,
  CONSTRAINT `qms_folders_parent_id_fk` FOREIGN KEY (`parent_id`) REFERENCES `qms_folders` (`id`) ON DELETE SET NULL,
  CONSTRAINT `qms_folders_updated_by_fk` FOREIGN KEY (`updated_by`) REFERENCES `users` (`id`) ON DELETE SET NULL
) ENGINE=InnoDB AUTO_INCREMENT=2 DEFAULT CHARSET=utf8mb4 COLLATE=utf8mb4_unicode_ci;

--
-- Dumping data for table `qms_folders`
--

INSERT INTO `qms_folders` VALUES (1,NULL,'System Forms (F-4517)',NULL,0,1,1,1,'2026-04-29 09:52:35','2026-04-29 09:52:35');

--
-- Table structure for table `read_notifications`
--

CREATE TABLE `read_notifications` (
  `id` bigint unsigned NOT NULL AUTO_INCREMENT,
  `user_id` bigint unsigned NOT NULL,
  `notification_id` bigint unsigned NOT NULL,
  `created_at` timestamp NULL DEFAULT NULL,
  `updated_at` timestamp NULL DEFAULT NULL,
  PRIMARY KEY (`id`),
  UNIQUE KEY `read_notifications_user_id_notification_id_unique` (`user_id`,`notification_id`),
  KEY `read_notifications_notification_id_foreign` (`notification_id`),
  CONSTRAINT `read_notifications_notification_id_foreign` FOREIGN KEY (`notification_id`) REFERENCES `notifications` (`id`) ON DELETE CASCADE,
  CONSTRAINT `read_notifications_user_id_foreign` FOREIGN KEY (`user_id`) REFERENCES `users` (`id`) ON DELETE CASCADE
) ENGINE=InnoDB DEFAULT CHARSET=utf8mb4 COLLATE=utf8mb4_unicode_ci;

--
-- Dumping data for table `read_notifications`
--


--
-- Table structure for table `recommendations`
--

CREATE TABLE `recommendations` (
  `id` bigint unsigned NOT NULL AUTO_INCREMENT,
  `shipid` varchar(255) COLLATE utf8mb4_unicode_ci NOT NULL,
  `imposed` date DEFAULT NULL,
  `text` text COLLATE utf8mb4_unicode_ci,
  `effective` date DEFAULT NULL,
  `deleted` varchar(255) COLLATE utf8mb4_unicode_ci DEFAULT NULL,
  `status` varchar(25) COLLATE utf8mb4_unicode_ci DEFAULT NULL,
  `closure_date` date DEFAULT NULL,
  `closure_reference` varchar(150) COLLATE utf8mb4_unicode_ci DEFAULT NULL,
  `kind` varchar(255) COLLATE utf8mb4_unicode_ci NOT NULL,
  `reference` varchar(30) COLLATE utf8mb4_unicode_ci DEFAULT NULL,
  `source_assignment_id` bigint unsigned DEFAULT NULL,
  `source_observation_id` bigint unsigned DEFAULT NULL,
  `created_at` timestamp NULL DEFAULT NULL,
  `updated_at` timestamp NULL DEFAULT NULL,
  `deleted_at` timestamp NULL DEFAULT NULL,
  PRIMARY KEY (`id`),
  KEY `recommendations_shipid_index` (`shipid`),
  KEY `recommendations_shipid_source_assignment_index` (`shipid`,`source_assignment_id`),
  KEY `recommendations_source_observation_index` (`source_observation_id`)
) ENGINE=InnoDB AUTO_INCREMENT=2 DEFAULT CHARSET=utf8mb4 COLLATE=utf8mb4_unicode_ci;

--
-- Dumping data for table `recommendations`
--

INSERT INTO `recommendations` VALUES (1,'1','2026-05-29','φδασφ','2026-05-29',NULL,'open',NULL,NULL,'Class',NULL,1,1,'2026-05-11 07:04:33','2026-05-11 07:04:33',NULL);

--
-- Table structure for table `reports`
--

CREATE TABLE `reports` (
  `id` bigint unsigned NOT NULL AUTO_INCREMENT,
  `title` varchar(255) COLLATE utf8mb4_unicode_ci NOT NULL,
  `description` text COLLATE utf8mb4_unicode_ci,
  `type` varchar(255) COLLATE utf8mb4_unicode_ci DEFAULT NULL,
  `category` varchar(255) COLLATE utf8mb4_unicode_ci DEFAULT NULL,
  `is_active` tinyint(1) NOT NULL DEFAULT '1',
  `created_at` timestamp NULL DEFAULT NULL,
  `updated_at` timestamp NULL DEFAULT NULL,
  PRIMARY KEY (`id`)
) ENGINE=InnoDB DEFAULT CHARSET=utf8mb4 COLLATE=utf8mb4_unicode_ci;

--
-- Dumping data for table `reports`
--


--
-- Table structure for table `role_has_permissions`
--

CREATE TABLE `role_has_permissions` (
  `permission_id` bigint unsigned NOT NULL,
  `role_id` bigint unsigned NOT NULL,
  PRIMARY KEY (`permission_id`,`role_id`),
  KEY `role_has_permissions_role_id_foreign` (`role_id`),
  CONSTRAINT `role_has_permissions_permission_id_foreign` FOREIGN KEY (`permission_id`) REFERENCES `permissions` (`id`) ON DELETE CASCADE,
  CONSTRAINT `role_has_permissions_role_id_foreign` FOREIGN KEY (`role_id`) REFERENCES `roles` (`id`) ON DELETE CASCADE
) ENGINE=InnoDB DEFAULT CHARSET=utf8mb4 COLLATE=utf8mb4_unicode_ci;

--
-- Dumping data for table `role_has_permissions`
--

INSERT INTO `role_has_permissions` VALUES (1,1),(2,1),(3,1),(4,1),(5,1),(6,1),(7,1),(8,1),(9,1),(10,1),(11,1),(12,1),(13,1),(14,1),(15,1),(16,1),(17,1),(18,1),(19,1),(20,1),(21,1),(22,1),(23,1),(24,1),(25,1),(26,1),(27,1),(28,1),(29,1),(30,1),(31,1),(32,1),(33,1),(34,1),(35,1),(36,1),(37,1),(38,1),(39,1),(40,1),(41,1),(42,1),(43,1),(44,1),(45,1),(46,1),(47,1),(48,1),(49,1),(50,1),(51,1),(52,1),(53,1),(54,1),(55,1),(56,1),(57,1),(63,1),(64,1),(65,1),(66,1),(1,2),(2,2),(3,2),(4,2),(5,2),(6,2),(7,2),(8,2),(11,2),(14,2),(17,2),(20,2),(23,2),(26,2),(29,2),(30,2),(31,2),(32,2),(33,2),(34,2),(35,2),(36,2),(37,2),(38,2),(39,2),(40,2),(41,2),(42,2),(43,2),(63,2),(64,2),(65,2),(66,2),(7,3),(8,3),(9,3),(10,3),(11,3),(12,3),(13,3),(14,3),(15,3),(16,3),(17,3),(18,3),(19,3),(20,3),(21,3),(22,3),(23,3),(24,3),(25,3),(26,3),(27,3),(28,3),(29,3),(30,3),(31,3),(32,3),(35,3),(37,3),(38,3),(39,3),(40,3),(42,3),(43,3),(63,3),(64,3),(65,3),(7,4),(8,4),(11,4),(14,4),(17,4),(20,4),(23,4),(26,4),(35,4),(38,4),(39,4),(40,4),(41,4),(42,4),(43,4),(56,4),(63,4),(64,4),(65,4),(7,5),(8,5),(11,5),(14,5),(17,5),(20,5),(23,5),(26,5),(38,5),(39,5),(40,5),(41,5),(42,5),(43,5),(63,5),(64,5),(65,5),(5,6),(7,6),(8,6),(11,6),(14,6),(17,6),(20,6),(23,6),(26,6),(30,6),(38,6),(42,6),(63,6),(64,6),(65,6),(7,7),(8,7),(9,7),(10,7),(11,7),(12,7),(13,7),(14,7),(15,7),(16,7),(17,7),(18,7),(19,7),(20,7),(21,7),(22,7),(23,7),(24,7),(25,7),(26,7),(27,7),(28,7),(30,7),(31,7),(32,7),(35,7),(38,7),(39,7),(40,7),(42,7),(43,7),(63,7),(64,7),(65,7),(7,8),(8,8),(9,8),(10,8),(14,8),(15,8),(16,8),(17,8),(18,8),(19,8),(20,8),(21,8),(22,8),(23,8),(24,8),(25,8),(26,8),(27,8),(28,8),(30,8),(31,8),(32,8),(35,8),(38,8),(39,8),(40,8),(42,8),(43,8),(63,8),(64,8),(65,8),(14,9),(15,9),(16,9),(38,9),(42,9),(58,9),(17,10),(18,10),(19,10),(20,10),(21,10),(22,10),(38,10),(42,10),(59,10),(23,11),(38,11),(42,11),(47,11),(60,11),(61,11),(62,11);

--
-- Table structure for table `roles`
--

CREATE TABLE `roles` (
  `id` bigint unsigned NOT NULL AUTO_INCREMENT,
  `name` varchar(255) COLLATE utf8mb4_unicode_ci NOT NULL,
  `guard_name` varchar(255) COLLATE utf8mb4_unicode_ci NOT NULL,
  `created_at` timestamp NULL DEFAULT NULL,
  `updated_at` timestamp NULL DEFAULT NULL,
  PRIMARY KEY (`id`),
  UNIQUE KEY `roles_name_guard_name_unique` (`name`,`guard_name`)
) ENGINE=InnoDB AUTO_INCREMENT=12 DEFAULT CHARSET=utf8mb4 COLLATE=utf8mb4_unicode_ci;

--
-- Dumping data for table `roles`
--

INSERT INTO `roles` VALUES (1,'Super Admin','web','2026-03-18 13:21:42','2026-03-18 13:21:42'),(2,'Admin','web','2026-03-18 13:21:42','2026-03-18 13:21:42'),(3,'MMSC Division','web','2026-03-18 13:21:42','2026-03-18 13:21:42'),(4,'SIS Department','web','2026-03-18 13:21:42','2026-03-18 13:21:42'),(5,'Engineering Department','web','2026-03-18 13:21:42','2026-03-18 13:21:42'),(6,'Management','web','2026-03-18 13:21:42','2026-03-18 13:21:42'),(7,'Offshore Division','web','2026-04-29 21:00:01','2026-04-29 21:00:01'),(8,'Greek Flag Division','web','2026-04-29 21:00:01','2026-04-29 21:00:01'),(9,'SAS Coordinator','web','2026-05-06 14:14:55','2026-05-06 14:14:55'),(10,'STES Evaluator','web','2026-05-06 14:14:55','2026-05-06 14:14:55'),(11,'Technical Director','web','2026-05-06 14:14:55','2026-05-06 14:14:55');

--
-- Table structure for table `sessions`
--

CREATE TABLE `sessions` (
  `id` varchar(255) COLLATE utf8mb4_unicode_ci NOT NULL,
  `user_id` bigint unsigned DEFAULT NULL,
  `ip_address` varchar(45) COLLATE utf8mb4_unicode_ci DEFAULT NULL,
  `user_agent` text COLLATE utf8mb4_unicode_ci,
  `payload` longtext COLLATE utf8mb4_unicode_ci NOT NULL,
  `last_activity` int NOT NULL,
  PRIMARY KEY (`id`),
  KEY `sessions_user_id_index` (`user_id`),
  KEY `sessions_last_activity_index` (`last_activity`)
) ENGINE=InnoDB DEFAULT CHARSET=utf8mb4 COLLATE=utf8mb4_unicode_ci;

--
-- Dumping data for table `sessions`
--

INSERT INTO `sessions` VALUES ('F0JB1SpHGtvljxGRF0zP3lcu2mZbxmhMea7xbhzv',1,'127.0.0.1','Mozilla/5.0 (Windows NT 10.0; Win64; x64) AppleWebKit/537.36 (KHTML, like Gecko) Chrome/148.0.0.0 Safari/537.36','YTo0OntzOjY6Il90b2tlbiI7czo0MDoiY2szS1RsWGpCQ3ZiNmhvVFRwakNyaDFkMzBSNGtucXIxUVVCWUdjVCI7czo5OiJfcHJldmlvdXMiO2E6Mjp7czozOiJ1cmwiO3M6NDY6Imh0dHA6Ly8xMjcuMC4wLjE6ODAwMC9iYWNrZW5kL3NldHRpbmdzL3Zlc3NlbHMiO3M6NToicm91dGUiO3M6MzA6ImJhY2tlbmQuc2V0dGluZ3MudmVzc2Vscy5pbmRleCI7fXM6NjoiX2ZsYXNoIjthOjI6e3M6Mzoib2xkIjthOjA6e31zOjM6Im5ldyI7YTowOnt9fXM6NTA6ImxvZ2luX3dlYl81OWJhMzZhZGRjMmIyZjk0MDE1ODBmMDE0YzdmNThlYTRlMzA5ODlkIjtpOjE7fQ==',1778669259),('kiiynwZBG2eDxJRb0yM0VYazCoApTJOUzTNdDVme',NULL,'127.0.0.1','Mozilla/5.0 (Windows NT 10.0; Win64; x64) AppleWebKit/537.36 (KHTML, like Gecko) Chrome/148.0.0.0 Safari/537.36','YTozOntzOjY6Il90b2tlbiI7czo0MDoiUmNiT0NLMXlaUFNRcm9wd1JSajVwU1BISWpBeTJzTExtVEJlZzB4QyI7czo2OiJfZmxhc2giO2E6Mjp7czozOiJvbGQiO2E6MDp7fXM6MzoibmV3IjthOjA6e319czo5OiJfcHJldmlvdXMiO2E6Mjp7czozOiJ1cmwiO3M6Mjk6Imh0dHA6Ly9taXMuaW5zYi5nci50ZXN0L2xvZ2luIjtzOjU6InJvdXRlIjtzOjU6ImxvZ2luIjt9fQ==',1778674240);

--
-- Table structure for table `ship_builders`
--

CREATE TABLE `ship_builders` (
  `id` bigint unsigned NOT NULL AUTO_INCREMENT,
  `name` varchar(255) COLLATE utf8mb4_unicode_ci DEFAULT NULL,
  `created_at` timestamp NULL DEFAULT NULL,
  `updated_at` timestamp NULL DEFAULT NULL,
  PRIMARY KEY (`id`)
) ENGINE=InnoDB AUTO_INCREMENT=486 DEFAULT CHARSET=utf8mb4 COLLATE=utf8mb4_unicode_ci;

--
-- Dumping data for table `ship_builders`
--

INSERT INTO `ship_builders` VALUES (1,'DELTA MARINE INDUSTRIES INC., SEATTLE','2025-03-12 23:43:28','2025-03-12 23:43:28'),(2,'OVERMARINE SPA, VIAREGGIO','2025-03-12 23:43:28','2025-03-12 23:43:28'),(3,'CANTIERE NAVALE ARNO SRL, PISA','2025-03-12 23:43:28','2025-03-12 23:43:28'),(4,'SUNSEEKER','2025-03-12 23:43:28','2025-03-12 23:43:28'),(5,'SEACORE LIMITED, CORNWALL','2025-03-12 23:43:28','2025-03-12 23:43:28'),(6,'S.N. GIURGIU','2025-03-12 23:43:28','2025-03-12 23:43:28'),(7,'CONSTRUCTION & GENERAL ENG. CO. LTD. - MA','2025-03-12 23:43:28','2025-03-12 23:43:28'),(8,'MIE SHIPYARD CO. LTD, YOKKAICHI','2025-03-12 23:43:28','2025-03-12 23:43:28'),(9,'CRESCENT BEACH BOATBUILDERS LTD., SURREY','2025-03-12 23:43:28','2025-03-12 23:43:28'),(10,'SERMONS','2025-03-12 23:43:28','2025-03-12 23:43:28'),(11,'MAUBAN SHIPYARD','2025-03-12 23:43:28','2025-03-12 23:43:28'),(12,'SEACORE LIMITED, FALMOUTH CORNWALL','2025-03-12 23:43:28','2025-03-12 23:43:28'),(13,'J.J. SIETAS SCHIFFSWERFT','2025-03-12 23:43:28','2025-03-12 23:43:28'),(14,'NANJING YONGHUA SB. CO. LTD.','2025-03-12 23:43:28','2025-03-12 23:43:28'),(15,'SEACORE LIMITED','2025-03-12 23:43:28','2025-03-12 23:43:28'),(16,'PEENEWERFT, WOHLGAST','2025-03-12 23:43:28','2025-03-12 23:43:28'),(17,'VEB VOLKSWERFT STRALSUND','2025-03-12 23:43:28','2025-03-12 23:43:28'),(18,'HALTER MARINE INC.','2025-03-12 23:43:28','2025-03-12 23:43:28'),(19,'DRAVO, SHIPBUILDING INC. NEVILLE ISLAND','2025-03-12 23:43:28','2025-03-12 23:43:28'),(20,'MURAKAMI HIDE','2025-03-12 23:43:28','2025-03-12 23:43:28'),(21,'HEINRICH BRAND KG SCHIFFSWERFT','2025-03-12 23:43:28','2025-03-12 23:43:28'),(22,'MINAMI NIPPON SHIPBUILDING CO. LTD.','2025-03-12 23:43:28','2025-03-12 23:43:28'),(23,'Kawasaki Shipbuilding Corp','2025-03-12 23:43:28','2025-03-12 23:43:28'),(24,'KAWASAKI SHIPBUILDI','2025-03-12 23:43:28','2025-03-12 23:43:28'),(25,'SANDNESSJOEN SLIP & M.V.','2025-03-12 23:43:28','2025-03-12 23:43:28'),(26,'MISTLEY MARINE LTD','2025-03-12 23:43:28','2025-03-12 23:43:28'),(27,'HYUNDAI MIPO DOCKYARD','2025-03-12 23:43:28','2025-03-12 23:43:28'),(28,'Bethlehem Steel Corporation','2025-03-12 23:43:28','2025-03-12 23:43:28'),(29,'HAKODATE DOCK - HAKODA','2025-03-12 23:43:28','2025-03-12 23:43:28'),(30,'SCHEEPSWERF WELGELEGEN','2025-03-12 23:43:28','2025-03-12 23:43:28'),(31,'ISHIKAWAJIMA-HARAMI HEAVY INDUSTRIES CO. LTD.','2025-03-12 23:43:28','2025-03-12 23:43:28'),(32,'KURUSHIMA DOCKYARD, IMABARI','2025-03-12 23:43:28','2025-03-12 23:43:28'),(33,'RIVA SPA, SARNICO','2025-03-12 23:43:28','2025-03-12 23:43:28'),(34,'PETERS SCHIFFBAU GMBH','2025-03-12 23:43:28','2025-03-12 23:43:28'),(35,'BELMET MARINE, CAPE TOWN','2025-03-12 23:43:28','2025-03-12 23:43:28'),(36,'KRIKOR KARAGOSIAN','2025-03-12 23:43:28','2025-03-12 23:43:28'),(37,'DELTA SHIPYARDS','2025-03-12 23:43:28','2025-03-12 23:43:28'),(38,'D. SOFRAS & CO.','2025-03-12 23:43:28','2025-03-12 23:43:28'),(39,'VAN DER GIESSEN / DE NOORD B.V','2025-03-12 23:43:28','2025-03-12 23:43:28'),(40,'HANGZOU DONGFENG SHIPBUILDING','2025-03-12 23:43:28','2025-03-12 23:43:28'),(41,'FOSEN MEK VERKSTED','2025-03-12 23:43:28','2025-03-12 23:43:28'),(42,'JULIUS DIEDRICH SCHIFFSWERFT GMBH & AMP CO KG','2025-03-12 23:43:28','2025-03-12 23:43:28'),(43,'HIGAKI ZOSEN K.K., IMABARI','2025-03-12 23:43:28','2025-03-12 23:43:28'),(44,'FERRETI CRAFT S.R.L.','2025-03-12 23:43:28','2025-03-12 23:43:28'),(45,'ZHEJIANG TENGLONG SHIP','2025-03-12 23:43:28','2025-03-12 23:43:28'),(46,'DAMEN SHIPYARDS HOOGEZAND','2025-03-12 23:43:28','2025-03-12 23:43:28'),(47,'VIKING YACHT COMPANY, NEW JERSEY','2025-03-12 23:43:28','2025-03-12 23:43:28'),(48,'PYTA YACHT','2025-03-12 23:43:28','2025-03-12 23:43:28'),(49,'HERMANN SURKEN GMBH & CO KG, PAPENBURG','2025-03-12 23:43:28','2025-03-12 23:43:28'),(50,'C & G BOAT WORK INC. USA','2025-03-12 23:43:28','2025-03-12 23:43:28'),(51,'JJ SIETAS SCHIFFSWERFT','2025-03-12 23:43:28','2025-03-12 23:43:28'),(52,'BLACKFIN YACHT CORP.','2025-03-12 23:43:28','2025-03-12 23:43:28'),(53,'D.W. KREMER SOHN GMBH','2025-03-12 23:43:28','2025-03-12 23:43:28'),(54,'BERTRAM YACHT INCORPORATION','2025-03-12 23:43:28','2025-03-12 23:43:28'),(55,'WELGELEGEN HARLINGEN','2025-03-12 23:43:28','2025-03-12 23:43:28'),(56,'SANTIERUL-NAVAL','2025-03-12 23:43:28','2025-03-12 23:43:28'),(57,'BERTRAM YACHT','2025-03-12 23:43:28','2025-03-12 23:43:28'),(58,'BERTRAM YACHT INC.','2025-03-12 23:43:28','2025-03-12 23:43:28'),(59,'MIHO SHIPYARD','2025-03-12 23:43:28','2025-03-12 23:43:28'),(60,'TSUNEISHI ZHOUSHAN SHB','2025-03-12 23:43:28','2025-03-12 23:43:28'),(61,'ARMON','2025-03-12 23:43:28','2025-03-12 23:43:28'),(62,'MIHO SHIPYARD CO LTD.','2025-03-12 23:43:28','2025-03-12 23:43:28'),(63,'NICO CRAFT LLC FUJAIRAH UAE','2025-03-12 23:43:28','2025-03-12 23:43:28'),(64,'TOHOKU SHIPBUILDING CO. LTD','2025-03-12 23:43:28','2025-03-12 23:43:28'),(65,'HANJIN HEAVY INDUSTRIES CO. LTD.','2025-03-12 23:43:28','2025-03-12 23:43:28'),(66,'SHIN KURISHIMA DOCKYARD','2025-03-12 23:43:28','2025-03-12 23:43:28'),(67,'J.J SIETAS G.M G.M H&CO K.G SCHIFFSWERFT','2025-03-12 23:43:28','2025-03-12 23:43:28'),(68,'THE HAKODATE DOCK CO. LTD.','2025-03-12 23:43:28','2025-03-12 23:43:28'),(69,'CUSTOM LINE, A BUSINESS UNIT OF FERRETI S.P.A.','2025-03-12 23:43:28','2025-03-12 23:43:28'),(70,'NAIKAI ZOSEN CORP - SE','2025-03-12 23:43:28','2025-03-12 23:43:28'),(71,'IHI - TOKYO','2025-03-12 23:43:28','2025-03-12 23:43:28'),(72,'DOMINATOR S.R.L.','2025-03-12 23:43:28','2025-03-12 23:43:28'),(73,'THE HAKODATE DOCK CO. LTD','2025-03-12 23:43:28','2025-03-12 23:43:28'),(74,'Shinhama Dockyard Co. Ltd.','2025-03-12 23:43:28','2025-03-12 23:43:28'),(75,'N.V. SCHEEPSWERF GEBR VAN DE WERF, DEEST','2025-03-12 23:43:28','2025-03-12 23:43:28'),(76,'SHIPPSTODIN A/F','2025-03-12 23:43:28','2025-03-12 23:43:28'),(77,'BATAMEC SHIPYARD','2025-03-12 23:43:28','2025-03-12 23:43:28'),(78,'IMABARI SHBLDG - IMABA','2025-03-12 23:43:28','2025-03-12 23:43:28'),(79,'DAEWOO HEAVY INDUST','2025-03-12 23:43:28','2025-03-12 23:43:28'),(80,'OKA SHIPYARD','2025-03-12 23:43:28','2025-03-12 23:43:28'),(81,'ULSTEIN HATLO AS - ULSTEINVIK','2025-03-12 23:43:28','2025-03-12 23:43:28'),(82,'OKA NAVASHINSKIY SS','2025-03-12 23:43:28','2025-03-12 23:43:28'),(83,'O.T.A.M SPA','2025-03-12 23:43:28','2025-03-12 23:43:28'),(84,'HITACHI ZOSEN','2025-03-12 23:43:28','2025-03-12 23:43:28'),(85,'MITSUI TAMANO','2025-03-12 23:43:28','2025-03-12 23:43:28'),(86,'OSHIMA SHIPBUILDING CO','2025-03-12 23:43:28','2025-03-12 23:43:28'),(87,'SASEBO HEAVY INDUSTRIES CO. LTD','2025-03-12 23:43:28','2025-03-12 23:43:28'),(88,'C.N. SANTODOMINGO S.A.','2025-03-12 23:43:28','2025-03-12 23:43:28'),(89,'MITSUBISHI SHIMONOSEKI','2025-03-12 23:43:28','2025-03-12 23:43:28'),(90,'AZIMUT BENETTI SPA, LIVORNO','2025-03-12 23:43:28','2025-03-12 23:43:28'),(91,'MARATHON LE TOURNEAU OFFSHORE PTE','2025-03-12 23:43:28','2025-03-12 23:43:28'),(92,'ROWHEDGE IRONWORKSCO.LTD.','2025-03-12 23:43:28','2025-03-12 23:43:28'),(93,'DAMEN SHIPYARDS CHANGDE GORINCHEM','2025-03-12 23:43:28','2025-03-12 23:43:28'),(94,'DAMEN SHIPYARDS','2025-03-12 23:43:28','2025-03-12 23:43:28'),(95,'J.J. SIETAS KG. SCHIFFSWERFT GMBH & CO','2025-03-12 23:43:28','2025-03-12 23:43:28'),(96,'FERRETTI SPA','2025-03-12 23:43:28','2025-03-12 23:43:28'),(97,'XINGANG SHIPYARD','2025-03-12 23:43:28','2025-03-12 23:43:28'),(98,'YAMANISHI SHIPBUILD','2025-03-12 23:43:28','2025-03-12 23:43:28'),(99,'HEESEN SHIPYARDS B.V.','2025-03-12 23:43:28','2025-03-12 23:43:28'),(100,'VOLHARDING SHIPYARD BV','2025-03-12 23:43:28','2025-03-12 23:43:28'),(101,'HIGALI ZOSEN KK','2025-03-12 23:43:28','2025-03-12 23:43:28'),(102,'SALAMIS SHIPYARD','2025-03-12 23:43:28','2025-03-12 23:43:28'),(103,'CANTIERI COSTA SMERALDA','2025-03-12 23:43:28','2025-03-12 23:43:28'),(104,'SHIN KOCHI JYUKO K.K.-JAPAN','2025-03-12 23:43:28','2025-03-12 23:43:28'),(105,'KANDA SHIPBUILDING CO. LTD','2025-03-12 23:43:28','2025-03-12 23:43:28'),(106,'TIANJIN XINGANG SHIPBUILDING HEAVY INDUSTRY CO. LTD.','2025-03-12 23:43:28','2025-03-12 23:43:28'),(107,'S. MAKROGLOU Co.','2025-03-12 23:43:28','2025-03-12 23:43:28'),(108,'YONG CHOO KUI SHIPYARD SDN BHD','2025-03-12 23:43:28','2025-03-12 23:43:28'),(109,'MARATHON LE TOURNEAU CO.','2025-03-12 23:43:28','2025-03-12 23:43:28'),(110,'HASHIHAMA SHIPBUILDING LTD','2025-03-12 23:43:28','2025-03-12 23:43:28'),(111,'ZHONGHUA SHIPYARD','2025-03-12 23:43:28','2025-03-12 23:43:28'),(112,'C. AMELS N.V.','2025-03-12 23:43:28','2025-03-12 23:43:28'),(113,'LUHRING SCHIFFWERFT','2025-03-12 23:43:28','2025-03-12 23:43:28'),(114,'CHEOY LEE SHIPYARDS LIMITED','2025-03-12 23:43:28','2025-03-12 23:43:28'),(115,'KAGOSHIMA DOCK','2025-03-12 23:43:28','2025-03-12 23:43:28'),(116,'HARLAND & WOLF, BELFAST','2025-03-12 23:43:28','2025-03-12 23:43:28'),(117,'POSSIDON SHIPYARD','2025-03-12 23:43:28','2025-03-12 23:43:28'),(118,'DELTA WERF','2025-03-12 23:43:28','2025-03-12 23:43:28'),(119,'BOOGARD ENG. B.V.','2025-03-12 23:43:28','2025-03-12 23:43:28'),(120,'SUNSEEKER INTERNATIONAL LTD','2025-03-12 23:43:28','2025-03-12 23:43:28'),(121,'MIHO ZOSENSHO K.K.','2025-03-12 23:43:28','2025-03-12 23:43:28'),(122,'QINGDAO HESHUN SHIPYARD Co. LTD','2025-03-12 23:43:28','2025-03-12 23:43:28'),(123,'HOLLAND SHIPYARDS, HARDINXVELS - GIESSENDAM','2025-03-12 23:43:28','2025-03-12 23:43:28'),(124,'SHIN KURUSHIMA DOCKYARD CO. LTD HASHIHAMA SHIPYARD','2025-03-12 23:43:28','2025-03-12 23:43:28'),(125,'HOLLAND SHIPYARDS, HARDINXVELD-GIESSENDAM','2025-03-12 23:43:28','2025-03-12 23:43:28'),(126,'OIL BARGES INC., NEW IBERIA','2025-03-12 23:43:28','2025-03-12 23:43:28'),(127,'HYUNDAI SHIPBUILDING Co LTD','2025-03-12 23:43:28','2025-03-12 23:43:28'),(128,'BAGLIETTO SHIPYARDS','2025-03-12 23:43:28','2025-03-12 23:43:28'),(129,'I-MEX CO LTD','2025-03-12 23:43:28','2025-03-12 23:43:28'),(130,'TSUNEISHI SHIPBUILDING Co. LTD','2025-03-12 23:43:28','2025-03-12 23:43:28'),(131,'INTERNATIONAL SHIPYARD ANCONA','2025-03-12 23:43:28','2025-03-12 23:43:28'),(132,'MARATHON LE TOURNEAU INC','2025-03-12 23:43:28','2025-03-12 23:43:28'),(133,'MARATHON LETOURNEAU OFFSHORE PTE LTD','2025-03-12 23:43:28','2025-03-12 23:43:28'),(134,'TIARA / S-2','2025-03-12 23:43:28','2025-03-12 23:43:28'),(135,'FUJIAN SOUTHEAST SHIPYARD','2025-03-12 23:43:28','2025-03-12 23:43:28'),(136,'IMABARI SHIPBUILDING CO., LTD.','2025-03-12 23:43:28','2025-03-12 23:43:28'),(137,'ABG SHIPYARD LTD - SURAT','2025-03-12 23:43:28','2025-03-12 23:43:28'),(138,'NISHI SHIPBUILDING Co. LTD','2025-03-12 23:43:28','2025-03-12 23:43:28'),(139,'Sanlorenzo Spa','2025-03-12 23:43:28','2025-03-12 23:43:28'),(140,'AUKRA BRUK','2025-03-12 23:43:28','2025-03-12 23:43:28'),(141,'MITSUI OCEAN DEVELOPEMENT AND ENGINEERING','2025-03-12 23:43:28','2025-03-12 23:43:28'),(142,'SIMEK A/S','2025-03-12 23:43:28','2025-03-12 23:43:28'),(143,'PT. KARYASINDO SAMUDRA BIRU SHIPYARD','2025-03-12 23:43:28','2025-03-12 23:43:28'),(144,'KANAD SHP BUILDING-JAPAN','2025-03-12 23:43:28','2025-03-12 23:43:28'),(145,'GISAN SHIPYARD - ISTANBUL','2025-03-12 23:43:28','2025-03-12 23:43:28'),(146,'EQUITABLE EQUIPMENT COMPANY','2025-03-12 23:43:28','2025-03-12 23:43:28'),(147,'SHIKOKY DOCKYARD CO LTD','2025-03-12 23:43:28','2025-03-12 23:43:28'),(148,'HOLLMINGOY-RAUMA','2025-03-12 23:43:28','2025-03-12 23:43:28'),(149,'KARADENIZ GEMI INSAA VE TIC A.S.','2025-03-12 23:43:28','2025-03-12 23:43:28'),(150,'MAKRUM S.A. POMERANIA','2025-03-12 23:43:28','2025-03-12 23:43:28'),(151,'JIANGSU SENTOSA MARINE CO LTD','2025-03-12 23:43:28','2025-03-12 23:43:28'),(152,'TONGFANG JIANGXIN SHIPBUILDING CO LTD','2025-03-12 23:43:28','2025-03-12 23:43:28'),(153,'MARATHON LETOURNEAU CO.','2025-03-12 23:43:28','2025-03-12 23:43:28'),(154,'THECLA BODEWES SHIPYEARDS B.V.','2025-03-12 23:43:28','2025-03-12 23:43:28'),(155,'SUMITOMO HEAVY INDUSTRIES LTD','2025-03-12 23:43:28','2025-03-12 23:43:28'),(156,'CONYPLEX B.V.','2025-03-12 23:43:28','2025-03-12 23:43:28'),(157,'APPLEDORE SHIPBUILDERS LTD','2025-03-12 23:43:28','2025-03-12 23:43:28'),(158,'FLENSBURGER SCHIFFSS GES','2025-03-12 23:43:28','2025-03-12 23:43:28'),(159,'SPBI ZI DE L\'ERAUDIERE','2025-03-12 23:43:28','2025-03-12 23:43:28'),(160,'WUCHANG SHIPBUILDING INDUSTRY CO. LTD.','2025-03-12 23:43:28','2025-03-12 23:43:28'),(161,'CFEM OFFSHORE DUNKERQUE - DENKERQUE','2025-03-12 23:43:28','2025-03-12 23:43:28'),(162,'KANDA SHIPBUILDING CO LTD-JAPAN','2025-03-12 23:43:28','2025-03-12 23:43:28'),(163,'CHAPARRAL BOATS INC','2025-03-12 23:43:28','2025-03-12 23:43:28'),(164,'KROGERWERFT/SCHACHT-AUDORF','2025-03-12 23:43:28','2025-03-12 23:43:28'),(165,'ATEILEIRS ET CHANTIERS DE LA MANCHE','2025-03-12 23:43:28','2025-03-12 23:43:28'),(166,'ASTILLERO SANTANDER, S.A.','2025-03-12 23:43:28','2025-03-12 23:43:28'),(167,'SAINTY SHIPBUILDING YANGZHOU CORP LTD','2025-03-12 23:43:28','2025-03-12 23:43:28'),(168,'KOBE DIESEL CO LTD','2025-03-12 23:43:28','2025-03-12 23:43:28'),(169,'DAMEN SHIPYARD CHANGDE CO LTD.','2025-03-12 23:43:28','2025-03-12 23:43:28'),(170,'CANTIERE ING. MOSCHINI SPA','2025-03-12 23:43:28','2025-03-12 23:43:28'),(171,'DETIEF HEGEMANN ROLANDWERFT GMBH & CO KG','2025-03-12 23:43:28','2025-03-12 23:43:28'),(172,'PALMER JOHNSON. INC. /  NAVINCO','2025-03-12 23:43:28','2025-03-12 23:43:28'),(173,'TERME TERSANESI A.S.','2025-03-12 23:43:28','2025-03-12 23:43:28'),(174,'FAR EAST - LEVINGSTON SHIPBUILDING LTD','2025-03-12 23:43:28','2025-03-12 23:43:28'),(175,'FAST EAST - LEVINGSTONE SHIPBUILDING LTD','2025-03-12 23:43:28','2025-03-12 23:43:28'),(176,'CH.DE NORMANDIE','2025-03-12 23:43:28','2025-03-12 23:43:28'),(177,'HIGAKI ZOSEN K.K','2025-03-12 23:43:28','2025-03-12 23:43:28'),(178,'AMERICAN SHIPBUILDING CO','2025-03-12 23:43:28','2025-03-12 23:43:28'),(179,'FUGRO SEACORE LTD.','2025-03-12 23:43:28','2025-03-12 23:43:28'),(180,'YANGZHOU HAIRUN SHIPBUILDING','2025-03-12 23:43:28','2025-03-12 23:43:28'),(181,'SANFU SHIP ENGINEERING, JIANGDU CITY','2025-03-12 23:43:28','2025-03-12 23:43:28'),(182,'Guangzhou Hangtong Shipbuilding & Shpg','2025-03-12 23:43:28','2025-03-12 23:43:28'),(183,'HOLLAND SHIPYARDS B.V.- FLUSHING','2025-03-12 23:43:28','2025-03-12 23:43:28'),(184,'SAN LORENZO S.P.A.','2025-03-12 23:43:28','2025-03-12 23:43:28'),(185,'Hanjin Heavy Industries & Construction Co Ltd','2025-03-12 23:43:28','2025-03-12 23:43:28'),(186,'LURSSEN - RENDSBURG, KROGER WERFT GMBH & CO','2025-03-12 23:43:28','2025-03-12 23:43:28'),(187,'CRN SPA, CATTOLICA RN','2025-03-12 23:43:28','2025-03-12 23:43:28'),(188,'SCHEEPSWERF EN MFBK. YSSELWERF B.V. CAPELLE A/D','2025-03-12 23:43:28','2025-03-12 23:43:28'),(189,'ELEFSIS SHIPYARDS','2025-03-12 23:43:28','2025-03-12 23:43:28'),(190,'WICHMANN TYPE 6AX','2025-03-12 23:43:28','2025-03-12 23:43:28'),(191,'ZHENJANG MARINE CO. LTD','2025-03-12 23:43:28','2025-03-12 23:43:28'),(192,'HELLENIC SHIPYARDS SCARAMAGAS','2025-03-12 23:43:28','2025-03-12 23:43:28'),(193,'MAKITA CORP, JAPAN','2025-03-12 23:43:28','2025-03-12 23:43:28'),(194,'PAUL LINDENAU GmbH & Co','2025-03-12 23:43:28','2025-03-12 23:43:28'),(195,'PENGUIN SHIPYARD INTERNATIONAL PTE LTD','2025-03-12 23:43:28','2025-03-12 23:43:28'),(196,'KAWASAKI HEAVY INDUSTRIES LTDJAPAN','2025-03-12 23:43:28','2025-03-12 23:43:28'),(197,'TEKHFLOT LTD','2025-03-12 23:43:28','2025-03-12 23:43:28'),(198,'AZIMUT BENETTI','2025-03-12 23:43:28','2025-03-12 23:43:28'),(199,'ISA PRODUZIONE S.R.L.','2025-03-12 23:43:28','2025-03-12 23:43:28'),(200,'SHIN KOCHI JYUKO CO LTD','2025-03-12 23:43:28','2025-03-12 23:43:28'),(201,'MEC ENGINEERING SERVICES CO. LTD','2025-03-12 23:43:28','2025-03-12 23:43:28'),(202,'ONOMICHI DOCKYARD CO. LTD','2025-03-12 23:43:28','2025-03-12 23:43:28'),(203,'BONEWES SCHEEPSWEVEN B.V','2025-03-12 23:43:28','2025-03-12 23:43:28'),(204,'TURKIYE GEMI SANAYII A.S SHIPBUILDING','2025-03-12 23:43:28','2025-03-12 23:43:28'),(205,'BARKMEIJER STROOGOS BV','2025-03-12 23:43:28','2025-03-12 23:43:28'),(206,'CHARLES D. HOLMES CO. LTD','2025-03-12 23:43:28','2025-03-12 23:43:28'),(207,'VAAGEN VERFT ENGINEERING AS','2025-03-12 23:43:28','2025-03-12 23:43:28'),(208,'CANTIERI NAVALI BAGLIETTO SPA','2025-03-12 23:43:28','2025-03-12 23:43:28'),(209,'KANDA SHIPBUILDING CO.LT','2025-03-12 23:43:28','2025-03-12 23:43:28'),(210,'N.V. SCHEEPWERFT FERUS SMIT B.V.','2025-03-12 23:43:28','2025-03-12 23:43:28'),(211,'FIPA ITALIANA YACHTS SRL','2025-03-12 23:43:28','2025-03-12 23:43:28'),(212,'DETIEF HEGEMANN ROLANDWERFT GMBH','2025-03-12 23:43:28','2025-03-12 23:43:28'),(213,'SHIMANAMI SHIPYARD CO. LTD','2025-03-12 23:43:28','2025-03-12 23:43:28'),(214,'YARDIMCI DENIZCILIK VE TIC LTD','2025-03-12 23:43:28','2025-03-12 23:43:28'),(215,'BODEVES SHIPYARDS B.V. HOOZEZAND','2025-03-12 23:43:28','2025-03-12 23:43:28'),(216,'SASEBO HEAVY INDUSTRIES CO, LTD','2025-03-12 23:43:28','2025-03-12 23:43:28'),(217,'PICHIOTTI S.R.L.','2025-03-12 23:43:28','2025-03-12 23:43:28'),(218,'SHIN KURUSHIMA DOCKYARD LTD','2025-03-12 23:43:28','2025-03-12 23:43:28'),(219,'HAKATA SHIPBUILDING CO. LTD','2025-03-12 23:43:28','2025-03-12 23:43:28'),(220,'JIANGZHOU SHIPYARD','2025-03-12 23:43:28','2025-03-12 23:43:28'),(221,'ELEFSIS SHIP BUILDING','2025-03-12 23:43:28','2025-03-12 23:43:28'),(222,'SHIKOKU DOCKYARD CO LTD','2025-03-12 23:43:28','2025-03-12 23:43:28'),(223,'STOCZNIA REMONTOWA NAUTA - GDYNIA','2025-03-12 23:43:28','2025-03-12 23:43:28'),(224,'STOCZNIA REMONTOWA NAUTA - GNYNIA','2025-03-12 23:43:28','2025-03-12 23:43:28'),(225,'STORVIK MEK VERSTEND A/S','2025-03-12 23:43:28','2025-03-12 23:43:28'),(226,'NEORION SHIPYARDS','2025-03-12 23:43:28','2025-03-12 23:43:28'),(227,'HITACHI ZOSEN CORP.','2025-03-12 23:43:28','2025-03-12 23:43:28'),(228,'SCHEEPSWERF FERUS SMIT BV','2025-03-12 23:43:28','2025-03-12 23:43:28'),(229,'HARWAL MARINE BV','2025-03-12 23:43:28','2025-03-12 23:43:28'),(230,'BIDEFORD','2025-03-12 23:43:28','2025-03-12 23:43:28'),(231,'WESTAMARINE A/S','2025-03-12 23:43:28','2025-03-12 23:43:28'),(232,'ORAL TEKNE SAN VE TURIZM AS','2025-03-12 23:43:28','2025-03-12 23:43:28'),(233,'MAKTITA CORPORATION','2025-03-12 23:43:28','2025-03-12 23:43:28'),(234,'HAAK SHIPYARD','2025-03-12 23:43:28','2025-03-12 23:43:28'),(235,'SAHEBO HEAVY INDUSTRIES CO','2025-03-12 23:43:28','2025-03-12 23:43:28'),(236,'SEACRAFT SHIPYARD CORP.','2025-03-12 23:43:28','2025-03-12 23:43:28'),(237,'OFFSHORE RUIJTENBERG, RAAMSDONKSVEER','2025-03-12 23:43:28','2025-03-12 23:43:28'),(238,'KOMARNO SHIPYARD','2025-03-12 23:43:28','2025-03-12 23:43:28'),(239,'CONO SHIP, NETHERLANDS','2025-03-12 23:43:28','2025-03-12 23:43:28'),(240,'DRAVO SHIPBUILDING INC','2025-03-12 23:43:28','2025-03-12 23:43:28'),(241,'DAMEN SHIPBUILDING ROTTERDAM BV, NANTONG-YAHUA','2025-03-12 23:43:28','2025-03-12 23:43:28'),(242,'ZHEJIANG SHIPBUILDING CO. LTD - FENGHUA','2025-03-12 23:43:28','2025-03-12 23:43:28'),(243,'ZHEJIANG SHIPBUILDING CO. LTD.','2025-03-12 23:43:28','2025-03-12 23:43:28'),(244,'SHIN KURUSHIMA DOCKYARD','2025-03-12 23:43:28','2025-03-12 23:43:28'),(245,'CANTIERI NAVALI ANTONIO GIORGETTI, VIAREGGIO','2025-03-12 23:43:28','2025-03-12 23:43:28'),(246,'CANTIERI DI PISA SPA','2025-03-12 23:43:28','2025-03-12 23:43:28'),(247,'ZHEJIANG SHIPBUILDING CO. LTD. - NINGBO','2025-03-12 23:43:28','2025-03-12 23:43:28'),(248,'ASTILLEROS CONSTRUCTORES S.A.','2025-03-12 23:43:28','2025-03-12 23:43:28'),(249,'AZIMUT BENETTI SPA','2025-03-12 23:43:28','2025-03-12 23:43:28'),(250,'STX OFFSHORE & SHIPBUILDING COMPANY LIMITED','2025-03-12 23:43:28','2025-03-12 23:43:28'),(251,'HOLLAND','2025-03-12 23:43:28','2025-03-12 23:43:28'),(252,'KEPPEL AMFELS LLC - BROWNSVILLE','2025-03-12 23:43:28','2025-03-12 23:43:28'),(253,'SVENDBORG SKIBSVAERF A/S','2025-03-12 23:43:28','2025-03-12 23:43:28'),(254,'ASIA PACIFIC SHIPYARD PTE LTD.','2025-03-12 23:43:28','2025-03-12 23:43:28'),(255,'AKHIR 125 CANTIERI DI PISA','2025-03-12 23:43:28','2025-03-12 23:43:28'),(256,'YSSELWERF B.V.','2025-03-12 23:43:28','2025-03-12 23:43:28'),(257,'ASTILLEROS LUZURIOGAS PASAJES','2025-03-12 23:43:28','2025-03-12 23:43:28'),(258,'GISAN SHIPYARD','2025-03-12 23:43:28','2025-03-12 23:43:28'),(259,'SIETAS KG SCHIFFSWERFT GMBH & CO.','2025-03-12 23:43:28','2025-03-12 23:43:28'),(260,'GEBROEDERS POT B.V., MAASSLUIS','2025-03-12 23:43:28','2025-03-12 23:43:28'),(261,'BRATTVAAG SKIPSVERFT','2025-03-12 23:43:28','2025-03-12 23:43:28'),(262,'MIHO SOSENSHO K.K. SHIMIZU','2025-03-12 23:43:28','2025-03-12 23:43:28'),(263,'CLELANDS SHIP BUILDING CO. LTD.','2025-03-12 23:43:28','2025-03-12 23:43:28'),(264,'REFAAT MAHMOUD ATALAH SHIP YARD','2025-03-12 23:43:28','2025-03-12 23:43:28'),(265,'GRANI SHIPYARD LTD.','2025-03-12 23:43:28','2025-03-12 23:43:28'),(266,'FREDERIKSHAVN VERFT A/C','2025-03-12 23:43:28','2025-03-12 23:43:28'),(267,'TSUNEISHI SHIPBUILDING CO.','2025-03-12 23:43:28','2025-03-12 23:43:28'),(268,'CENTROMOP','2025-03-12 23:43:28','2025-03-12 23:43:28'),(269,'CANTIERE NAVALE NICOLINI','2025-03-12 23:43:28','2025-03-12 23:43:28'),(270,'CANTIERI NAVAL BAGLIETTO S.P.A.','2025-03-12 23:43:28','2025-03-12 23:43:28'),(271,'SERVICIOS INDUSTRIALES SE LA MARINA-SIMA IQUITOS','2025-03-12 23:43:28','2025-03-12 23:43:28'),(272,'SERVICIOS INDUSTRIALES DE LA MARINA-SIMA IQUITOS','2025-03-12 23:43:28','2025-03-12 23:43:28'),(273,'GALVESTON SHIPBUILDING CO.','2025-03-12 23:43:28','2025-03-12 23:43:28'),(274,'DAMEN SHIPYARDS GORINCHEM','2025-03-12 23:43:28','2025-03-12 23:43:28'),(275,'MOSCOW SHIPYARD LTD (TIMMERMAN YACHTS)','2025-03-12 23:43:28','2025-03-12 23:43:28'),(276,'NEW HELLENIC SHIPYARDS S.A.','2025-03-12 23:43:28','2025-03-12 23:43:28'),(277,'BOURGAS SHIPYARD','2025-03-12 23:43:28','2025-03-12 23:43:28'),(278,'KORONAIOS SHIPYARD','2025-03-12 23:43:28','2025-03-12 23:43:28'),(279,'OSHIMA SHIPBUILDING CO LTD','2025-03-12 23:43:28','2025-03-12 23:43:28'),(280,'ROUSSE SHIPYARD J.S.C / RUSE','2025-03-12 23:43:28','2025-03-12 23:43:28'),(281,'IWAGI ZOSEN CO LTD','2025-03-12 23:43:28','2025-03-12 23:43:28'),(282,'ANKERLOKKEN GROUP','2025-03-12 23:43:28','2025-03-12 23:43:28'),(283,'KEPPEL NANTONG SHIPYARD CO LTD','2025-03-12 23:43:28','2025-03-12 23:43:28'),(284,'SCHIFFSW. O. LURING','2025-03-12 23:43:28','2025-03-12 23:43:28'),(285,'ARMINIUS WERKE GMBH - ONEGA ARMINIUS, PETROZAVODSK','2025-03-12 23:43:28','2025-03-12 23:43:28'),(286,'BELIARD MURDOCH SHIPYARD, OSTEND','2025-03-12 23:43:28','2025-03-12 23:43:28'),(287,'YAMANISHI CORPORATION, ISHINOMAKI, JAPAN','2025-03-12 23:43:28','2025-03-12 23:43:28'),(288,'SHANGHAI QIUXIN SHIPYARD','2025-03-12 23:43:28','2025-03-12 23:43:28'),(289,'GOTAVERKEN SOLVESBORG AB','2025-03-12 23:43:28','2025-03-12 23:43:28'),(290,'JACHTWERF JAN JONGERT B.V.','2025-03-12 23:43:28','2025-03-12 23:43:28'),(291,'Hakadote Shipyard','2025-03-12 23:43:28','2025-03-12 23:43:28'),(292,'HAKODATE DOCK CO. LTD','2025-03-12 23:43:28','2025-03-12 23:43:28'),(293,'SHIN KURUSHIMA DOCKYARD CO LTD','2025-03-12 23:43:28','2025-03-12 23:43:28'),(294,'NAGASHIMA SHIPYARD','2025-03-12 23:43:28','2025-03-12 23:43:28'),(295,'KOCHI JUKO CO., LTD.','2025-03-12 23:43:28','2025-03-12 23:43:28'),(296,'CAMCRAFT','2025-03-12 23:43:28','2025-03-12 23:43:28'),(297,'SHIN KURUSHIMA DOCKYARD CO. LTD.','2025-03-12 23:43:28','2025-03-12 23:43:28'),(298,'JJ SIETAS KG. SCHIFFSWERFT GMBH & CO.','2025-03-12 23:43:28','2025-03-12 23:43:28'),(299,'CHERNOMORSKIY SUDNOBUDIVNYI ZAVOD','2025-03-12 23:43:28','2025-03-12 23:43:28'),(300,'UNION NAVAL DEL LEVANTE S.A.','2025-03-12 23:43:28','2025-03-12 23:43:28'),(301,'A.M. SHIPBUILDING','2025-03-12 23:43:28','2025-03-12 23:43:28'),(302,'SCHPSW GEBR SUURMEYER B.V FOXHOL','2025-03-12 23:43:28','2025-03-12 23:43:28'),(303,'MARATHON LETOURNEAU INC,','2025-03-12 23:43:28','2025-03-12 23:43:28'),(304,'GELIBOLU GEMI INSA KIZAKLARI','2025-03-12 23:43:28','2025-03-12 23:43:28'),(305,'NORWAY','2025-03-12 23:43:28','2025-03-12 23:43:28'),(306,'RISNES SOENNER','2025-03-12 23:43:28','2025-03-12 23:43:28'),(307,'OSHIMA SHIPBUILDING CO. LTD','2025-03-12 23:43:28','2025-03-12 23:43:28'),(308,'DAMEN HOOGEZAND, SMITH & ZOON SCHEEPSWERVEN','2025-03-12 23:43:28','2025-03-12 23:43:28'),(309,'JIANGSU WUXI SHIPPING','2025-03-12 23:43:28','2025-03-12 23:43:28'),(310,'TERAOKA','2025-03-12 23:43:28','2025-03-12 23:43:28'),(311,'HUARUN DADONG SHIPPING CO, LTD','2025-03-12 23:43:28','2025-03-12 23:43:28'),(312,'ETR SHIPYARD FOR SHIPBULDING AND REPAIR','2025-03-12 23:43:28','2025-03-12 23:43:28'),(313,'CAMCRAFT INC.','2025-03-12 23:43:28','2025-03-12 23:43:28'),(314,'B.V. FERUS SMIT SHIPBUILDING','2025-03-12 23:43:28','2025-03-12 23:43:28'),(315,'SHIPYARD OKA','2025-03-12 23:43:28','2025-03-12 23:43:28'),(316,'ORSKOV DHIPYARD LTD','2025-03-12 23:43:28','2025-03-12 23:43:28'),(317,'SOUTH PORTLAND ENGINEERING CO','2025-03-12 23:43:28','2025-03-12 23:43:28'),(318,'EURO SHIPBUILDERS AND MARINE AGENCIES B.V.','2025-03-12 23:43:28','2025-03-12 23:43:28'),(319,'KANDA SHIPHOLDING','2025-03-12 23:43:28','2025-03-12 23:43:28'),(320,'PT KIAN GUAN SAKTI SHIPYARD - BATAM','2025-03-12 23:43:28','2025-03-12 23:43:28'),(321,'HIGAKI SHIPBUILDING CO LTD','2025-03-12 23:43:28','2025-03-12 23:43:28'),(322,'TITAN QUANZHOU SHIPYARD LTD','2025-03-12 23:43:28','2025-03-12 23:43:28'),(323,'MILAD ABOU RJEILY','2025-03-12 23:43:28','2025-03-12 23:43:28'),(324,'BULSMA SHIPYARD','2025-03-12 23:43:28','2025-03-12 23:43:28'),(325,'KOCHI JYUKO CO.','2025-03-12 23:43:28','2025-03-12 23:43:28'),(326,'CHERMONORSK SHIPYARD','2025-03-12 23:43:28','2025-03-12 23:43:28'),(327,'PAN UNITED SHIPYARD PTE.LTD','2025-03-12 23:43:28','2025-03-12 23:43:28'),(328,'ShinA Shipbuilding Co Ltd','2025-03-12 23:43:28','2025-03-12 23:43:28'),(329,'DAEONG SHIPYARD CHINEHEA','2025-03-12 23:43:28','2025-03-12 23:43:28'),(330,'VOLGOGRADSKI SUDOSTROITELNY ZAVOD OAO','2025-03-12 23:43:28','2025-03-12 23:43:28'),(331,'CHERNOMORSKY SHIPYARD','2025-03-12 23:43:28','2025-03-12 23:43:28'),(332,'YACHT INDUSTRIES','2025-03-12 23:43:28','2025-03-12 23:43:28'),(333,'SAMSUNG HEAVY INDUSTRIES','2025-03-12 23:43:28','2025-03-12 23:43:28'),(334,'SHIN KOCHI JYUKO CO. LTD','2025-03-12 23:43:28','2025-03-12 23:43:28'),(335,'U.I.E. SHIPBUILDING LTD','2025-03-12 23:43:28','2025-03-12 23:43:28'),(336,'HAKATA SHIPBULDING CO. LTD','2025-03-12 23:43:28','2025-03-12 23:43:28'),(337,'CONSTR. RIPARAZIONI NAVALI SRL','2025-03-12 23:43:28','2025-03-12 23:43:28'),(338,'TIANJIN SHIPBUILDING CORP. XINHE SHIPYARD','2025-03-12 23:43:28','2025-03-12 23:43:28'),(339,'MITSUI ENG. & SB (TAMANO WORKS)','2025-03-12 23:43:29','2025-03-12 23:43:29'),(340,'J.J. SIETAS SHIPBUILDING GMBH & COMPANY KG','2025-03-12 23:43:29','2025-03-12 23:43:29'),(341,'IMABARI SHIPBUILDING CO. LTD','2025-03-12 23:43:29','2025-03-12 23:43:29'),(342,'KLEVEN, ULSTEINVIK','2025-03-12 23:43:29','2025-03-12 23:43:29'),(343,'YSSELWERF B.V','2025-03-12 23:43:29','2025-03-12 23:43:29'),(344,'APPLEDORE SHIPBUILDERS LTD.','2025-03-12 23:43:29','2025-03-12 23:43:29'),(345,'MINAMINIPPON SHIPBULDING CO. LTD','2025-03-12 23:43:29','2025-03-12 23:43:29'),(346,'Brattvag Skipsverft AS','2025-03-12 23:43:29','2025-03-12 23:43:29'),(347,'STOCZNIA POLNOCNA S.A., GDANSK','2025-03-12 23:43:29','2025-03-12 23:43:29'),(348,'FR. LURSSEN WERFT GMBH & COMPANY KG','2025-03-12 23:43:29','2025-03-12 23:43:29'),(349,'MIHO SHIPBUILDING COMPANY LIMITED','2025-03-12 23:43:29','2025-03-12 23:43:29'),(350,'DAMEN SHIPYARD','2025-03-12 23:43:29','2025-03-12 23:43:29'),(351,'PORT & SHIPYARD ENGINEERING','2025-03-12 23:43:29','2025-03-12 23:43:29'),(352,'SANYO SHIPBULDING','2025-03-12 23:43:29','2025-03-12 23:43:29'),(353,'NV. SCHEEPSWERF HOOGEZAND','2025-03-12 23:43:29','2025-03-12 23:43:29'),(354,'B.V.SCHEEPSWERF DAMEN BERGUM','2025-03-12 23:43:29','2025-03-12 23:43:29'),(355,'Nantong Changingsha Shipyard','2025-03-12 23:43:29','2025-03-12 23:43:29'),(356,'WENLING XING YUAN DOCKYARD CO LTD','2025-03-12 23:43:29','2025-03-12 23:43:29'),(357,'HOANG VINH JOINT STOCK COMPANY','2025-03-12 23:43:29','2025-03-12 23:43:29'),(358,'ARCHIRODON CONSTRUCTION (OVERSEAS) CO.S.A.','2025-03-12 23:43:29','2025-03-12 23:43:29'),(359,'STORVIK MEK. VERKSTED A/S','2025-03-12 23:43:29','2025-03-12 23:43:29'),(360,'WADAN YARDS WARNOW GMBH','2025-03-12 23:43:29','2025-03-12 23:43:29'),(361,'KANREI SHIPBUILDING','2025-03-12 23:43:29','2025-03-12 23:43:29'),(362,'IHI AMTEC CO LTD','2025-03-12 23:43:29','2025-03-12 23:43:29'),(363,'SAN LORENZO S.P.A','2025-03-12 23:43:29','2025-03-12 23:43:29'),(364,'PETERS WERFT WEWELSFLEFT','2025-03-12 23:43:29','2025-03-12 23:43:29'),(365,'Nantong Changqingsha Shipyard','2025-03-12 23:43:29','2025-03-12 23:43:29'),(366,'SHIN KOCHIJYUKO CO., LTD','2025-03-12 23:43:29','2025-03-12 23:43:29'),(367,'BIJLHOLT SCHEEPSW-FOXHOL','2025-03-12 23:43:29','2025-03-12 23:43:29'),(368,'PALMER JOHNSON','2025-03-12 23:43:29','2025-03-12 23:43:29'),(369,'PENGUIN SHIPYARD INTERNATIONAL','2025-03-12 23:43:29','2025-03-12 23:43:29'),(370,'SHIDODA DOCKYARD CO. LTD','2025-03-12 23:43:29','2025-03-12 23:43:29'),(371,'KITANIHON SHIPBUILDING CO. LTD.','2025-03-12 23:43:29','2025-03-12 23:43:29'),(372,'PETROVSKAYA','2025-03-12 23:43:29','2025-03-12 23:43:29'),(373,'DAMEN SHIPYARDS GALATZ S.A.','2025-03-12 23:43:29','2025-03-12 23:43:29'),(374,'SHIMANANI SHIPYARD CO LTD','2025-03-12 23:43:29','2025-03-12 23:43:29'),(375,'KROGEN WERFT GMBH & CO','2025-03-12 23:43:29','2025-03-12 23:43:29'),(376,'TAIZHOU QING TAI SHIPBUILDING CO.','2025-03-12 23:43:29','2025-03-12 23:43:29'),(377,'BANG IH JIN ENGINEERING & SHIP BUILDING CO. LTD.','2025-03-12 23:43:29','2025-03-12 23:43:29'),(378,'HOWALDTSWERKE DEUTSCHE WERFT AG','2025-03-12 23:43:29','2025-03-12 23:43:29'),(379,'SLIPEN MEKANISKE VERKSTED A/S','2025-03-12 23:43:29','2025-03-12 23:43:29'),(380,'BABCOCK MARINE','2025-03-12 23:43:29','2025-03-12 23:43:29'),(381,'SHIKOKU DOCKYARD COMPANY LIMITED','2025-03-12 23:43:29','2025-03-12 23:43:29'),(382,'SHIN KURUSHIMA DOCKYARD CO. LTD','2025-03-12 23:43:29','2025-03-12 23:43:29'),(383,'SENSATION YACHTS LTD.','2025-03-12 23:43:29','2025-03-12 23:43:29'),(384,'SCH. HOOGEZAND','2025-03-12 23:43:29','2025-03-12 23:43:29'),(385,'REEDEREI ERWIN STRAHLMANN E.K.-BRUNSBUTTEL','2025-03-12 23:43:29','2025-03-12 23:43:29'),(386,'STOCZINA SZCZECINSKA S.A','2025-03-12 23:43:29','2025-03-12 23:43:29'),(387,'NISHI SHIPBUILDING CO. LTD.','2025-03-12 23:43:29','2025-03-12 23:43:29'),(388,'GOUMAS SHIPYARDS','2025-03-12 23:43:29','2025-03-12 23:43:29'),(389,'ZHE JIANG YONGFA SHIPYARD','2025-03-12 23:43:29','2025-03-12 23:43:29'),(390,'STX OFFSHORE & SHIPBUILDING','2025-03-12 23:43:29','2025-03-12 23:43:29'),(391,'MOSCOW SHIPYARD','2025-03-12 23:43:29','2025-03-12 23:43:29'),(392,'MARINE INDUSTRIAL TECHNOLOGIES LTD','2025-03-12 23:43:29','2025-03-12 23:43:29'),(393,'HYUNDAI HEAVY INDUSTRY COMPANY LTD','2025-03-12 23:43:29','2025-03-12 23:43:29'),(394,'BRODOSPLIT','2025-03-12 23:43:29','2025-03-12 23:43:29'),(395,'TAIZHOU HONGGUAN SHIP BUILDING COMPANY SHAOJIADU BRANCH','2025-03-12 23:43:29','2025-03-12 23:43:29'),(396,'MURAKAMI HIDE SHIPBUILDING COMPANY','2025-03-12 23:43:29','2025-03-12 23:43:29'),(397,'LINHAI JIANGHAI','2025-03-12 23:43:29','2025-03-12 23:43:29'),(398,'J.J. SIETAS KG SCHIFFSWERFT GMBH & Co.','2025-03-12 23:43:29','2025-03-12 23:43:29'),(399,'NAIKAI ZOSEN CORPORATION SETODA SHIPYARD','2025-03-12 23:43:29','2025-03-12 23:43:29'),(400,'FREDRIKSTAD-MEK. VERKSTED','2025-03-12 23:43:29','2025-03-12 23:43:29'),(401,'NAN.JING CHANG.TANKER CO. LTD','2025-03-12 23:43:29','2025-03-12 23:43:29'),(402,'PETERS WEWELSFLETH PETERS, SCHIFFSWERFT','2025-03-12 23:43:29','2025-03-12 23:43:29'),(403,'TAIZHOU KOU AN SHIPPING CO., LTD','2025-03-12 23:43:29','2025-03-12 23:43:29'),(404,'RIVA','2025-03-12 23:43:29','2025-03-12 23:43:29'),(405,'TAIZHOU TAIDONG SHIPBUILDING CO., LTD.','2025-03-12 23:43:29','2025-03-12 23:43:29'),(406,'NORDSOVAERFTET A/S','2025-03-12 23:43:29','2025-03-12 23:43:29'),(407,'KANDA SHIPBUILDING CO LTD','2025-03-12 23:43:29','2025-03-12 23:43:29'),(408,'SLOVENSKE LODENICE A. S - KOMARNO','2025-03-12 23:43:29','2025-03-12 23:43:29'),(409,'KANDA SHIPBULIDING CO LTD, KURE','2025-03-12 23:43:29','2025-03-12 23:43:29'),(410,'ZHEJIANG SHIPYARD','2025-03-12 23:43:29','2025-03-12 23:43:29'),(411,'KEGOYA DOCK K.K., KURE','2025-03-12 23:43:29','2025-03-12 23:43:29'),(412,'STOCZNIA MARYNARKI WOJENNEJ SA','2025-03-12 23:43:29','2025-03-12 23:43:29'),(413,'BRODOSPLIT, YUGOSLAVIA','2025-03-12 23:43:29','2025-03-12 23:43:29'),(414,'CANTIERI NAVALI M & B BENETTI','2025-03-12 23:43:29','2025-03-12 23:43:29'),(415,'ESTALEIROS NAVAIS DE VIANA DO CASTELO S.A.','2025-03-12 23:43:29','2025-03-12 23:43:29'),(416,'HYUNDAI HEAVY INDUSTRIES','2025-03-12 23:43:29','2025-03-12 23:43:29'),(417,'DROBETA TURIN SEVERIN','2025-03-12 23:43:29','2025-03-12 23:43:29'),(418,'SEMKE O.E.','2025-03-12 23:43:29','2025-03-12 23:43:29'),(419,'K.K. UWAJIMA, ZOSENSHO, UWAJIMA','2025-03-12 23:43:29','2025-03-12 23:43:29'),(420,'ZHEJIANG HONGXIN SHIPBUILDING CO LTD','2025-03-12 23:43:29','2025-03-12 23:43:29'),(421,'ROYAL BODEWES B.V.','2025-03-12 23:43:29','2025-03-12 23:43:29'),(422,'ATLANTIC MARINE FLORIDA, LLC','2025-03-12 23:43:29','2025-03-12 23:43:29'),(423,'HAI DONG SHIPYARD','2025-03-12 23:43:29','2025-03-12 23:43:29'),(424,'BATSERVICE VERFT AS, MANDAL','2025-03-12 23:43:29','2025-03-12 23:43:29'),(425,'RICHARD DUNSTON (HESSLE) LTD.','2025-03-12 23:43:29','2025-03-12 23:43:29'),(426,'FUJIAN TAIHE SHIPBUILDING CO LTD','2025-03-12 23:43:29','2025-03-12 23:43:29'),(427,'B.V. SCHEEPSWERF DE BIESBOSCH - DORDECHT','2025-03-12 23:43:29','2025-03-12 23:43:29'),(428,'SCHEEPSWERF FERUS SMIT B.V.','2025-03-12 23:43:29','2025-03-12 23:43:29'),(429,'EUROPEAN ECONOMIC COMMUNIT','2025-03-12 23:43:29','2025-03-12 23:43:29'),(430,'NANJING YONGHUA SHIPBUILDING CO','2025-03-12 23:43:29','2025-03-12 23:43:29'),(431,'TAIZHOU HONGTAI SHIPPING INDUSTRY CO., LTD','2025-03-12 23:43:29','2025-03-12 23:43:29'),(432,'DAMEN SONG CAM SHIPYARD','2025-03-12 23:43:29','2025-03-12 23:43:29'),(433,'TAIZHOU ZHONGYUAN SHIPYARD','2025-03-12 23:43:29','2025-03-12 23:43:29'),(434,'NEW CENTURY SHIPBUILDING CO.','2025-03-12 23:43:29','2025-03-12 23:43:29'),(435,'TSUJI HEAVY INDUSTRIES (JIANGSU) CO LTD','2025-03-12 23:43:29','2025-03-12 23:43:29'),(436,'BALTIJA SHIPBUILDING YARD','2025-03-12 23:43:29','2025-03-12 23:43:29'),(437,'MITSUBISHI HEAVY INDUSTRIES','2025-03-12 23:43:29','2025-03-12 23:43:29'),(438,'SAIGON SHIPYARD CO. LTD - HO CHI MINH','2025-03-12 23:43:29','2025-03-12 23:43:29'),(439,'KEGOYA DOCK CO. LTD.','2025-03-12 23:43:29','2025-03-12 23:43:29'),(440,'SUNSEEKER INTERNATIONAL LIMITED','2025-03-12 23:43:29','2025-03-12 23:43:29'),(441,'SHIN KURUSHIMA DOCKYARD CO., LTD','2025-03-12 23:43:29','2025-03-12 23:43:29'),(442,'B.V. SCHEEPSWERF J&S','2025-03-12 23:43:29','2025-03-12 23:43:29'),(443,'THE WELLMAN ENGINEERING CO.','2025-03-12 23:43:29','2025-03-12 23:43:29'),(444,'STX SHIPBUILDING CO., LTD.','2025-03-12 23:43:29','2025-03-12 23:43:29'),(445,'PIRLANT SHIPYARD','2025-03-12 23:43:29','2025-03-12 23:43:29'),(446,'THE HAKODATE DOCK CO LTD','2025-03-12 23:43:29','2025-03-12 23:43:29'),(447,'PT TITIAN KALTIM CO. LTD.','2025-03-12 23:43:29','2025-03-12 23:43:29'),(448,'CSSC QINGDAO BEIHAI SHIPBUILDING CO LTD','2025-03-12 23:43:29','2025-03-12 23:43:29'),(449,'SKALA SKIPASMIDJAN - TORSHAVN','2025-03-12 23:43:29','2025-03-12 23:43:29'),(450,'TAIZHOU HONGTAI SHIPPING INDUSTRY CO. LTD','2025-03-12 23:43:29','2025-03-12 23:43:29'),(451,'SHIN KOCHI JYUKO K.K. - KOCHI','2025-03-12 23:43:29','2025-03-12 23:43:29'),(452,'CHERNOMORSKIY SHIPBUILDING YARD','2025-03-12 23:43:29','2025-03-12 23:43:29'),(453,'ASTILLEROS VIGO','2025-03-12 23:43:29','2025-03-12 23:43:29'),(454,'NINGO BEILUN LANTIAN SHIPBUILDING CO. LTD','2025-03-12 23:43:29','2025-03-12 23:43:29'),(455,'QINGDAO SHIPYARD, QINGDAO','2025-03-12 23:43:29','2025-03-12 23:43:29'),(456,'BEYKOZ SHIPYARD','2025-03-12 23:43:29','2025-03-12 23:43:29'),(457,'KOBENHAVN SELBY','2025-03-12 23:43:29','2025-03-12 23:43:29'),(458,'CANTIERE NAVALE G. TOFFOLO S.P.A','2025-03-12 23:43:29','2025-03-12 23:43:29'),(459,'I-S SHIPYARD CO LTD','2025-03-12 23:43:29','2025-03-12 23:43:29'),(460,'NKK CORPORATION, TSU WORKS','2025-03-12 23:43:29','2025-03-12 23:43:29'),(461,'DALIAN SHIPBUILDING INDUSTRY CO. LTD.','2025-03-12 23:43:29','2025-03-12 23:43:29'),(462,'KANDA SHIPBUILDING K.K.','2025-03-12 23:43:29','2025-03-12 23:43:29'),(463,'Szczecinska Stocznia Remontowa \'Gryfia\' SA','2025-03-12 23:43:29','2025-03-12 23:43:29'),(464,'DAMEN SHIPYARDS, GORINCHEM','2025-03-12 23:43:29','2025-03-12 23:43:29'),(465,'SAMJIN WEIHAI - WEIHAI','2025-03-12 23:43:29','2025-03-12 23:43:29'),(466,'LAMDA SHIPYARDS','2025-05-12 12:00:54','2025-05-12 12:00:54'),(467,'HELLENIC SHIPYARDS S.A. SKARAMAGAS','2025-05-12 12:00:54','2025-05-12 12:00:54'),(468,'SAIKI HEAVY INDUSTRIES CO.,  LTD','2025-05-12 12:00:54','2025-05-12 12:00:54'),(469,'CHERNOMORSKY SHIPBUILDING YARD','2025-05-12 12:00:55','2025-05-12 12:00:55'),(470,'LENINA STOCZNIA GDANSKA','2025-05-12 12:00:55','2025-05-12 12:00:55'),(471,'LOYD TERSANECILIK','2025-05-12 12:00:55','2025-05-12 12:00:55'),(472,'YVC YSSELWERF B.V.','2025-05-12 12:00:55','2025-05-12 12:00:55'),(473,'THE HAKODATE DOCK CO., LTD','2025-05-12 12:00:55','2025-05-12 12:00:55'),(474,'BUSUM-GERMANY','2025-05-12 12:00:56','2025-05-12 12:00:56'),(475,'CANTIERI NAVALI FERRARI SPA','2025-05-12 12:00:56','2025-05-12 12:00:56'),(476,'CANTIERI SAN LORENZO S.P.A','2025-05-12 12:00:56','2025-05-12 12:00:56'),(477,'DALIAN SHIPBUILDING INDUSTRY CO','2025-05-12 12:00:56','2025-05-12 12:00:56'),(478,'INGALL\'S SHIPBUILDING','2025-05-12 12:00:56','2025-05-12 12:00:56'),(479,'CHERNOMORSK SHIPYARD','2025-05-12 12:00:56','2025-05-12 12:00:56'),(480,'MITSUI ENGINEERING & SHIPBUILDING CO LTD','2025-05-12 12:00:56','2025-05-12 12:00:56'),(481,'SAMSUNG HEAVY INDUSTRIES CO','2025-05-12 12:00:56','2025-05-12 12:00:56'),(482,'SHIN KURUSHIMA CO LTD','2025-05-12 12:00:56','2025-05-12 12:00:56'),(483,'HUDONG ZHONGHUA SHIPBUILDING (GROUP) Co.','2025-05-12 12:00:56','2025-05-12 12:00:56'),(484,'AZUMI KENSETSU K.K.','2025-05-12 12:00:56','2025-05-12 12:00:56'),(485,'ONOMICHI DOCKYARD CO., LTD.','2025-05-12 12:00:56','2025-05-12 12:00:56');

--
